NOAA-style Climate Reports

Select a Year or Month report

Report for 2017 Jan
                   MONTHLY CLIMATOLOGICAL SUMMARY for JAN. 2017

NAME: Poggio alle Forche   CITY: Pomarance   STATE: Italia 
ELEV:   380 m  LAT: 43.3071 N  LONG: 10.8692 E

                   TEMPERATURE (C), RAIN  (mm), WIND SPEED (km/hr)

                                      HEAT  COOL        AVG
    MEAN                              DEG   DEG         WIND                 DOM
DAY TEMP  HIGH   TIME   LOW    TIME   DAYS  DAYS  RAIN  SPEED HIGH   TIME    DIR
------------------------------------------------------------------------------------
 1   8.3  10.3   11:00   6.6    8:30  10.0   0.0   0.0   8.4  38.6   23:30    SW
 2   8.7  10.4   14:30   7.6    5:30   9.6   0.0   7.4  23.3  56.3   12:00    SW
 3   6.2   9.4    5:00   2.6   00:00  12.1   0.0  30.0  10.0  46.7    6:30    NE
 4   5.7   8.3   18:00   1.5    3:00  12.6   0.0   0.0  11.1  35.4   16:30     W
 5   4.3   7.6    0:30   0.8   00:00  13.9   0.0   0.0  11.3  59.5   14:00    NE
 6  -0.9   0.8   13:30  -2.8   00:00  19.2   0.0   0.0   8.5  37.0   11:30    NE
 7  -2.1   0.8   15:30  -5.1    8:00  20.4   0.0   0.0   9.8  29.0   20:00   ESE
 8  -0.6   1.1   18:00  -2.2    5:00  18.9   0.0   0.0  13.2  37.0   21:30   ESE
 9   2.8   6.7   16:30  -1.3    0:30  15.4   0.0   0.0   9.0  27.4    6:00    SE
10   1.5   4.1    2:30  -2.9   00:00  16.8   0.0   0.0  11.4  38.6   13:00     E
11  -0.2   4.4   16:30  -4.4    5:00  18.5   0.0   0.0   9.5  37.0   23:30     E
12   6.6  10.2   00:00   2.8    0:30  11.8   0.0   0.0  10.3  48.3   22:30    SW
13   7.9  11.4    8:30   1.9   17:00  10.4   0.0   1.4  32.0  99.8   14:30     W
14   5.4   8.9   16:30   2.3   00:00  12.8   0.0   0.0   9.7  43.5    0:30    NW
15   2.4   4.2   14:30   1.4    8:30  15.8   0.0   0.0  12.1  45.1   19:00    NE
16   1.0   2.6   12:30  -0.3   22:30  17.3   0.0   0.0  15.0  61.2   00:00    NE
17   0.6   1.6   23:00  -0.4    5:00  17.7   0.0   0.2  24.6  64.4   14:30    NE
18   1.5   2.6   15:30   0.6    6:00  16.8   0.0   1.6  23.8  78.9    1:00    NE
19   1.9   4.8   14:00   0.3   21:30  16.4   0.0   0.0  14.0  46.7    3:30    NE
20   2.4   7.8   15:00  -0.4    7:30  15.8   0.0   0.0   8.4  25.7   12:00     E
21   2.8   8.1   14:30  -1.0    4:00  15.5   0.0   0.0   8.9  33.8   11:30     E
22   4.4   8.2   16:00   1.4    0:30  13.9   0.0   0.0   9.0  27.4    8:00     E
23   6.2  11.2   14:30   3.4    8:00  12.1   0.0   0.0   6.6  25.7   16:30     E
24   7.5  12.3   14:30   4.6    2:00  10.8   0.0   0.0   6.3  24.1   12:30     E
25   6.5  10.9   15:00   3.0   00:00  11.8   0.0   0.0   9.3  29.0    3:00     E
26   5.8  11.1   15:00   1.5    5:30  12.5   0.0   0.0  13.0  30.6    6:30   ESE
27   6.9  11.0   14:30   3.4    7:00  11.3   0.0   0.0  11.9  33.8    3:30   ESE
28   7.2  10.8   14:30   3.7    5:00  11.1   0.0   0.0  13.8  43.5    7:00   ESE
29   8.9  13.1   14:30   4.9    7:30   9.4   0.0   0.0  10.1  27.4   17:30     W
30   8.6  10.8   13:00   7.6   17:00   9.8   0.0   2.8   8.5  33.8   16:00     W
31   9.3  10.2   16:00   7.9    4:00   9.0   0.0   0.0  17.5  54.7   16:00   SSW
-------------------------------------------------------------------------------------
     4.4  13.1    29    -5.1     7   429.6   0.0  43.4  12.6  99.8    13      NE

Max >=  32.0:  0
Max <=   0.0:  0
Min <=   0.0: 10
Min <= -18.0:  0
Max Rain: 30.00 ON 03/01/17
Days of Rain: 6 (> .2 mm) 3 (> 2 mm) 1 (> 20 mm)
Heat Base:  18.3  Cool Base:  18.3  Method: Integration