NOAA-style Climate Reports

Select a Year or Month report
V/Λ2019 > Jan Feb Mar Apr May Jun Jul Aug Sep Oct Nov Dec
V/Λ2018 > Jan Feb Mar Apr May Jun Jul Aug Sep Oct Nov Dec
V/Λ2017 > Jan Feb Mar Apr May Jun Jul Aug Sep Oct Nov Dec
V/Λ2016 > Jan Feb Mar Apr May Jun Jul Aug Sep Oct Nov Dec

Report for 2017 Feb
                   MONTHLY CLIMATOLOGICAL SUMMARY for FEB. 2017

NAME: Poggio alle Forche   CITY: Pomarance   STATE: Italia 
ELEV:   380 m  LAT: 43.3071 N  LONG: 10.8692 E

                   TEMPERATURE (C), RAIN  (mm), WIND SPEED (km/hr)

                                      HEAT  COOL        AVG
    MEAN                              DEG   DEG         WIND                 DOM
DAY TEMP  HIGH   TIME   LOW    TIME   DAYS  DAYS  RAIN  SPEED HIGH   TIME    DIR
------------------------------------------------------------------------------------
 1  10.9  13.2   15:00   9.4    5:00   7.4   0.0   0.0  16.3  49.9   11:30    SW
 2  11.4  12.4   14:30  10.8    2:00   6.9   0.0   0.0  16.7  46.7   11:30   SSE
 3  11.4  12.7   14:00   9.2   00:00   6.9   0.0   1.4  20.9  77.2   00:00   SSW
 4   9.9  11.6   17:00   8.2    4:00   8.3   0.0   9.2  23.5  72.4    0:30     W
 5  10.1  12.1   14:30   7.6   00:00   8.2   0.0  14.6  19.6 135.2   19:30   SSW
 6   6.9   8.2   16:00   5.6   10:00  11.4   0.0   2.4   8.4  45.1   23:00    NE
 7   8.1  11.8   14:30   5.8    7:30  10.2   0.0   0.0   9.8  41.8    6:00    NE
 8   6.7   9.1   14:30   4.5   23:30  11.6   0.0   0.0  11.1  35.4    8:00   ESE
 9   5.0   7.6   15:30   3.7    7:30  13.3   0.0   0.0   8.7  27.4    9:00    NE
10   6.2   9.8   15:30   3.0    8:00  12.1   0.0   0.0   7.6  27.4   18:30     E
11   8.2  12.2   13:30   4.0    7:00  10.1   0.0   0.0  10.9  32.2    9:30   ESE
12  10.2  13.8   13:30   7.3    8:30   8.1   0.0   0.0  14.3  33.8    9:00   ESE
13  10.1  13.2   12:30   7.1   00:00   8.2   0.0   0.0  10.5  37.0    7:00   ESE
14   8.4  12.8   15:30   3.8    6:30   9.8   0.0   0.0  12.1  37.0    1:30   ESE
15   9.2  13.8   15:30   5.2    6:00   9.1   0.0   0.0  11.6  27.4    1:00    SE
16   9.3  12.4   14:00   7.4    6:30   9.0   0.0   0.0   9.0  37.0   15:00     W
17   9.6  11.6   15:30   8.2    5:30   8.8   0.0   0.0  17.4  41.8    8:00   WSW
18   8.3  12.0   15:30   5.3   00:00  10.0   0.0  16.2   8.2  33.8    1:00     E
19   8.1  12.2   14:30   5.2    7:30  10.2   0.0   0.0   9.0  27.4   16:00   ESE
20   8.4  11.5   16:00   6.2    8:30   9.9   0.0   0.6   8.2  22.5    2:30     W
21   8.8  11.1   16:30   7.3    6:00   9.4   0.0   0.0  10.0  25.7   12:30     W
22   9.1  12.0   14:00   6.9    9:00   9.2   0.0   0.0   8.0  40.2   14:00   ESE
23  10.5  13.4   16:00   9.2    7:00   7.8   0.0   0.0  14.8  59.5   22:30   SSW
24  10.8  11.8   16:30   9.4   00:00   7.5   0.0  20.8  19.5  67.6    5:00   SSW
25   6.8   9.9   14:30   3.9    7:00  11.5   0.0   5.2  13.7  45.1    2:00    NE
26   8.4  13.8   14:30   4.8    6:00   9.9   0.0   0.0   8.2  30.6    1:00     E
27   9.3  12.0   14:30   7.4    7:00   8.9   0.0   0.0  10.0  37.0   15:30   WNW
28  10.3  11.8   13:00   8.3    0:30   8.0   0.0   7.6  30.7  80.5   18:30   SSW
-------------------------------------------------------------------------------------
     8.9  13.8    15     3.0    10   261.9   0.0  78.0  13.2 135.2     5     ESE

Max >=  32.0:  0
Max <=   0.0:  0
Min <=   0.0:  0
Min <= -18.0:  0
Max Rain: 20.80 ON 24/02/17
Days of Rain: 9 (> .2 mm) 7 (> 2 mm) 1 (> 20 mm)
Heat Base:  18.3  Cool Base:  18.3  Method: Integration