NOAA-style Climate Reports

Select a Year or Month report

Report for 2017 Mar
                   MONTHLY CLIMATOLOGICAL SUMMARY for MAR. 2017

NAME: Poggio alle Forche   CITY: Pomarance   STATE: Italia 
ELEV:   380 m  LAT: 43.3071 N  LONG: 10.8692 E

                   TEMPERATURE (C), RAIN  (mm), WIND SPEED (km/hr)

                                      HEAT  COOL        AVG
    MEAN                              DEG   DEG         WIND                 DOM
DAY TEMP  HIGH   TIME   LOW    TIME   DAYS  DAYS  RAIN  SPEED HIGH   TIME    DIR
------------------------------------------------------------------------------------
 1   9.1  11.3   15:00   7.7    5:00   9.2   0.0   2.4  31.1  83.7    3:00     W
 2  10.9  13.4   13:00   7.9    8:00   7.4   0.0   0.0   8.5  41.8    1:00     W
 3  11.1  13.3   15:30   9.3    4:30   7.3   0.0   0.0   5.0  30.6   23:30     W
 4   9.8  12.6   12:30   7.3   21:00   8.5   0.0   2.4  24.6  93.3   15:30   ESE
 5   7.9  10.0   16:00   5.5   10:00  10.4   0.0  12.0  20.9  61.2   16:00     W
 6   9.8  11.1   10:00   7.4   00:00   8.5   0.0  13.8  32.2  90.1   20:30     W
 7  10.1  13.8   15:00   6.8    7:00   8.2   0.0   0.0   9.7  35.4   13:00    NE
 8  10.1  14.1   16:00   6.9    7:00   8.2   0.0   0.0  10.6  38.6   13:00   NNE
 9  11.2  16.9   14:00   8.2    4:00   7.1   0.0   0.0   7.4  30.6   15:30   ESE
10  13.6  18.2   14:00   9.0    6:30   4.7   0.0   0.0   8.4  46.7   13:30    NE
11  10.6  15.4   15:30   6.2    4:00   7.7   0.0   0.0   8.5  30.6    2:00    NE
12  10.2  14.2   15:00   8.0   23:00   8.1   0.0   0.0  14.0  37.0    4:30    SE
13  10.3  15.4   16:00   4.7    6:30   8.0   0.0   0.0  10.0  30.6   12:00   ESE
14  11.8  17.9   16:30   6.6    2:30   6.5   0.0   0.0   7.7  25.7   18:30   ESE
15  14.1  19.2   15:30  10.1    7:00   4.3   0.0   0.0   8.4  30.6   19:30   ESE
16  13.2  19.1   14:30   9.9    1:00   5.1   0.0   0.0  14.0  33.8   10:00     W
17  11.3  15.1   13:00   8.4    7:00   7.0   0.0   0.0  15.8  46.7   14:00     W
18  11.8  16.7   14:00   8.8    7:00   6.5   0.0   0.0  10.3  38.6   15:00    SE
19  12.3  17.9   15:00   8.3    3:30   6.0   0.0   0.0   9.2  27.4    3:00     W
20  12.3  14.5   12:00  11.2    1:00   6.0   0.0   0.0   7.2  25.7   14:30   WSW
21  12.7  16.4   15:00  11.0    2:00   5.6   0.0   0.0   7.9  29.0   18:00     W
22  12.1  15.7   15:30  10.4    6:00   6.2   0.0   0.0   8.9  30.6   17:30     W
23  12.2  14.3   15:30  10.2   23:30   6.1   0.0   0.0  13.4  43.5   12:30    SE
24  14.0  20.3   14:00  10.2    2:30   4.4   0.1   0.0   9.8  38.6    8:30   ESE
25  13.8  19.9   13:30   7.3   00:00   4.6   0.1   7.8  15.1  54.7   19:00   ESE
26   9.2  12.6   15:00   6.7    3:30   8.7   0.0   0.4  12.9  54.7   13:30     W
27   8.8  12.9   15:30   5.4    7:30   9.5   0.0   0.0  11.4  45.1   19:00    NE
28  10.7  18.2   17:00   5.8    2:30   7.6   0.0   0.0   7.9  29.0   11:30    NE
29  13.3  20.5   15:30   8.9    7:30   5.2   0.2   0.0   6.9  29.0   17:00   WNW
30  16.0  22.7   16:30  10.8    0:30   3.0   0.7   0.0   6.0  29.0   17:00   NNW
31  15.0  19.7   14:00  11.7    7:00   3.4   0.1   0.0  11.7  41.8   17:30   ESE
-------------------------------------------------------------------------------------
    11.6  22.7    30     4.7    13   208.9   1.3  38.8  12.1  93.3     4       W

Max >=  32.0:  0
Max <=   0.0:  0
Min <=   0.0:  0
Min <= -18.0:  0
Max Rain: 13.79 ON 06/03/17
Days of Rain: 6 (> .2 mm) 5 (> 2 mm) 0 (> 20 mm)
Heat Base:  18.3  Cool Base:  18.3  Method: Integration