NOAA-style Climate Reports

Select a Year or Month report
V/Λ2019 > Jan Feb Mar Apr May Jun Jul Aug Sep Oct Nov Dec
V/Λ2018 > Jan Feb Mar Apr May Jun Jul Aug Sep Oct Nov Dec
V/Λ2017 > Jan Feb Mar Apr May Jun Jul Aug Sep Oct Nov Dec
V/Λ2016 > Jan Feb Mar Apr May Jun Jul Aug Sep Oct Nov Dec

Report for 2017 Apr
                   MONTHLY CLIMATOLOGICAL SUMMARY for APR. 2017

NAME: Poggio alle Forche   CITY: Pomarance   STATE: Italia 
ELEV:   380 m  LAT: 43.3071 N  LONG: 10.8692 E

                   TEMPERATURE (C), RAIN  (mm), WIND SPEED (km/hr)

                                      HEAT  COOL        AVG
    MEAN                              DEG   DEG         WIND                 DOM
DAY TEMP  HIGH   TIME   LOW    TIME   DAYS  DAYS  RAIN  SPEED HIGH   TIME    DIR
------------------------------------------------------------------------------------
 1  14.8  19.5   14:30  11.9    3:00   3.5   0.0   0.0   8.5  41.8   17:00   SSE
 2  12.6  14.9   11:30  10.2   00:00   5.8   0.0   2.0   8.5  37.0   12:00     E
 3  14.1  19.9   16:00   9.6    5:30   4.4   0.1   0.6  10.5  46.7   16:30    NE
 4  16.4  21.1   15:00  13.0    4:30   2.4   0.5   0.0   7.4  41.8   15:00   WNW
 5  14.1  18.2   14:00  10.6    8:00   4.2   0.0   0.8  11.7  59.5   16:30   ENE
 6  12.2  16.8   13:30   9.2   17:30   6.1   0.0  20.2   8.5  43.5   15:30     W
 7  13.1  19.0   15:00   8.6    8:00   5.2   0.0   0.0  11.3  32.2   17:00     W
 8  14.9  20.4   15:30  11.6    7:30   3.5   0.1   0.0   8.7  37.0   17:30     W
 9  15.3  20.1   16:00  12.1    6:30   3.2   0.2   0.0  10.6  32.2   17:00     W
10  14.4  19.1   14:30  10.9    7:00   3.9   0.0   0.0  13.0  45.1   16:00     W
11  14.1  19.1   15:30  10.2    7:00   4.3   0.0   0.0  10.1  37.0   17:30     W
12  15.7  21.9   14:30  11.4    7:00   3.1   0.5   0.0  13.2  38.6   16:30     W
13  14.3  18.6   15:30  11.4    6:00   4.0   0.0   0.0  12.7  37.0   15:30     W
14  14.3  19.2   14:30  11.3    6:30   4.0   0.0   0.0   9.5  30.6   15:30     W
15  13.5  17.4   13:30  11.5    3:30   4.8   0.0   0.0   7.1  27.4   14:30     W
16  14.2  18.7   15:00  11.1    8:00   4.1   0.0   0.0  11.3  45.1   16:00     W
17  13.6  19.8   16:00   8.7    6:30   4.7   0.0   0.0  10.6  37.0   11:30   ENE
18  11.4  17.9   14:00   6.2   22:30   6.9   0.0   0.6   9.0  49.9   22:30    NE
19   7.7  12.6   14:00   4.7    5:30  10.6   0.0   0.0  10.5  46.7   15:30    NE
20   8.8  13.2   16:00   3.4    6:30   9.5   0.0   0.0   7.2  37.0   18:00    NE
21   9.5  14.1   15:30   5.3    7:00   8.8   0.0   0.0  15.8  46.7   16:30   ESE
22  10.6  13.5   16:00   8.6    5:00   7.7   0.0   1.2  19.3  56.3   14:30     W
23  12.7  17.5   16:00   9.3    0:30   5.6   0.0   0.0   9.0  33.8   15:30   WNW
24  12.9  17.1   14:30   9.7    5:30   5.4   0.0   0.0  11.9  43.5   18:30   WSW
25  12.8  16.3   16:00   9.7    6:30   5.5   0.0   0.0  14.5  46.7   14:00    SE
26  14.1  16.4   14:30  12.1    6:30   4.2   0.0   0.0  23.0  74.0   12:00     S
27  14.0  16.9   14:00   9.4   00:00   4.3   0.0  11.0  18.7  67.6    0:30   SSW
28  10.1  12.2   18:00   7.7    5:00   8.3   0.0  14.8  21.7  66.0   13:30     W
29  11.9  16.6   16:00   8.3    6:30   6.4   0.0   0.0   6.6  24.1   16:30    NE
30  12.5  18.7   16:30   7.3    6:30   5.8   0.0   0.0   8.7  43.5   18:00   ESE
-------------------------------------------------------------------------------------
    13.0  21.9    12     3.4    20   160.2   1.6  51.2  11.6  74.0    26       W

Max >=  32.0:  0
Max <=   0.0:  0
Min <=   0.0:  0
Min <= -18.0:  0
Max Rain: 20.19 ON 06/04/17
Days of Rain: 8 (> .2 mm) 4 (> 2 mm) 1 (> 20 mm)
Heat Base:  18.3  Cool Base:  18.3  Method: Integration