NOAA-style Climate Reports

Select a Year or Month report

Report for 2017 May
                   MONTHLY CLIMATOLOGICAL SUMMARY for MAY. 2017

NAME: Poggio alle Forche   CITY: Pomarance   STATE: Italia 
ELEV:   380 m  LAT: 43.3071 N  LONG: 10.8692 E

                   TEMPERATURE (C), RAIN  (mm), WIND SPEED (km/hr)

                                      HEAT  COOL        AVG
    MEAN                              DEG   DEG         WIND                 DOM
DAY TEMP  HIGH   TIME   LOW    TIME   DAYS  DAYS  RAIN  SPEED HIGH   TIME    DIR
------------------------------------------------------------------------------------
 1  11.9  15.9   10:30   9.7   22:30   6.4   0.0   5.6  17.1  78.9   13:00     W
 2  12.4  15.8   15:00   9.7    0:30   5.9   0.0   0.0  14.2  41.8   16:30     W
 3  13.3  17.8   17:00  10.8    2:30   5.0   0.0   0.6   8.9  35.4   15:00   WNW
 4  13.1  17.1   14:30  10.3    6:00   5.2   0.0   2.6   9.7  43.5   19:30     W
 5  14.9  19.8   16:00  11.1    5:30   3.6   0.2   0.0   7.6  35.4    1:00    SW
 6  14.5  18.4   17:30  11.3   00:00   3.8   0.0  14.0  19.5  75.6   18:30   ESE
 7  13.2  15.8   17:00  10.8    4:00   5.1   0.0   0.2  18.5  70.8    0:30     W
 8  14.9  19.3   20:00   9.4    3:30   3.4   0.0   0.0   7.4  37.0    3:30   NNE
 9  15.3  19.2   14:30  11.7    7:00   3.1   0.1   0.6   4.8  24.1   18:00   NNE
10  15.6  20.0   16:30  11.3    6:00   2.9   0.2   0.0  13.7  45.1   17:00   ESE
11  16.1  21.0   15:00  11.7    6:30   2.6   0.4   0.0  11.4  40.2   18:30   ESE
12  17.0  20.9   16:00  14.7    2:30   1.6   0.3   0.0   9.7  33.8    1:00     W
13  17.0  20.9   16:30  13.8    5:30   1.9   0.6   0.0   9.7  37.0   15:30   WNW
14  16.7  20.5   15:00  14.0    6:30   2.0   0.4   0.0   9.5  43.5   16:30    NE
15  17.9  23.2   14:30  12.8    6:30   1.5   1.1   2.6   8.2  35.4   16:30   WSW
16  19.3  23.7   16:00  14.3    6:00   0.8   1.8   0.0   9.3  37.0   12:30    NE
17  20.6  25.8   14:30  15.4    4:00   0.6   2.9   0.0   7.4  29.0   13:30     E
18  19.9  23.9   13:00  15.4    5:00   0.6   2.2   0.0   9.5  40.2   16:30     E
19  18.4  21.8   18:00  14.2   00:00   0.7   0.8   0.0  15.0  53.1   13:00   WSW
20  14.7  18.0   12:30  12.7   00:00   3.6   0.0   2.2  16.9  54.7   16:30     W
21  17.6  23.9   15:30  12.5    7:30   2.1   1.4   0.0   7.9  37.0   17:00    NE
22  19.1  25.2   14:00  15.4   23:30   0.8   1.6   0.0  11.6  46.7   18:00     W
23  18.7  23.5   14:00  15.1    6:00   0.9   1.3   0.0   9.8  43.5   17:00     W
24  19.3  23.4   16:00  15.6   00:00   0.5   1.6   0.0  10.3  35.4   17:30     W
25  19.8  25.6   15:30  14.3    6:00   0.9   2.4   0.0  10.6  43.5   23:00   ESE
26  19.6  26.3   15:30  15.0    5:30   0.7   2.0   0.0  12.7  41.8   17:30   ESE
27  20.8  28.0   15:30  14.3    5:30   0.8   3.3   0.0   9.5  41.8   18:00     E
28  22.7  28.7   15:30  17.6    6:00   0.0   4.4   0.0  10.0  37.0   16:30     E
29  22.3  28.4   14:30  18.1   23:00   0.0   4.1   0.0  15.9  40.2   15:30    SE
30  21.4  26.0   14:30  18.2    3:00   0.0   3.1   0.0  11.9  41.8   16:30   WSW
31  20.9  26.2   16:30  17.3    6:00   0.1   2.7   0.0  13.7  40.2   14:00   WSW
-------------------------------------------------------------------------------------
    17.4  28.7    28     9.4     8    67.2  38.8  28.4  11.3  78.9     1       W

Max >=  32.0:  0
Max <=   0.0:  0
Min <=   0.0:  0
Min <= -18.0:  0
Max Rain: 14.00 ON 06/05/17
Days of Rain: 8 (> .2 mm) 5 (> 2 mm) 0 (> 20 mm)
Heat Base:  18.3  Cool Base:  18.3  Method: Integration