NOAA-style Climate Reports

Select a Year or Month report

Report for 2017 Jun
                   MONTHLY CLIMATOLOGICAL SUMMARY for JUN. 2017

NAME: Poggio alle Forche   CITY: Pomarance   STATE: Italia 
ELEV:   380 m  LAT: 43.3071 N  LONG: 10.8692 E

                   TEMPERATURE (C), RAIN  (mm), WIND SPEED (km/hr)

                                      HEAT  COOL        AVG
    MEAN                              DEG   DEG         WIND                 DOM
DAY TEMP  HIGH   TIME   LOW    TIME   DAYS  DAYS  RAIN  SPEED HIGH   TIME    DIR
------------------------------------------------------------------------------------
 1  20.6  25.9   16:00  16.5    4:00   0.2   2.5   0.0  10.5  38.6   17:00    SW
 2  19.9  25.3   14:00  16.2    8:00   0.4   2.0   0.0  10.3  48.3   17:30     W
 3  20.3  25.9   16:00  15.9    4:30   0.5   2.6   0.0  11.1  40.2   17:30     W
 4  21.1  25.4   16:30  17.8    5:00   0.0   2.9   0.0  10.6  38.6   14:30     W
 5  20.7  26.0   12:00  17.0    5:30   0.1   2.5   0.0  10.8  56.3   16:00   ESE
 6  19.1  21.8   10:30  17.3    3:00   0.1   0.9   0.8  12.7  54.7   17:30   WSW
 7  18.3  21.8   12:30  15.8   00:00   0.7   0.7   0.0  15.0  45.1   17:30     W
 8  20.9  27.8   16:30  14.7    5:30   1.0   3.6   0.0   5.6  22.5   00:00    NE
 9  21.9  27.1   13:00  15.9    6:30   0.1   3.8   0.0  14.6  38.6   18:30   ESE
10  21.8  27.4   16:30  18.1    3:00   0.0   3.5   0.0   9.8  37.0   19:30     W
11  25.4  32.3   17:30  19.9    6:30   0.0   7.1   0.0   8.0  33.8   00:00   ESE
12  24.4  29.4   15:30  21.0   22:00   0.0   6.1   0.0  18.3  43.5   17:30     W
13  24.4  28.8   15:00  20.9    5:30   0.0   6.1   0.0  10.5  38.6   16:30   WSW
14  23.9  28.7   14:30  19.7   00:00   0.0   5.6   0.0  10.3  38.6   16:00   WNW
15  22.7  28.2   15:00  18.7    8:30   0.0   4.4   0.0  10.6  43.5   17:30     W
16  24.3  31.3   14:00  19.9    5:30   0.0   6.0   0.0  10.3  43.5   15:30     W
17  26.5  32.0   16:00  21.2    2:00   0.0   8.2   0.0   6.1  41.8   23:30    NE
18  23.7  28.6   17:00  19.7    6:30   0.0   5.4   0.0   8.9  43.5    1:00    NE
19  23.0  30.3   16:30  17.7    5:30   0.0   4.7   0.0  13.4  45.1   17:00   ESE
20  24.1  28.3   16:00  20.1    6:30   0.0   5.8   0.0  13.7  46.7   15:00   WNW
21  23.4  27.9   14:30  19.3    6:30   0.0   5.1   0.0  11.9  41.8   17:30     W
22  24.1  29.5   15:00  20.0    5:30   0.0   5.7   0.0  11.4  46.7   18:00     W
23  23.6  27.8   15:00  20.2    5:30   0.0   5.2   0.0  13.7  41.8   13:00     W
24  24.7  30.4   15:30  20.9    2:30   0.0   6.4   0.0   9.0  41.8   17:30   WNW
25  24.2  28.6   14:30  20.9    6:30   0.0   5.8   0.0  12.7  48.3   18:00   WNW
26  25.1  30.8   14:00  19.9    5:00   0.0   6.8   0.0  10.1  40.2   17:30   ESE
27  25.3  30.4   17:00  21.2    6:30   0.0   7.0   0.0  12.4  48.3   18:00     W
28  23.3  28.8   15:00  17.4   20:00   0.0   5.0  10.2  20.8  90.1   17:00     S
29  21.3  24.3   16:00  19.1   00:00   0.0   3.0   1.0  22.4  61.2   12:00     W
30  17.9  20.2   12:30  15.8   17:30   0.8   0.4   4.0  11.6  43.5   21:30     W
-------------------------------------------------------------------------------------
    22.7  32.3    11    14.7     8     4.1 134.9  16.0  11.9  90.1    28       W

Max >=  32.0:  2
Max <=   0.0:  0
Min <=   0.0:  0
Min <= -18.0:  0
Max Rain: 10.21 ON 28/06/17
Days of Rain: 4 (> .2 mm) 2 (> 2 mm) 0 (> 20 mm)
Heat Base:  18.3  Cool Base:  18.3  Method: Integration