NOAA-style Climate Reports

Select a Year or Month report
V/Λ2019 > Jan Feb Mar Apr May Jun Jul Aug Sep Oct Nov Dec
V/Λ2018 > Jan Feb Mar Apr May Jun Jul Aug Sep Oct Nov Dec
V/Λ2017 > Jan Feb Mar Apr May Jun Jul Aug Sep Oct Nov Dec
V/Λ2016 > Jan Feb Mar Apr May Jun Jul Aug Sep Oct Nov Dec

Report for 2017 Jul
                   MONTHLY CLIMATOLOGICAL SUMMARY for JUL. 2017

NAME: Poggio alle Forche   CITY: Pomarance   STATE: Italia 
ELEV:   380 m  LAT: 43.3071 N  LONG: 10.8692 E

                   TEMPERATURE (C), RAIN  (mm), WIND SPEED (km/hr)

                                      HEAT  COOL        AVG
    MEAN                              DEG   DEG         WIND                 DOM
DAY TEMP  HIGH   TIME   LOW    TIME   DAYS  DAYS  RAIN  SPEED HIGH   TIME    DIR
------------------------------------------------------------------------------------
 1  18.6  23.0   14:30  15.6    2:30   0.8   1.1   0.2  16.4  49.9   18:00     W
 2  19.8  25.1   14:30  15.7    2:00   0.7   2.2   0.0   9.3  45.1   17:00    NW
 3  22.7  28.3   14:00  17.9    4:30   0.0   4.4   0.0  11.3  43.5   16:30     W
 4  24.0  28.5   15:00  20.1    0:30   0.0   5.7   0.0  11.9  43.5   16:00     W
 5  25.1  29.6   16:00  21.6    7:00   0.0   6.8   0.0  10.9  40.2   14:00     W
 6  26.2  30.7   15:00  22.2    5:30   0.0   7.9   0.0  12.6  45.1   16:30     W
 7  26.8  30.9   14:30  23.8    6:00   0.0   8.4   0.0  12.4  45.1   15:30     W
 8  26.8  32.2   14:00  21.4    4:30   0.0   8.5   0.0  12.1  33.8   14:30     W
 9  26.9  33.4   13:00  21.9    7:30   0.0   8.6   0.0  11.7  54.7   16:00   WSW
10  24.4  28.6   17:00  21.6   23:30   0.0   6.1   0.0  13.0  41.8   15:00   WNW
11  24.6  30.0   15:00  20.8    6:00   0.0   6.3   0.0  11.3  43.5   17:00   WSW
12  24.2  29.3   14:00  19.9    7:00   0.0   5.9   0.6  14.8  53.1   16:30     W
13  24.2  29.3   15:00  20.8    5:30   0.0   5.9   1.6  15.6  53.1   17:30     W
14  24.2  30.1   14:30  19.4    6:30   0.0   5.9   0.0   8.2  46.7   17:00     W
15  25.5  31.4   14:30  20.7    6:00   0.0   7.2   0.0   6.9  35.4   20:00    NE
16  22.6  26.6   16:00  18.4    6:30   0.0   4.3   0.0   9.3  45.1   12:30    NE
17  23.3  29.6   18:00  17.6    5:00   0.1   5.1   0.0   7.4  32.2   12:00    NE
18  23.8  31.8   14:00  17.4    5:30   0.0   5.5   0.0  13.2  46.7   14:30     W
19  24.3  28.8   13:00  20.4    2:00   0.0   6.0   0.0  12.2  56.3   17:00   WNW
20  23.7  29.2   14:30  19.7    3:00   0.0   5.4   0.0  12.7  40.2   19:30    SW
21  24.7  30.7   12:30  19.9    6:00   0.0   6.4   0.0  12.2  45.1   13:30   ESE
22  24.7  28.9   16:30  20.8    4:30   0.0   6.4   0.0  12.1  45.1   18:00     W
23  24.7  30.0   15:30  20.1    6:30   0.0   6.3   0.0  12.7  46.7   17:00   WNW
24  23.5  27.6   13:30  20.2    5:30   0.0   5.2   0.8  17.5  69.2   16:00     W
25  21.8  25.6   19:30  17.8   14:30   0.0   3.5   3.4   9.2  49.9   13:00     W
26  22.0  26.2   15:30  19.0    4:00   0.0   3.7   0.2  12.6  46.7   14:30     W
27  22.6  27.3   15:30  19.1    5:30   0.0   4.2   0.0  12.7  43.5   15:30     W
28  23.6  28.3   16:00  19.6    3:00   0.0   5.2   0.0  10.9  43.5   16:00     W
29  24.7  30.5   12:30  20.0    5:00   0.0   6.4   0.0  12.2  41.8   14:30   ESE
30  24.6  30.2   14:00  20.1    7:30   0.0   6.3   0.0  12.1  38.6    5:00   WSW
31  27.4  34.8   14:00  20.6    6:00   0.0   9.1   0.0  10.6  33.8   18:00   ESE
-------------------------------------------------------------------------------------
    24.1  34.8    31    15.6     1     1.7 180.0   6.8  11.9  69.2    24       W

Max >=  32.0:  3
Max <=   0.0:  0
Min <=   0.0:  0
Min <= -18.0:  0
Max Rain: 3.40 ON 25/07/17
Days of Rain: 6 (> .2 mm) 1 (> 2 mm) 0 (> 20 mm)
Heat Base:  18.3  Cool Base:  18.3  Method: Integration