NOAA-style Climate Reports

Select a Year or Month report
V/Λ2019 > Jan Feb Mar Apr May Jun Jul Aug Sep Oct Nov Dec
V/Λ2018 > Jan Feb Mar Apr May Jun Jul Aug Sep Oct Nov Dec
V/Λ2017 > Jan Feb Mar Apr May Jun Jul Aug Sep Oct Nov Dec
V/Λ2016 > Jan Feb Mar Apr May Jun Jul Aug Sep Oct Nov Dec

Report for 2017 Aug
                   MONTHLY CLIMATOLOGICAL SUMMARY for AUG. 2017

NAME: Poggio alle Forche   CITY: Pomarance   STATE: Italia 
ELEV:   380 m  LAT: 43.3071 N  LONG: 10.8692 E

                   TEMPERATURE (C), RAIN  (mm), WIND SPEED (km/hr)

                                      HEAT  COOL        AVG
    MEAN                              DEG   DEG         WIND                 DOM
DAY TEMP  HIGH   TIME   LOW    TIME   DAYS  DAYS  RAIN  SPEED HIGH   TIME    DIR
------------------------------------------------------------------------------------
 1  30.5  36.8   15:30  25.6    6:30   0.0  12.2   0.0  11.7  40.2   16:00   WSW
 2  30.1  36.1   14:00  24.7    9:00   0.0  11.8   0.0  13.0  41.8   17:30     W
 3  30.9  35.3   17:00  27.5    6:00   0.0  12.7   0.0  11.9  38.6   14:00     W
 4  31.2  35.8   15:30  26.5    1:00   0.0  12.9   0.0  11.7  38.6   16:00     W
 5  29.9  35.8   14:00  24.2   23:30   0.0  11.6   0.0  11.3  45.1   17:30     W
 6  27.6  31.9   13:00  23.8   00:00   0.0   9.2   0.0  12.1  48.3   14:00     W
 7  27.4  33.7   13:00  22.3    6:30   0.0   9.1   0.0  11.4  40.2   15:00     W
 8  27.2  31.8   14:30  23.6    4:30   0.0   8.9   0.0  11.9  49.9   15:30    SW
 9  26.8  31.7   16:30  23.7    7:30   0.0   8.5   0.0  12.6  49.9   14:00   WSW
10  23.3  26.8   11:00  19.6   00:00   0.0   5.0   2.0  13.8  77.2   13:30     W
11  19.7  22.9   12:30  17.6   23:00   0.1   1.5   0.0  20.3  66.0   16:30     W
12  19.4  24.1   17:00  14.8    7:30   0.5   1.6   1.6  11.4  43.5    7:30     W
13  22.3  27.8   14:30  18.7    8:00   0.0   4.0   0.0  10.6  46.7   15:00     W
14  24.6  31.4   15:30  19.2    7:30   0.0   6.3   0.0  11.1  49.9   16:30   ESE
15  26.2  30.7   13:00  22.6    6:30   0.0   7.9   0.0   9.8  45.1   16:00     W
16  25.1  30.4   14:00  20.6   23:30   0.0   6.8   0.0  10.8  41.8   18:00     W
17  26.8  34.1   15:30  20.6    6:30   0.0   8.5   0.0   7.9  41.8   18:00   WNW
18  27.4  34.9   14:00  22.8   22:30   0.0   9.1   0.0  11.3  41.8   15:00     W
19  24.9  30.7   16:30  21.7   23:00   0.0   6.7   0.2  11.7  38.6   15:00   WSW
20  23.3  28.8   15:00  19.1    6:30   0.0   5.1   0.0   7.4  38.6   20:00    NE
21  22.2  27.4   17:00  17.6    6:00   0.0   3.9   0.0   8.0  35.4   13:00    NE
22  22.3  29.0   15:00  17.7    8:00   0.0   4.0   0.0   9.8  45.1   18:30     E
23  22.9  28.3   14:30  19.6    7:00   0.0   4.6   0.0  11.6  46.7   16:00     W
24  24.1  29.3   16:30  19.4    6:00   0.0   5.7   0.0  10.3  40.2   15:00     W
25  23.9  29.3   15:30  20.8   00:00   0.0   5.6   0.0   9.0  38.6   17:00     W
26  25.3  31.2   14:00  19.3    2:30   0.0   7.0   0.0  10.8  38.6   15:30   ESE
27  26.1  30.8   15:00  22.2    2:30   0.0   7.8   0.0  12.2  45.1   15:00     W
28  26.1  30.7   16:30  22.5   00:00   0.0   7.8   0.0  13.8  46.7   14:00     W
29  26.8  33.7   15:30  21.3    7:00   0.0   8.5   0.0  10.9  45.1   18:00   ESE
30  26.3  32.1   14:00  22.1    5:30   0.0   8.0   0.0  14.8  48.3   17:00     W
31  25.1  32.4   13:30  20.9    8:30   0.0   5.1   0.0  11.1  53.1   15:00   ESE
-------------------------------------------------------------------------------------
    25.7  36.8     1    14.8    12     0.7 227.4   3.8  11.5  77.2    10       W

Max >=  32.0: 11
Max <=   0.0:  0
Min <=   0.0:  0
Min <= -18.0:  0
Max Rain: 2.01 ON 10/08/17
Days of Rain: 3 (> .2 mm) 1 (> 2 mm) 0 (> 20 mm)
Heat Base:  18.3  Cool Base:  18.3  Method: Integration