NOAA-style Climate Reports

Select a Year or Month report
V/Λ2019 > Jan Feb Mar Apr May Jun Jul Aug Sep Oct Nov Dec
V/Λ2018 > Jan Feb Mar Apr May Jun Jul Aug Sep Oct Nov Dec
V/Λ2017 > Jan Feb Mar Apr May Jun Jul Aug Sep Oct Nov Dec
V/Λ2016 > Jan Feb Mar Apr May Jun Jul Aug Sep Oct Nov Dec

Report for 2017 Sep
                   MONTHLY CLIMATOLOGICAL SUMMARY for SEP. 2017

NAME: Poggio alle Forche   CITY: Pomarance   STATE: Italia 
ELEV:   380 m  LAT: 43.3071 N  LONG: 10.8692 E

                   TEMPERATURE (C), RAIN  (mm), WIND SPEED (km/hr)

                                      HEAT  COOL        AVG
    MEAN                              DEG   DEG         WIND                 DOM
DAY TEMP  HIGH   TIME   LOW    TIME   DAYS  DAYS  RAIN  SPEED HIGH   TIME    DIR
------------------------------------------------------------------------------------
 1  21.7  25.3   15:00  17.9    3:00   0.0   3.4  14.0  16.7  75.6    3:00     W
 2  19.0  21.4   15:00  13.1   23:00   0.4   1.1   2.6  20.0  70.8   16:00     W
 3  17.6  23.8   17:00  13.1    4:00   1.8   1.0   0.6   9.3  43.5    3:30     W
 4  19.5  23.8   14:00  15.4    7:00   0.6   1.8   0.0  12.6  38.6   16:00    SE
 5  20.3  24.3   13:30  17.2    7:00   0.1   2.1   0.0  10.0  40.2   17:00     W
 6  21.2  25.6   17:30  18.5    3:00   0.0   2.9   0.0   7.6  29.0   17:30   WSW
 7  20.8  25.9   13:30  18.2    5:30   0.0   2.5   0.0  10.1  37.0   19:00   ESE
 8  20.2  25.6   15:00  16.4    7:30   0.3   2.2   0.4  10.5  38.6   17:00   ESE
 9  19.6  23.0   16:00  17.3    6:00   0.1   1.4   0.4  13.8  62.8   22:00   SSW
10  17.6  21.5    5:30  15.6    9:30   1.3   0.6  18.8  14.3  80.5    4:00   SSE
11  17.4  19.7   16:00  15.6    7:30   1.1   0.2   2.2  13.5  59.5   16:30     W
12  18.4  20.8   11:00  16.5   21:30   0.4   0.5   0.2  25.7  85.3   15:00     W
13  18.5  22.3   15:30  16.4    6:00   0.8   1.0   0.0   9.8  37.0   15:30    NW
14  19.7  24.0   16:00  16.5    1:00   0.3   1.7   0.0  17.9  49.9   16:30   WNW
15  19.9  23.8   16:00  17.4    8:00   0.1   1.8   0.8  10.9  41.8   13:00   SSE
16  16.7  19.6   13:00  14.9   00:00   1.7   0.1   4.0  11.1  37.0   16:00    NW
17  16.2  19.0   14:00  13.9    4:30   2.1   0.0   0.8  18.2  57.9   14:00    NW
18  15.9  20.4   14:30  12.9   22:30   2.5   0.2   4.0  12.2  46.7   12:30   WNW
19  12.7  17.1   16:30  10.2   18:00   5.6   0.0  11.2   9.8 101.4   17:30    NW
20  14.5  20.1   16:00  10.4    8:00   3.9   0.1   0.0   9.8  37.0   18:30     E
21  16.5  20.3   16:00  14.3    6:30   2.1   0.2   0.0  10.3  30.6   16:00    NW
22  17.1  21.1   15:30  14.2    7:30   1.7   0.5   0.0   8.0  32.2   15:30   WNW
23  17.4  21.5   13:30  14.8    7:30   1.4   0.5   0.0   9.0  32.2   16:30     S
24  16.1  17.7   13:00  13.9    7:30   2.3   0.0   8.4   6.9  25.7   14:30     S
25  16.2  20.3   15:00  12.7    6:30   2.4   0.3   0.2   6.8  25.7   14:30     E
26  16.4  20.9   14:00  12.9    7:30   2.3   0.4   0.0   7.2  25.7   18:00     E
27  17.5  22.4   15:30  13.7    7:30   1.7   0.9   0.0   6.4  24.1   13:00     E
28  18.1  22.2   13:00  15.1    7:00   1.1   0.9   0.0   6.6  30.6   18:00     E
29  17.2  22.1   14:30  13.9    7:00   1.7   0.7   0.0   8.5  29.0   16:00     E
30  17.2  22.9   16:00  13.4    6:00   1.9   0.7   0.0   6.8  29.0   19:00    SE
-------------------------------------------------------------------------------------
    17.9  25.9     7    10.2    19    41.6  29.7  68.6  11.4 101.4    19       W

Max >=  32.0:  0
Max <=   0.0:  0
Min <=   0.0:  0
Min <= -18.0:  0
Max Rain: 18.80 ON 10/09/17
Days of Rain: 15 (> .2 mm) 8 (> 2 mm) 0 (> 20 mm)
Heat Base:  18.3  Cool Base:  18.3  Method: Integration