NOAA-style Climate Reports

Select a Year or Month report

Report for 2017 Oct
                   MONTHLY CLIMATOLOGICAL SUMMARY for OCT. 2017

NAME: Poggio alle Forche   CITY: Pomarance   STATE: Italia 
ELEV:   380 m  LAT: 43.3071 N  LONG: 10.8692 E

                   TEMPERATURE (C), RAIN  (mm), WIND SPEED (km/hr)

                                      HEAT  COOL        AVG
    MEAN                              DEG   DEG         WIND                 DOM
DAY TEMP  HIGH   TIME   LOW    TIME   DAYS  DAYS  RAIN  SPEED HIGH   TIME    DIR
------------------------------------------------------------------------------------
 1  16.1  18.3   17:00  14.4    8:30   2.2   0.0   1.2   4.5  16.1   12:30   SSE
 2  17.4  21.9   16:00  13.6    7:30   1.6   0.7   1.8   8.0  24.1    5:00    SE
 3  17.7  20.6   14:30  15.7    8:00   0.9   0.3   0.0  13.5  43.5   13:00     W
 4  18.8  24.6   15:00  15.6    6:30   0.7   1.2   0.0   7.9  29.0   17:30    NW
 5  18.3  21.3   15:00  16.3   00:00   0.6   0.6   0.0  10.6  33.8   16:30    NW
 6  17.1  22.0   15:30  11.2   00:00   1.9   0.8   0.2   7.1  49.9   20:30     S
 7  14.4  20.0   17:00  10.4    1:30   4.0   0.2   0.0   7.4  35.4   18:30    NE
 8  16.2  20.9   14:30  13.6    8:30   2.4   0.3   0.0  12.2  43.5    8:30     W
 9  16.2  22.2   16:00  12.6    8:00   2.4   0.4   0.0   8.5  30.6    5:00     S
10  16.8  20.7   15:00  14.0    7:00   1.8   0.4   0.0   6.6  24.1   15:30     S
11  17.5  21.3   15:30  15.2    3:00   1.4   0.6   0.0   8.7  29.0   15:30    NW
12  16.4  19.2   17:00  14.6    8:00   1.9   0.0   0.2   8.5  27.4   12:30   WNW
13  16.9  21.5   16:00  13.9    4:30   1.9   0.6   0.2   5.5  22.5   18:00   SSE
14  16.6  21.9   17:30  13.2    8:00   2.3   0.6   0.2   5.5  19.3   18:00     N
15  17.7  22.6   16:00  14.6    7:00   1.4   0.9   0.2   6.0  20.9   18:00    SE
16  18.5  23.2   13:00  16.2    6:00   0.9   1.1   0.0   5.3  22.5   15:30   SSE
17  18.0  22.4   14:00  14.6    6:00   1.0   0.7   0.0   6.9  27.4   17:30    NW
18  16.5  21.2   15:00  14.1    8:30   2.1   0.4   0.0   6.1  22.5   15:30   WNW
19  16.6  22.6   15:00  12.6    4:00   2.2   0.5   0.2   6.0  25.7   18:00   SSE
20  16.9  22.1   15:30  13.6    8:30   1.9   0.5   0.0   8.5  30.6   20:00   SSE
21  17.3  21.1   14:30  14.4    8:00   1.4   0.5   0.0  10.6  30.6   23:30   NNW
22  16.7  19.2   13:30  14.0   00:00   1.7   0.0   0.2  25.9  82.1   17:30     W
23  13.2  17.6   15:30   8.8    5:30   5.2   0.0   0.0   9.5  29.0   16:30   ENE
24  15.6  19.7   15:30  13.2    7:30   2.8   0.1   0.0   6.8  25.7   16:30   ESE
25  16.4  21.3   14:00  12.1    8:00   2.3   0.4   0.0   6.1  22.5    5:30   ESE
26  16.8  21.0   15:30  14.4   23:00   1.8   0.3   0.0  10.5  30.6   17:30   NNW
27  15.1  18.2   16:30  13.5   00:00   3.2   0.0   0.0   8.0  29.0   11:30   NNW
28  13.9  18.7   13:30  11.1    6:00   4.4   0.0   0.2   9.8  37.0   10:30   NNW
29  14.4  16.9   14:00  12.9    4:00   3.9   0.0   0.0  13.5  32.2    5:00    NW
30  14.8  18.3   14:00  11.6    8:00   3.5   0.0   0.0   6.3  24.1   11:00     S
31  13.1  17.9   15:00   9.6    5:00   5.2   0.0   0.0   9.7  35.4   19:30     S
-------------------------------------------------------------------------------------
    16.4  24.6     4     8.8    23    71.3  12.1   4.6   8.7  82.1    22     SSE

Max >=  32.0:  0
Max <=   0.0:  0
Min <=   0.0:  0
Min <= -18.0:  0
Max Rain: 1.80 ON 02/10/17
Days of Rain: 10 (> .2 mm) 0 (> 2 mm) 0 (> 20 mm)
Heat Base:  18.3  Cool Base:  18.3  Method: Integration