NOAA-style Climate Reports

Select a Year or Month report

Report for 2017 Nov
                   MONTHLY CLIMATOLOGICAL SUMMARY for NOV. 2017

NAME: Poggio alle Forche   CITY: Pomarance   STATE: Italia 
ELEV:   380 m  LAT: 43.3071 N  LONG: 10.8692 E

                   TEMPERATURE (C), RAIN  (mm), WIND SPEED (km/hr)

                                      HEAT  COOL        AVG
    MEAN                              DEG   DEG         WIND                 DOM
DAY TEMP  HIGH   TIME   LOW    TIME   DAYS  DAYS  RAIN  SPEED HIGH   TIME    DIR
------------------------------------------------------------------------------------
 1  13.4  17.9   15:00  10.1    7:30   4.9   0.0   0.0   8.5  27.4    1:30   SSW
 2  14.2  16.7   15:00  12.5    6:00   4.1   0.0   0.0  18.0  53.1   00:00    NW
 3  14.8  16.3   11:30  13.9    4:30   3.5   0.0   4.4   9.2  46.7    1:00   WNW
 4  13.6  15.4   15:00  11.7    5:30   4.7   0.0   0.0  10.1  30.6   23:30    SW
 5  13.2  15.8    9:00  10.9   10:30   5.1   0.0  25.0  18.5  90.1   10:30   NNW
 6  10.5  13.3   13:30   7.1   00:00   7.8   0.0   1.0  10.3  40.2   18:30     N
 7   8.0  10.2   14:30   6.5    7:00  10.3   0.0   0.6   6.4  27.4    6:00   SSW
 8  10.4  14.6   13:30   7.1    1:30   7.9   0.0   1.8   7.1  24.1   18:00   SSW
 9  10.1  11.7   13:00   8.7   00:00   8.2   0.0   3.2   7.7  33.8    1:30   SSW
10  11.1  14.4   16:00   8.4    0:30   7.2   0.0   0.2   5.8  19.3    3:30   SSW
11  12.2  14.5   14:00  10.8    6:00   6.1   0.0   0.0   5.8  17.7   17:30    SW
12  12.0  13.1   19:00  10.6    9:00   6.3   0.0   1.2  16.9  59.5   23:30    SW
13   5.4  12.3    1:00   2.6   17:00  12.9   0.0  19.4  18.5  88.5    3:00   ESE
14   6.6   8.4   13:30   4.7    0:30  11.7   0.0   0.0  20.0  54.7   11:00    SE
15   7.7  10.5   13:00   5.8   19:30  10.6   0.0   0.8  16.6  57.9    4:00    SE
16   8.8  12.7   14:30   6.4    6:00   9.5   0.0   0.0   8.9  32.2    5:00    SE
17   9.3  13.3   14:00   6.3    4:30   9.0   0.0   0.0   9.8  40.2   19:00    SE
18   9.2  12.5   14:00   7.3    4:30   9.2   0.0   0.0   7.7  29.0   11:00    SE
19  10.4  13.0   15:00   8.1    0:30   7.9   0.0   0.0  11.1  29.0   12:30     N
20  10.2  14.1   15:00   7.1    5:00   8.1   0.0   0.0  10.3  35.4    7:30   SSW
21  11.5  13.9   15:30   9.4    8:30   6.8   0.0   0.0   7.7  30.6    7:00   WNW
22  11.8  14.7   13:00   9.7    6:30   6.5   0.0   0.0  10.1  32.2   19:00    SW
23  12.1  14.3   14:30   9.9    5:00   6.3   0.0   0.6   8.2  35.4   16:00   NNW
24  12.7  15.3   14:00  11.1    8:30   5.6   0.0   0.0   4.2  16.1    1:30    SW
25  13.4  15.1   13:00  11.7    4:30   4.9   0.0   0.0  23.0  62.8   13:30     W
26   7.4  11.9    0:30   4.7   18:30  10.9   0.0   0.0  15.3  61.2    9:30   ESE
27   5.5   8.4   13:30   3.2    7:30  12.8   0.0   0.0   8.5  25.7    1:00    SE
28   7.4  10.2   22:30   4.9    1:00  10.9   0.0   0.0  19.3  64.4   20:30   WNW
29   9.4  11.1    6:00   8.0   00:00   8.9   0.0  11.0  15.6  59.5    6:00    NW
30   7.1   8.4   11:30   4.0   13:30  11.2   0.0   2.0  19.8  54.7   13:30    NW
-------------------------------------------------------------------------------------
    10.3  17.9     1     2.6    13   239.8   0.0  71.2  12.0  90.1     5      SE

Max >=  32.0:  0
Max <=   0.0:  0
Min <=   0.0:  0
Min <= -18.0:  0
Max Rain: 24.99 ON 05/11/17
Days of Rain: 13 (> .2 mm) 6 (> 2 mm) 1 (> 20 mm)
Heat Base:  18.3  Cool Base:  18.3  Method: Integration