NOAA-style Climate Reports

Select a Year or Month report
V/Λ2019 > Jan Feb Mar Apr May Jun Jul Aug Sep Oct Nov Dec
V/Λ2018 > Jan Feb Mar Apr May Jun Jul Aug Sep Oct Nov Dec
V/Λ2017 > Jan Feb Mar Apr May Jun Jul Aug Sep Oct Nov Dec
V/Λ2016 > Jan Feb Mar Apr May Jun Jul Aug Sep Oct Nov Dec

Report for 2017 Dec
                   MONTHLY CLIMATOLOGICAL SUMMARY for DEC. 2017

NAME: Poggio alle Forche   CITY: Pomarance   STATE: Italia 
ELEV:   380 m  LAT: 43.3071 N  LONG: 10.8692 E

                   TEMPERATURE (C), RAIN  (mm), WIND SPEED (km/hr)

                                      HEAT  COOL        AVG
    MEAN                              DEG   DEG         WIND                 DOM
DAY TEMP  HIGH   TIME   LOW    TIME   DAYS  DAYS  RAIN  SPEED HIGH   TIME    DIR
------------------------------------------------------------------------------------
 1   4.2   7.1    0:30   2.2    5:00  14.1   0.0   1.0   8.7  30.6    9:30   SSW
 2   4.3   6.8   14:00   2.2    0:30  14.0   0.0   0.2  10.9  48.3   15:30    SE
 3   3.6   6.2   14:30   1.3   23:00  14.7   0.0   0.0   8.9  33.8    3:00    SE
 4   4.9   9.1   15:00   1.3    0:30  13.4   0.0   0.0   5.8  24.1    2:00    SW
 5   9.0  11.2   15:00   7.0    0:30   9.3   0.0   0.0   8.7  29.0   13:00     N
 6   9.5  11.9   14:00   8.1    7:00   8.8   0.0   0.0  11.6  27.4   20:00   WNW
 7   9.3  10.2   12:30   8.0   14:30   9.1   0.0   1.4  18.7  46.7   23:00    NW
 8  10.2  11.4   20:00   8.2   00:00   8.1   0.0   1.2  32.3  86.9   23:30    NW
 9   5.7   8.3    0:30   3.2   17:30  12.6   0.0   0.0  13.8  82.1    1:00     E
10   6.9  12.0   00:00   2.1    6:30  11.4   0.0   2.2  28.8  93.3   17:30     W
11  13.8  14.8   00:00  12.0    0:30   4.5   0.0   1.0  52.6 117.5   17:30    NW
12  10.1  15.1    0:30   8.4   20:00   8.2   0.0  22.8  18.2 104.6    0:30    NW
13   8.7  10.4   11:30   6.6    9:00   9.6   0.0   3.4  15.9  59.5   17:00   NNE
14  10.5  13.0   22:30   7.9    3:00   7.8   0.0   1.4  28.0  74.0   15:00     N
15  10.2  12.1   10:00   8.1   21:30   8.1   0.0   2.0  20.8  67.6   22:30   NNE
16   6.1   9.2   11:30   3.4   17:30  12.2   0.0   1.2  15.1  59.5    2:30   NNE
17   5.2   7.6   14:00   3.1    7:00  13.2   0.0   0.0   6.9  27.4   15:30   SSE
18   4.9   7.3   15:30   2.8   00:00  13.3   0.0   0.0   8.5  25.7   20:30   WSW
19   3.1   6.1   14:00   1.1    9:00  15.2   0.0   0.0  11.7  30.6   00:00   WSW
20   2.2   6.3   14:00  -0.3    3:00  16.1   0.0   0.0   9.7  32.2    2:00     S
21   3.7   7.2   15:00  -0.1    8:00  14.7   0.0   0.0   6.9  24.1    1:00     S
22   7.7  10.8   15:30   3.3    8:00  10.6   0.0   0.0   6.0  22.5    9:30   WSW
23  10.4  14.2   12:30   8.7    0:30   7.9   0.0   0.0   7.7  17.7    6:00   WSW
24   9.2  10.4   12:30   8.2    8:00   9.1   0.0   0.0   9.5  32.2   13:30    NE
25   9.9  11.0   14:30   9.2    3:00   8.3   0.0   0.0  16.3  49.9   23:30   NNW
26  10.1  11.8   14:30   9.3    8:00   8.2   0.0   1.4  18.3  49.9   23:30    NW
27   9.1  10.6   12:00   6.4   00:00   9.2   0.0  21.6  30.4  75.6   16:00    NW
28   4.7   6.4    0:30   2.3    8:30  13.6   0.0   3.4  11.7  57.9    0:30   WSW
29   5.3   7.7   14:00   3.2    7:30  13.0   0.0   1.2   8.2  33.8   23:30    SW
30   7.6   9.9   00:00   4.6    6:30  10.7   0.0   1.2  11.9  46.7    4:00     N
31  10.8  13.4   15:00   8.4    1:30   7.5   0.0   0.2   8.5  37.0   23:30    NW
-------------------------------------------------------------------------------------
     7.4  15.1    12    -0.3    20   336.5   0.0  66.8  15.2 117.5    11      NW

Max >=  32.0:  0
Max <=   0.0:  0
Min <=   0.0:  2
Min <= -18.0:  0
Max Rain: 22.81 ON 12/12/17
Days of Rain: 17 (> .2 mm) 6 (> 2 mm) 2 (> 20 mm)
Heat Base:  18.3  Cool Base:  18.3  Method: Integration