NOAA-style Climate Reports

Select a Year or Month report

Report for 2018 Jan
                   MONTHLY CLIMATOLOGICAL SUMMARY for JAN. 2018

NAME: Poggio alle Forche   CITY: Pomarance   STATE: Italia 
ELEV:   380 m  LAT: 43.3071 N  LONG: 10.8692 E

                   TEMPERATURE (C), RAIN  (mm), WIND SPEED (km/hr)

                                      HEAT  COOL        AVG
    MEAN                              DEG   DEG         WIND                 DOM
DAY TEMP  HIGH   TIME   LOW    TIME   DAYS  DAYS  RAIN  SPEED HIGH   TIME    DIR
------------------------------------------------------------------------------------
 1  10.4  11.9    5:30   8.9   18:00   7.8   0.0   3.0  29.0  85.3   13:00    NE
 2   9.4  12.6   14:30   7.7    7:30   8.9   0.0   0.0  18.5  86.9    1:30   ENE
 3  10.3  14.3   17:00   8.6    1:00   8.0   0.0   7.0  27.5 138.4   17:00   NNE
 4  11.4  12.8   14:00   9.9    1:30   6.8   0.0   0.0  24.1  57.9   13:30   NNE
 5  12.2  14.0   16:00  10.0    8:00   6.1   0.0   0.0  13.8  40.2    1:30    NW
 6  12.1  13.2   15:30  10.6    1:00   6.3   0.0   0.0  15.3  48.3   11:00   WSW
 7  12.1  15.7   14:00   9.2    5:30   6.2   0.0   0.0  10.8  27.4    3:00    SW
 8  13.8  16.4   13:00  12.1    8:00   4.5   0.0   0.0  19.6  70.8   23:00   WSW
 9  11.3  13.8    0:30   7.5   21:00   7.0   0.0   0.0  11.3  56.3    0:30   WNW
10   8.9  13.1   13:00   7.2    8:30   9.4   0.0   0.0   8.9  25.7    2:00   WSW
11   6.9  10.5   13:00   5.7    9:00  11.3   0.0   0.0   8.2  33.8    7:00   SSW
12   6.6  10.6   12:30   4.8   00:00  11.7   0.0   0.0  11.6  35.4   15:00     S
13   6.3  10.8   14:00   4.5    1:00  12.0   0.0   0.0   8.7  37.0   15:00   SSE
14   6.1  11.1   13:00   3.9    7:30  12.2   0.0   0.0   7.1  22.5   22:30   WSW
15   7.2  12.7   14:00   2.9    8:00  11.1   0.0   0.0  13.7  48.3   23:30   WSW
16  10.1  12.7   22:00   7.6    6:00   8.2   0.0   2.8  35.1 101.4   17:00   NNE
17  10.1  12.7    0:30   6.2   23:50   8.2   0.0   0.8  22.4  99.8    0:30    SW
18   8.0   9.9   14:20   5.8    2:30  10.3   0.0   0.0   8.7  33.8   14:30    SW
19   9.8  11.5   14:50   8.3    6:50   8.5   0.0   0.0  10.0  33.8   10:00   SSW
20   8.3  10.1   13:40   6.9    6:50  10.1   0.0   5.2  12.9  66.0   20:00     W
21   9.9  13.1   15:30   6.7    1:00   8.4   0.0   0.6  18.7  67.6    2:30     W
22   7.7   9.9   16:00   6.0    8:00  10.6   0.0   0.0  13.4  46.7    4:30   ESE
23  10.1  14.6   16:00   7.3    9:30   8.2   0.0   0.0   8.7  41.8   00:00   ESE
24   9.6  13.6   14:00   6.6    4:30   8.7   0.0   0.0   9.3  40.2    0:30   ESE
25   9.4  11.6   14:00   7.2   00:00   8.9   0.0   0.0  14.2  35.4   15:30   SSW
26   8.3  10.7   21:30   6.1    6:00  10.0   0.0   0.0  13.2  45.1   18:30   ESE
27  10.6  13.8   16:30   8.5    8:30   7.7   0.0   0.0   6.9  27.4    0:30   ESE
28  10.9  14.7   15:00   8.3   23:30   7.4   0.0   0.0   9.5  25.7   15:30     W
29   9.4  13.1   14:00   7.8    6:00   8.9   0.0   0.0   7.2  33.8   15:00     W
30   8.9   9.9   14:30   8.2    6:30   9.4   0.0   0.0   6.0  20.9   14:30   WSW
31   8.8   9.7   14:00   7.8   23:30   9.5   0.0   0.6  11.6  35.4    9:00    SW
-------------------------------------------------------------------------------------
     9.5  16.4     8     2.9    15   272.3   0.0  20.0  14.1 138.4     3     WSW

Max >=  32.0:  0
Max <=   0.0:  0
Min <=   0.0:  0
Min <= -18.0:  0
Max Rain: 7.01 ON 03/01/18
Days of Rain: 7 (> .2 mm) 4 (> 2 mm) 0 (> 20 mm)
Heat Base:  18.3  Cool Base:  18.3  Method: Integration