NOAA-style Climate Reports

Select a Year or Month report
V/Λ2019 > Jan Feb Mar Apr May Jun Jul Aug Sep Oct Nov Dec
V/Λ2018 > Jan Feb Mar Apr May Jun Jul Aug Sep Oct Nov Dec
V/Λ2017 > Jan Feb Mar Apr May Jun Jul Aug Sep Oct Nov Dec
V/Λ2016 > Jan Feb Mar Apr May Jun Jul Aug Sep Oct Nov Dec

Report for 2018 Feb
                   MONTHLY CLIMATOLOGICAL SUMMARY for FEB. 2018

NAME: Poggio alle Forche   CITY: Pomarance   STATE: Italia 
ELEV:   380 m  LAT: 43.3071 N  LONG: 10.8692 E

                   TEMPERATURE (C), RAIN  (mm), WIND SPEED (km/hr)

                                      HEAT  COOL        AVG
    MEAN                              DEG   DEG         WIND                 DOM
DAY TEMP  HIGH   TIME   LOW    TIME   DAYS  DAYS  RAIN  SPEED HIGH   TIME    DIR
------------------------------------------------------------------------------------
 1   8.7   9.7   11:30   7.4   21:00   9.6   0.0  11.8  24.0  69.2   12:00   SSW
 2   7.2   9.1    6:30   4.1   23:30  11.1   0.0  18.6  10.3  51.5    6:30     E
 3   2.3   4.7    0:30   0.5   10:00  16.0   0.0  11.8   8.2  37.0    1:00     E
 4   3.8   7.8   16:00   0.2    8:30  14.5   0.0   0.0  11.4  33.8   20:30   ESE
 5   6.1  11.1   14:30   3.2    7:30  12.2   0.0   0.6  12.4  33.8    6:30   ESE
 6   4.7   5.7    0:30   3.7    4:30  13.6   0.0   2.6  10.6  30.6    8:30     E
 7   4.7   6.8   14:30   3.2    8:00  13.7   0.0   1.4   8.9  30.6    2:30     E
 8   5.6   8.1   15:30   3.8    8:30  12.7   0.0   1.2  11.7  37.0    8:00   WNW
 9   6.7  10.1   15:00   4.9    8:30  11.7   0.0   0.0   5.6  22.5    5:00    SE
10   5.2   8.9   13:30   3.3   00:00  13.1   0.0   0.0  10.1  38.6   16:30   NNE
11   5.6   9.1   15:30   3.0    7:00  12.7   0.0   0.0  11.6  38.6    7:30    NE
12   5.4   7.8    8:00   1.9   00:00  12.9   0.0   4.0  13.4  49.9    6:30   ENE
13   3.1   6.6   15:00   0.8    6:30  15.2   0.0   0.0  10.5  29.0   11:30     N
14   3.2   8.1   15:00  -0.1    6:30  15.1   0.0   0.0  11.3  29.0    1:30   ESE
15   4.3   8.4   16:00   0.8    6:30  14.0   0.0   0.0   8.0  27.4    8:00   ESE
16   7.2   9.5   15:00   5.2    0:30  11.1   0.0   0.0   4.3  12.9   17:30    SE
17   7.7  10.3   00:00   5.7    6:30  10.6   0.0   3.8  10.3  35.4   18:30   ESE
18   6.9  10.4    1:00   3.1   23:30  11.4   0.0  27.8  11.3  35.4   16:00   ENE
19   3.2   5.7   15:00   0.7   00:00  15.1   0.0   1.4  10.9  32.2   18:00    NE
20   2.4   6.5   13:00   0.0    5:30  15.9   0.0   0.0  10.0  32.2   17:30    NE
21   2.8   5.4   14:30   1.3   00:00  15.5   0.0   0.4  16.6  54.7   15:30    NE
22   2.6   7.2   15:00   0.2    7:00  15.7   0.0   2.2  10.5  40.2   20:30   ENE
23   3.2   6.4   12:30   1.2    0:30  15.1   0.0   3.6  10.6  43.5   15:30   ENE
24   7.1  11.9   13:30   3.1    0:30  11.2   0.0   0.8  12.1  48.3   12:30   ENE
25   0.4   5.5    0:30  -4.2   00:00  17.8   0.0   1.6  13.4  49.9   21:30    NE
26  -4.9  -2.8   15:00  -6.7   23:30  23.2   0.0   0.0  20.9  57.9    6:00    NE
27  -4.7  -0.3   13:30  -7.2    5:00  23.0   0.0   0.0   9.8  33.8    1:00    NE
28  -3.1   1.0   14:30  -7.6    5:30  21.4   0.0   0.0  12.6  45.1   21:00     E
-------------------------------------------------------------------------------------
     3.8  11.9    24    -7.6    28   405.1   0.0  93.6  11.5  69.2     1      NE

Max >=  32.0:  0
Max <=   0.0:  2
Min <=   0.0:  6
Min <= -18.0:  0
Max Rain: 27.79 ON 18/02/18
Days of Rain: 16 (> .2 mm) 9 (> 2 mm) 1 (> 20 mm)
Heat Base:  18.3  Cool Base:  18.3  Method: Integration