NOAA-style Climate Reports

Select a Year or Month report

Report for 2018 Mar
                   MONTHLY CLIMATOLOGICAL SUMMARY for MAR. 2018

NAME: Poggio alle Forche   CITY: Pomarance   STATE: Italia 
ELEV:   380 m  LAT: 43.3071 N  LONG: 10.8692 E

                   TEMPERATURE (C), RAIN  (mm), WIND SPEED (km/hr)

                                      HEAT  COOL        AVG
    MEAN                              DEG   DEG         WIND                 DOM
DAY TEMP  HIGH   TIME   LOW    TIME   DAYS  DAYS  RAIN  SPEED HIGH   TIME    DIR
------------------------------------------------------------------------------------
 1  -1.8  -0.4   21:00  -3.8    3:00  20.1   0.0   8.4   3.4  24.1    1:30   ENE
 2   4.9  10.1   11:00  -0.6    0:30  13.4   0.0  34.2  19.3  96.6   16:30     W
 3   8.1  12.1   15:00   6.2   23:00  10.2   0.0   2.2  20.9  64.4   16:30     W
 4   8.9  12.4   12:00   6.3    0:30   9.4   0.0   3.8   8.2  30.6    7:30   ESE
 5   6.1   7.8   13:30   4.9   21:00  12.2   0.0   0.8   8.7  24.1    4:00     E
 6   7.7  11.2   15:30   4.7    3:00  10.6   0.0   9.2  16.4  62.8   00:00     W
 7   9.3  11.4   14:30   8.0   19:00   9.0   0.0   0.0  27.0  62.8    0:30     W
 8   9.8  13.3   14:30   7.7    6:00   8.5   0.0   0.0  20.1  59.5    1:00     W
 9  10.4  14.9   15:30   7.6    2:30   7.9   0.0   0.0  13.7  41.8   19:00    SW
10  10.0  12.9   16:30   7.6    5:00   8.3   0.0   0.0  13.2  51.5   14:30    SE
11  10.9  13.7   12:30   9.1   18:30   7.4   0.0  22.4  19.3  69.2   13:00     E
12  10.0  11.7   15:30   5.9   10:00   8.3   0.0  21.2  22.9  69.2   21:00     W
13   9.3  10.6   16:00   8.5   21:30   9.0   0.0   0.0  25.1  67.6   11:30     W
14  10.2  13.9   13:30   7.9    6:30   8.1   0.0   0.0  13.7  37.0   15:00     W
15   9.5  11.7   22:30   6.2    7:00   8.8   0.0   9.2  24.1  78.9   13:00    SE
16  11.2  15.2   15:30   8.6    5:30   7.1   0.0   0.4  12.2  46.7    0:30     W
17   8.8  10.5   13:30   7.3    7:00   9.5   0.0   3.8  18.0  61.2   16:30     W
18   6.3   8.8    0:30   4.7   10:30  12.0   0.0   8.4  20.8  62.8   20:30     E
19   4.6   6.7   17:30   3.2   22:30  13.7   0.0   2.2   9.3  35.4    1:30   ESE
20   4.6   9.7   14:30   1.6    6:30  13.7   0.0   3.8  15.8  45.1   19:00    NE
21   2.8   5.1   11:30   0.8   00:00  15.5   0.0   1.2  23.8  62.8    9:30    NE
22   3.2   6.5   15:00   0.3    3:30  15.1   0.0   0.0  21.9  66.0    9:00    NE
23   6.0  10.2   15:30   2.4    5:00  12.3   0.0   0.0  16.3  46.7   11:30    NE
24   7.3  12.6   15:00   3.2    7:00  11.0   0.0   0.0  14.0  33.8   19:00   ESE
25   6.7  13.1   15:30   2.2    6:30  11.1   0.0   0.0  15.1  45.1   18:00    NE
26   8.3  14.8   15:30   3.6    5:30  10.0   0.0   0.0   9.0  43.5   17:00     N
27  10.2  14.4   15:00   7.3    8:30   8.2   0.0   0.0  11.7  40.2   16:00     W
28  10.8  15.5   13:30   7.3    4:30   7.5   0.0   0.0  13.8  41.8   23:30    SE
29  12.3  15.2   18:00   9.9    7:00   6.0   0.0   0.0  19.8  56.3   13:30     S
30  13.1  15.7   17:30  11.6    3:00   5.2   0.0   0.0  21.7  80.5   17:00     S
31  10.1  12.1   18:00   6.3   10:00   8.2   0.0   3.8  28.3  80.5    9:00   SSW
-------------------------------------------------------------------------------------
     8.0  15.7    30    -3.8     1   317.3   0.0 135.1  17.0  96.6     2       W

Max >=  32.0:  0
Max <=   0.0:  1
Min <=   0.0:  2
Min <= -18.0:  0
Max Rain: 34.19 ON 02/03/18
Days of Rain: 16 (> .2 mm) 13 (> 2 mm) 3 (> 20 mm)
Heat Base:  18.3  Cool Base:  18.3  Method: Integration