NOAA-style Climate Reports

Select a Year or Month report

Report for 2018 Apr
                   MONTHLY CLIMATOLOGICAL SUMMARY for APR. 2018

NAME: Poggio alle Forche   CITY: Pomarance   STATE: Italia 
ELEV:   380 m  LAT: 43.3071 N  LONG: 10.8692 E

                   TEMPERATURE (C), RAIN  (mm), WIND SPEED (km/hr)

                                      HEAT  COOL        AVG
    MEAN                              DEG   DEG         WIND                 DOM
DAY TEMP  HIGH   TIME   LOW    TIME   DAYS  DAYS  RAIN  SPEED HIGH   TIME    DIR
------------------------------------------------------------------------------------
 1   9.6  12.6   14:00   6.7    7:30   8.8   0.0   7.8  28.8  70.8    2:30     W
 2  10.7  16.4   16:30   7.5    5:30   7.6   0.0   0.0  12.1  48.3   18:30   ESE
 3  10.9  15.6   16:30   7.1    7:00   7.4   0.0   0.0  16.7  59.5   18:00   ESE
 4  11.9  14.2   14:00  10.1    4:30   6.4   0.0  15.4  16.3  51.5   14:30    SE
 5  11.3  14.0   14:00   9.6    5:00   7.0   0.0   0.6  13.5  45.1   15:30     W
 6  13.1  21.3   16:30   7.5    8:00   5.5   0.2   0.0   7.2  27.4   18:00   ESE
 7  15.0  21.7   15:30  11.1    7:00   3.5   0.3   0.0  15.8  40.2   17:30   ESE
 8  15.6  21.4   14:30  10.8    8:00   3.2   0.4   0.0  13.7  45.1   19:00   ESE
 9  10.5  13.8    0:30   9.4   16:00   7.8   0.0   7.2  10.6  30.6   00:00   NNW
10  10.7  13.3   14:00   8.2   23:00   7.6   0.0   0.6  13.5  46.7   10:30   ESE
11  10.9  14.1   22:30   8.2    7:30   7.4   0.0   0.6  13.4  37.0   00:00   ESE
12  12.4  16.0   12:30  10.6   00:00   5.9   0.0   0.8  14.6  40.2   17:00    SE
13  11.8  16.1   17:30   8.1    4:30   6.5   0.0   0.0  12.1  40.2   14:30    SW
14  15.3  22.5   15:00  10.2    3:30   3.6   0.6   0.0  13.2  41.8   12:30   ESE
15  15.2  19.7   17:30  12.9    2:30   3.2   0.0   0.0  11.6  37.0   15:30     E
16  15.2  18.7   12:30  12.7   00:00   3.1   0.0   0.0  13.5  46.7   16:00     W
17  16.2  23.3   14:30  11.9    5:00   2.5   0.5   1.8   8.0  32.2   15:00     E
18  17.2  21.3   12:00  14.1    4:00   1.6   0.5   0.0  11.9  37.0   10:30   ENE
19  18.1  25.1   16:00  12.2    3:30   1.7   1.5   0.0  11.4  30.6   12:30     E
20  20.2  26.1   15:30  14.8    6:30   0.9   2.8   0.0  11.1  32.2   22:00    NE
21  20.4  26.9   15:30  15.6    6:30   0.4   2.6   0.0  12.2  35.4   19:00     E
22  18.5  21.7   14:00  15.4   23:30   0.7   0.9   0.0  13.2  38.6   16:00     W
23  17.1  21.4   16:30  14.1    4:00   1.8   0.6   0.0  16.1  41.8   13:30     W
24  18.3  22.8   14:30  14.8   23:00   1.2   1.2   0.0   9.7  33.8   17:30    SW
25  17.7  22.8   15:00  13.3    5:30   1.5   1.0   0.0  13.0  46.7   20:00   ESE
26  17.5  22.7   16:00  13.8    4:30   1.7   0.9   0.0  11.4  37.0   17:00   WNW
27  18.6  26.8   14:00  13.8    7:30   1.4   1.7   0.0  11.7  32.2   17:00   ESE
28  19.6  24.9   14:00  16.1    6:30   0.5   1.7   0.0  10.3  30.6   18:00   ESE
29  19.4  24.4   16:00  14.8   00:00   0.5   1.6   0.0  12.4  54.7   15:30   ESE
30  14.4  18.6   15:00  11.9    6:00   3.9   0.0   0.8  17.7  53.1    1:00   WNW
-------------------------------------------------------------------------------------
    15.1  26.9    21     6.7     1   114.7  19.0  35.6  13.2  70.8     1     ESE

Max >=  32.0:  0
Max <=   0.0:  0
Min <=   0.0:  0
Min <= -18.0:  0
Max Rain: 15.39 ON 04/04/18
Days of Rain: 9 (> .2 mm) 3 (> 2 mm) 0 (> 20 mm)
Heat Base:  18.3  Cool Base:  18.3  Method: Integration