NOAA-style Climate Reports

Select a Year or Month report
V/Λ2019 > Jan Feb Mar Apr May Jun Jul Aug Sep Oct Nov Dec
V/Λ2018 > Jan Feb Mar Apr May Jun Jul Aug Sep Oct Nov Dec
V/Λ2017 > Jan Feb Mar Apr May Jun Jul Aug Sep Oct Nov Dec
V/Λ2016 > Jan Feb Mar Apr May Jun Jul Aug Sep Oct Nov Dec

Report for 2018 May
                   MONTHLY CLIMATOLOGICAL SUMMARY for MAY. 2018

NAME: Poggio alle Forche   CITY: Pomarance   STATE: Italia 
ELEV:   400 m  LAT: 43.3071 N  LONG: 10.8692 E

                   TEMPERATURE (C), RAIN  (mm), WIND SPEED (km/hr)

                                      HEAT  COOL        AVG
    MEAN                              DEG   DEG         WIND                 DOM
DAY TEMP  HIGH   TIME   LOW    TIME   DAYS  DAYS  RAIN  SPEED HIGH   TIME    DIR
------------------------------------------------------------------------------------
 1  11.8  12.9    0:30  10.6   23:00   6.5   0.0   7.6   8.5  27.4   22:30   ESE
 2  12.2  14.2   21:00  10.1    6:00   6.1   0.0  11.2   8.7  29.0    5:00     E
 3  14.9  17.7   14:00  12.8    5:00   3.4   0.0   0.6  12.7  49.9   12:00   ENE
 4  14.9  18.6   16:00  12.9    3:30   3.4   0.0  15.4  10.6  40.2   20:00   ENE
 5  15.7  23.1   16:00  13.0    5:00   2.9   0.3   6.2  10.0  67.6   19:00   ESE
 6  15.8  19.8   14:30  13.8    0:30   2.6   0.1   0.6   9.3  38.6    4:30     W
 7  16.6  22.9   14:30  13.2    6:30   2.3   0.6   1.4   7.4  30.6   16:00   ESE
 8  16.8  23.0   13:30  14.6   23:30   2.0   0.5  20.2   6.4  75.6   14:30   ENE
 9  15.8  20.0   13:30  13.9    5:30   2.6   0.0   1.4   5.8  30.6   21:00   NNE
10  16.0  19.3   16:30  13.6    8:00   2.4   0.1   2.4   9.5  38.6   17:30     W
11  16.3  20.9   13:00  13.2    6:30   2.4   0.4   0.0  10.9  38.6   17:30     W
12  15.7  21.1   15:30  12.9    6:00   2.7   0.2   0.2  11.4  40.2   18:00     W
13  15.3  19.8   14:30  10.2   00:00   3.2   0.2   6.2  14.2  54.7   00:00   ESE
14  10.5  13.8   11:30   8.5    6:00   7.8   0.0   8.4   8.5  49.9    0:30     N
15  11.4  15.6   16:30   7.5    4:00   6.9   0.0   0.6  10.6  38.6   13:00   ESE
16  12.8  16.1   15:00   9.9    5:00   5.5   0.0   2.6   6.4  29.0   19:00   ESE
17  13.6  17.2   11:30  11.4    7:00   4.7   0.0   7.2   6.4  32.2   12:00   ESE
18  16.7  22.5   16:30  12.2    4:00   2.3   0.7   0.0   7.6  27.4   16:30     E
19  19.1  24.3   17:30  14.5    3:30   0.9   1.7   0.0   6.9  29.0   18:30     E
20  18.4  24.4   13:30  13.9   23:00   1.3   1.5   2.6  13.2  45.1   23:30   ESE
21  16.8  23.1   13:00  13.1    3:30   2.0   0.5  10.4  10.9  53.1   14:00     E
22  15.6  18.7   16:30  13.8    3:00   2.8   0.0  10.2   8.7  40.2   15:30   SSW
23  16.6  21.1   15:00  13.9    8:00   2.0   0.3   0.0   9.5  45.1   16:00     W
24  16.8  21.6   14:30  14.3    4:30   2.0   0.5   0.0  12.4  41.8   16:30     W
25  18.2  26.0   14:30  12.7    8:00   2.0   1.8   0.2   8.5  37.0   17:00     W
26  22.8  29.5   17:30  17.7    5:00   0.0   4.6   0.0   8.0  33.8   19:30   ESE
27  22.6  26.8   14:00  19.8    7:30   0.0   4.3   0.0   9.8  30.6   15:30   ESE
28  21.1  24.6   17:00  17.7   23:00   0.0   2.8   0.2   9.2  40.2    4:00    SE
29  21.1  26.9   15:00  17.2    4:00   0.1   2.9   0.0   9.2  30.6   20:30   ESE
30  20.5  24.6   11:00  18.1   16:00   0.0   2.2   6.6  12.7  41.8   12:00   ESE
31  18.9  23.9   15:00  16.5   23:30   0.5   1.1   0.0  11.4  46.7   18:30     W
-------------------------------------------------------------------------------------
    16.5  29.5    26     7.5    15    83.4  27.2 122.4   9.5  75.6     8     ESE

Max >=  32.0:  0
Max <=   0.0:  0
Min <=   0.0:  0
Min <= -18.0:  0
Max Rain: 20.19 ON 08/05/18
Days of Rain: 22 (> .2 mm) 14 (> 2 mm) 1 (> 20 mm)
Heat Base:  18.3  Cool Base:  18.3  Method: Integration