NOAA-style Climate Reports

Select a Year or Month report

Report for 2018 Jun
                   MONTHLY CLIMATOLOGICAL SUMMARY for JUN. 2018

NAME: Poggio alle Forche   CITY: Pomarance   STATE: Italia 
ELEV:   400 m  LAT: 43.3071 N  LONG: 10.8692 E

                   TEMPERATURE (C), RAIN  (mm), WIND SPEED (km/hr)

                                      HEAT  COOL        AVG
    MEAN                              DEG   DEG         WIND                 DOM
DAY TEMP  HIGH   TIME   LOW    TIME   DAYS  DAYS  RAIN  SPEED HIGH   TIME    DIR
------------------------------------------------------------------------------------
 1  18.2  22.2   14:30  15.0    4:00   1.1   1.0   0.0  12.6  41.8   17:00     W
 2  19.6  23.9   15:30  16.1    4:30   0.5   1.8   0.0   8.0  32.2   15:30   WNW
 3  22.0  28.0   14:30  16.8    2:30   0.1   3.8   0.0   8.9  37.0   19:00     E
 4  19.3  23.7   13:30  15.6   23:00   0.5   1.6   0.6  14.6  48.3   14:00     W
 5  17.6  20.7   16:00  14.6    7:30   1.2   0.6   0.0  16.1  45.1   16:30     W
 6  19.1  24.6   13:00  16.0    6:30   0.7   1.5   0.0   8.7  35.4   18:00     W
 7  19.7  25.6   15:00  16.9    3:00   0.4   1.7   2.8   9.0  43.5   17:30     W
 8  17.6  23.8   13:30  14.8    7:00   1.5   0.8   4.4  12.2  41.8   16:00     W
 9  18.4  21.7   16:30  16.3    5:30   0.7   0.9   0.2  21.9  53.1   13:30     W
10  20.6  24.8   14:30  17.3    0:30   0.2   2.5   0.0  11.6  38.6   16:00     W
11  22.8  27.7   12:30  18.8    4:00   0.0   4.5   0.0   9.8  38.6   13:30   ESE
12  20.4  23.2   13:00  17.1   00:00   0.1   2.2   0.0  14.3  49.9   17:00   WNW
13  17.5  21.2   13:30  16.0    8:00   1.1   0.3   4.6   9.0  37.0   14:00     E
14  19.1  23.6   13:30  15.6    6:30   0.8   1.6   0.8   7.1  25.7   12:30    NE
15  20.2  24.1   14:00  16.1    6:00   0.4   2.4   0.0  13.0  43.5   18:00   NNE
16  21.4  26.9   18:00  17.1    7:00   0.2   3.3   0.0   7.6  27.4   15:30    NE
17  21.9  26.4   14:00  18.8    9:00   0.0   3.6   0.0  10.5  40.2   17:00   WNW
18  23.4  28.7   16:30  17.8    6:00   0.0   5.1   0.0   8.7  33.8   12:30    NE
19  24.5  28.6   13:00  20.7    6:00   0.0   6.2   0.0  11.1  38.6   15:00    NE
20  23.9  29.0   15:00  19.3    5:30   0.0   5.6   0.0  10.6  30.6   11:30     E
21  23.4  26.8   16:00  20.8   22:00   0.0   5.1   0.0  12.7  37.0   16:30   WNW
22  22.3  27.0   15:00  19.4    5:30   0.0   4.0   0.0   7.1  30.6   00:00     E
23  20.8  25.5   16:00  15.9    5:30   0.3   2.8   0.0  12.6  37.0    0:30     E
24  20.2  26.9   17:00  15.4    6:00   0.6   2.5   0.0  15.0  41.8    1:00   ESE
25  19.6  25.6   12:30  15.9   00:00   0.2   1.5   3.6   6.9  43.5   13:30     E
26  19.2  23.7   16:00  14.0    4:00   1.1   2.0   0.0  15.1  49.9   12:00    NE
27  21.1  27.6   15:00  16.6   22:30   0.2   2.9   1.6  10.1  49.9   22:00   NNW
28  19.4  26.1   13:30  14.7    2:00   0.6   1.8   0.2  11.7  49.9   15:30     W
29  20.8  25.3   12:30  16.9    3:30   0.3   2.8   0.0  12.6  46.7   15:30     W
30  23.2  28.0   14:30  18.1    5:00   0.0   4.9   0.0  10.9  35.4   14:30     W
-------------------------------------------------------------------------------------
    20.6  29.0    20    14.0    26    12.7  81.1  18.8  11.3  53.1     9       W

Max >=  32.0:  0
Max <=   0.0:  0
Min <=   0.0:  0
Min <= -18.0:  0
Max Rain: 4.60 ON 13/06/18
Days of Rain: 9 (> .2 mm) 4 (> 2 mm) 0 (> 20 mm)
Heat Base:  18.3  Cool Base:  18.3  Method: Integration