NOAA-style Climate Reports

Select a Year or Month report
V/Λ2019 > Jan Feb Mar Apr May Jun Jul Aug Sep Oct Nov Dec
V/Λ2018 > Jan Feb Mar Apr May Jun Jul Aug Sep Oct Nov Dec
V/Λ2017 > Jan Feb Mar Apr May Jun Jul Aug Sep Oct Nov Dec
V/Λ2016 > Jan Feb Mar Apr May Jun Jul Aug Sep Oct Nov Dec

Report for 2018 Jul
                   MONTHLY CLIMATOLOGICAL SUMMARY for JUL. 2018

NAME: Poggio alle Forche   CITY: Pomarance   STATE: Italia 
ELEV:   400 m  LAT: 43.3071 N  LONG: 10.8692 E

                   TEMPERATURE (C), RAIN  (mm), WIND SPEED (km/hr)

                                      HEAT  COOL        AVG
    MEAN                              DEG   DEG         WIND                 DOM
DAY TEMP  HIGH   TIME   LOW    TIME   DAYS  DAYS  RAIN  SPEED HIGH   TIME    DIR
------------------------------------------------------------------------------------
 1  24.5  29.1   15:00  20.7    6:30   0.0   6.2   0.0  11.6  45.1   17:00    SW
 2  23.6  28.7   14:30  19.9    6:30   0.0   5.2   0.0  10.9  35.4   16:30     W
 3  23.3  28.3   13:00  19.8    4:30   0.0   5.0   0.0  10.1  41.8   17:00     W
 4  23.2  26.9   16:00  20.1    2:30   0.0   4.9   0.0  10.6  37.0   17:00   WNW
 5  23.3  27.3   15:30  19.7    5:30   0.0   5.0   0.0  12.6  37.0   16:00   WNW
 6  22.6  25.9   16:30  20.2    6:00   0.0   4.3   0.0  12.4  40.2   17:30   WNW
 7  23.2  30.5   14:00  19.4    6:30   0.0   4.9   0.4   5.6  43.5   16:00    NE
 8  23.6  29.3   14:00  19.6    5:00   0.0   5.2   0.2   9.3  41.8   16:00     W
 9  24.3  30.5   15:00  19.3    6:00   0.0   6.0   0.0  12.9  40.2    3:30     E
10  24.4  27.9   15:30  20.8    6:00   0.0   6.1   0.0  13.4  41.8   19:00   WNW
11  23.1  28.1   15:00  18.9    6:30   0.0   4.8   0.0  14.6  45.1   18:00     W
12  22.8  27.2   14:30  19.2    4:30   0.0   4.5   0.0   9.5  33.8   17:00   WNW
13  24.3  29.2   14:30  19.3    3:00   0.0   6.0   0.0   9.0  33.8   18:00   WNW
14  26.1  31.8   15:00  21.5    5:30   0.0   7.8   0.0  12.1  43.5   19:30   ESE
15  24.9  28.0   15:00  21.9   00:00   0.0   6.6   0.0  15.1  41.8   13:30   WNW
16  23.7  27.4   16:30  16.3   23:30   0.1   5.4   0.4  11.6  72.4   23:00    SW
17  21.7  26.9   14:30  15.8    2:00   0.3   3.7   3.0  13.7  45.1   18:00     W
18  23.9  28.7   16:00  18.8    5:30   0.0   5.7   0.0  10.9  40.2   16:30     W
19  25.3  29.5   16:00  22.7   00:00   0.0   7.0   0.0  11.1  37.0   17:30   WNW
20  23.9  28.6   17:30  20.1    6:00   0.0   5.6   0.0   9.7  40.2   15:30   WNW
21  23.4  27.8   16:30  19.3    7:30   0.0   5.1   0.0  14.3  54.7   17:00    SW
22  22.4  25.9   14:30  18.9   10:00   0.0   4.1   0.0  16.6  57.9   13:00     W
23  22.5  28.5   16:30  17.3    8:00   0.0   4.3   1.8   8.7  38.6   16:30   NNW
24  25.0  31.3   16:30  20.0    6:00   0.0   6.7   0.0   7.6  30.6   18:00   NNW
25  23.7  29.3   14:00  20.6    7:30   0.0   5.4   0.0  11.6  46.7   15:30     W
26  24.3  32.5   14:30  19.3   17:00   0.0   6.0   1.4   8.7  48.3   16:00   ESE
27  24.8  29.9   13:00  21.2    5:00   0.0   6.6   0.0  10.6  41.8   17:00   ESE
28  24.0  28.3   18:00  21.1    5:30   0.0   5.7   0.0  14.3  41.8   14:30   WNW
29  24.7  29.5   14:30  21.6    7:30   0.0   6.4   0.0  10.1  37.0   18:00     W
30  26.3  33.7   15:00  21.1    4:30   0.0   8.0   6.2   7.4  37.0   20:30     N
31  28.5  35.6   16:00  23.1    5:30   0.0  10.2   0.0   6.1  40.2   16:30   ESE
-------------------------------------------------------------------------------------
    24.0  35.6    31    15.8    17     0.5 178.6  13.4  11.1  72.4    16       W

Max >=  32.0:  3
Max <=   0.0:  0
Min <=   0.0:  0
Min <= -18.0:  0
Max Rain: 6.20 ON 30/07/18
Days of Rain: 7 (> .2 mm) 2 (> 2 mm) 0 (> 20 mm)
Heat Base:  18.3  Cool Base:  18.3  Method: Integration