NOAA-style Climate Reports

Select a Year or Month report

Report for 2018 Aug
                   MONTHLY CLIMATOLOGICAL SUMMARY for AUG. 2018

NAME: Poggio alle Forche   CITY: Pomarance   STATE: Italia 
ELEV:   400 m  LAT: 43.3071 N  LONG: 10.8692 E

                   TEMPERATURE (C), RAIN  (mm), WIND SPEED (km/hr)

                                      HEAT  COOL        AVG
    MEAN                              DEG   DEG         WIND                 DOM
DAY TEMP  HIGH   TIME   LOW    TIME   DAYS  DAYS  RAIN  SPEED HIGH   TIME    DIR
------------------------------------------------------------------------------------
 1  29.1  35.1   14:00  25.2    6:00   0.0  10.8   0.0   9.8  40.2   16:00   ESE
 2  26.3  34.3   13:30  19.8   16:00   0.0   8.0   1.2   9.0  69.2   15:30     E
 3  26.5  30.7   17:30  23.3    3:30   0.0   8.2   0.0  13.2  45.1   14:00    NE
 4  26.3  33.9   15:30  22.4    6:00   0.0   8.0   4.2   9.8  46.7   17:00     E
 5  27.3  33.9   15:30  21.5    7:00   0.0   9.0   0.0  12.6  40.2   18:00     E
 6  27.6  34.2   15:00  23.6    6:30   0.0   9.2   0.0  10.6  41.8   18:30     W
 7  25.8  31.9   13:30  22.4    6:30   0.0   7.5   1.4   9.0  45.1   16:30     W
 8  25.9  31.1   13:30  22.4    0:30   0.0   7.6   0.0   9.5  40.2   16:00   WNW
 9  25.4  30.4   15:30  21.8    3:00   0.0   7.2   2.8  10.8  80.5   16:30     W
10  24.9  28.9   16:00  21.8    6:00   0.0   6.7   0.0  11.1  45.1   17:30   WNW
11  25.1  29.7   15:00  21.8    6:30   0.0   6.7   0.0  10.9  54.7   16:30   WNW
12  24.9  30.3   14:30  20.9    6:30   0.0   6.6   0.0   9.5  33.8   16:00     W
13  23.7  28.3   14:30  20.9    7:00   0.0   5.4   0.0   9.3  53.1   15:00    SW
14  21.2  25.3   17:30  16.4    7:00   0.1   3.0  12.6  11.6  53.1    7:00    SW
15  22.3  26.4   16:00  18.4    6:00   0.0   4.0   0.0  12.2  38.6   18:30    NE
16  24.3  30.7   16:00  19.4    6:30   0.0   6.0   0.0  10.0  27.4   18:00   ENE
17  24.7  29.3   16:00  21.3    6:00   0.0   6.4   0.0  12.6  41.8   15:00     E
18  24.7  31.0   15:00  21.6    7:00   0.0   6.4   4.4   8.0  40.2   15:30   WSW
19  25.2  31.4   15:30  21.3    4:30   0.0   6.9   0.0   9.7  56.3   20:30     E
20  25.4  31.7   14:30  21.0   15:00   0.0   7.1   7.0   8.2  96.6   15:00     E
21  26.1  31.8   15:30  22.6    7:00   0.0   7.8   0.0   8.2  32.2   17:00   ESE
22  25.9  32.7   15:00  21.9    5:30   0.0   7.6   0.0  10.8  33.8   15:30   ESE
23  25.0  31.6   15:30  21.3   18:00   0.0   6.7   0.8   7.1  43.5   17:00   ESE
24  24.2  29.8   14:30  21.7    5:00   0.0   5.9   3.0   7.7  38.6   17:00     W
25  22.9  27.9   14:00  20.5   21:00   0.0   4.7   1.8  11.9  46.7   19:30     W
26  19.7  23.4   15:00  15.8   00:00   0.3   1.6   0.0  11.1  38.6    2:30    NE
27  19.5  26.0   15:30  13.6    6:30   1.2   2.4   0.0   8.5  30.6   14:00    NE
28  23.5  29.8   18:30  18.7    6:30   0.0   5.2   0.0   7.1  22.5   14:30     E
29  24.2  30.4   14:00  20.6   00:00   0.0   5.9   0.0  13.5  43.5   18:30   ESE
30  23.3  28.1   12:30  20.2    6:30   0.0   5.0   0.0   9.0  37.0   16:00    SW
31  21.2  25.9   13:00  19.0    3:30   0.0   2.9   0.0  10.6  45.1   14:00     W
-------------------------------------------------------------------------------------
    24.6  35.1     1    13.6    27     1.6 196.5  39.2  10.1  96.6    20     ESE

Max >=  32.0:  6
Max <=   0.0:  0
Min <=   0.0:  0
Min <= -18.0:  0
Max Rain: 12.60 ON 14/08/18
Days of Rain: 10 (> .2 mm) 6 (> 2 mm) 0 (> 20 mm)
Heat Base:  18.3  Cool Base:  18.3  Method: Integration