NOAA-style Climate Reports

Select a Year or Month report

Report for 2018 Sep
                   MONTHLY CLIMATOLOGICAL SUMMARY for SEP. 2018

NAME: Poggio alle Forche   CITY: Pomarance   STATE: Italia 
ELEV:   400 m  LAT: 43.3071 N  LONG: 10.8692 E

                   TEMPERATURE (C), RAIN  (mm), WIND SPEED (km/hr)

                                      HEAT  COOL        AVG
    MEAN                              DEG   DEG         WIND                 DOM
DAY TEMP  HIGH   TIME   LOW    TIME   DAYS  DAYS  RAIN  SPEED HIGH   TIME    DIR
------------------------------------------------------------------------------------
 1  19.4  24.1   13:30  16.6   16:00   0.1   1.2  14.4   8.2  32.2   16:00   ESE
 2  17.8  22.4   18:30  15.2    7:30   1.1   0.6   2.8   7.4  40.2   12:30   ESE
 3  18.9  22.8   16:00  16.4    3:30   0.5   1.1   0.0  10.3  32.2   17:00     W
 4  20.2  24.4   16:00  16.3    5:30   0.2   2.1   1.6  10.8  45.1   16:00     W
 5  21.3  26.8   15:30  18.0    4:30   0.0   3.0   0.2   9.5  33.8   16:30     W
 6  22.0  27.1   13:30  18.4    5:00   0.0   3.7   0.0   9.7  38.6   17:30    SW
 7  20.8  24.3   16:30  18.4    4:30   0.0   2.5   2.2  11.4  40.2   17:30     W
 8  21.6  27.8   16:00  18.2    7:00   0.0   3.3   0.0   7.1  37.0   17:00     W
 9  22.9  28.8   13:30  19.4    7:30   0.0   4.6   0.0  10.6  38.6   16:30     W
10  24.3  30.2   14:30  21.3    1:00   0.0   6.0   0.0   7.1  32.2   17:00   ESE
11  24.9  31.7   15:30  21.0    6:30   0.0   6.7   0.0   8.2  37.0   17:00   ESE
12  25.3  31.6   15:00  21.7    7:30   0.0   7.0   0.0   8.9  43.5   16:30     W
13  21.0  22.8   15:30  19.0    9:00   0.0   2.7   0.0  10.1  37.0   14:00   WSW
14  21.9  26.6   13:30  18.8    5:30   0.0   3.6   0.0   9.5  37.0   16:30     W
15  22.7  27.6   15:00  19.7    4:00   0.0   4.3   0.0   7.4  32.2   18:00     W
16  22.8  27.7   13:00  19.4    6:00   0.0   4.5   0.0   9.0  35.4   13:30   ESE
17  21.4  26.1   13:30  18.4    9:30   0.0   3.1   2.2   7.4  40.2   15:30    SE
18  21.4  25.4   11:30  18.7    2:00   0.0   3.1   3.6   7.1  38.6   14:30    SE
19  22.2  27.7   15:30  19.3    7:00   0.0   3.8   9.6   7.9  46.7   17:30   ESE
20  22.4  28.3   16:00  18.7    7:30   0.0   4.1   0.0  10.1  45.1   16:30     E
21  22.9  28.5   15:30  20.2    7:30   0.0   4.6   0.0  10.6  41.8   16:30     E
22  22.2  26.9   15:00  19.4    5:00   0.0   3.9   0.0   8.4  25.7    0:30     W
23  21.3  26.4   15:00  17.9    8:30   0.0   3.1   0.2  13.0  46.7   19:30   SSW
24  21.4  27.4   16:30  15.7   00:00   0.2   3.3   0.0  15.4  54.7   22:00     E
25  15.8  21.3   15:00  11.7   00:00   2.9   0.4   0.0  14.2  41.8   19:00   ENE
26  13.4  18.2   16:00   9.7    6:30   4.9   0.0   0.0  17.4  43.5   10:00    NE
27  17.3  26.4   16:30   9.4    1:00   3.1   2.1   0.0  10.6  25.7    3:00     E
28  20.7  26.8   15:30  15.7    4:30   0.5   2.8   0.0   9.3  22.5    2:30   ESE
29  20.8  26.6   15:00  16.7    6:00   0.2   2.8   0.0  12.2  45.1   12:00     E
30  19.0  26.0   15:30  14.8    6:30   0.9   1.6   0.0  16.1  48.3    2:30   ESE
-------------------------------------------------------------------------------------
    21.0  31.7    11     9.4    27    14.6  95.6  36.8  10.2  54.7    24     ESE

Max >=  32.0:  0
Max <=   0.0:  0
Min <=   0.0:  0
Min <= -18.0:  0
Max Rain: 14.40 ON 01/09/18
Days of Rain: 9 (> .2 mm) 6 (> 2 mm) 0 (> 20 mm)
Heat Base:  18.3  Cool Base:  18.3  Method: Integration