NOAA-style Climate Reports

Select a Year or Month report

Report for 2018 Oct
                   MONTHLY CLIMATOLOGICAL SUMMARY for OCT. 2018

NAME: Poggio alle Forche   CITY: Pomarance   STATE: Italia 
ELEV:   400 m  LAT: 43.3071 N  LONG: 10.8692 E

                   TEMPERATURE (C), RAIN  (mm), WIND SPEED (km/hr)

                                      HEAT  COOL        AVG
    MEAN                              DEG   DEG         WIND                 DOM
DAY TEMP  HIGH   TIME   LOW    TIME   DAYS  DAYS  RAIN  SPEED HIGH   TIME    DIR
------------------------------------------------------------------------------------
 1  16.2  20.7   14:00  11.9   16:00   2.2   0.1  54.4  15.6  78.9   15:30   SSW
 2  12.5  15.8   12:30   9.8    7:00   5.8   0.0  18.6  14.8  54.7   15:30    NE
 3  15.7  21.7   16:30   9.7    4:00   3.4   0.7   0.0  12.9  32.2   22:00     E
 4  18.0  24.8   16:00  12.9    5:00   1.9   1.6   0.0  13.5  35.4    3:30     E
 5  16.7  20.5   12:30  13.6    7:00   1.9   0.3   0.0  13.8  45.1   14:30     E
 6  14.3  15.7    1:30  13.1    7:30   4.0   0.0   5.0   9.8  32.2    1:30     E
 7  16.7  21.1   15:00  13.7    6:00   2.0   0.4   0.2   5.6  30.6   18:30   WNW
 8  18.2  23.2   16:00  14.1    8:00   1.2   1.1   0.0   9.8  30.6   16:30   ESE
 9  18.3  23.1   15:30  13.8    5:00   1.2   1.2   0.0  11.3  29.0   14:30     E
10  18.3  22.3   13:00  15.4    7:30   0.9   0.9   1.0  13.7  37.0    8:30   ESE
11  17.2  18.7   17:00  14.9    9:00   1.1   0.0   2.4  10.6  30.6    1:00   ESE
12  18.9  23.6   15:30  15.4    8:00   0.9   1.6   0.0   8.0  22.5    8:30   ESE
13  17.8  23.0   17:30  12.6    8:00   1.6   1.1   0.0  11.1  27.4   14:00   ESE
14  17.7  23.0   16:30  14.0    8:00   1.3   0.8   0.0  11.4  24.1    8:30   ESE
15  17.4  22.3   16:00  13.6    4:00   1.6   0.8   0.0  11.3  27.4    6:30   ESE
16  16.2  17.8   14:00  14.3    8:00   2.1   0.0   0.2  10.5  24.1    8:00     E
17  16.9  19.4   16:30  15.1    7:00   1.5   0.1   0.2   8.7  20.9   00:00     E
18  18.1  23.2   15:30  14.1    6:30   1.4   1.2   0.0  11.4  30.6   19:30     E
19  18.6  23.7   16:30  13.8    8:00   1.3   1.6   0.0  10.1  30.6    1:30     E
20  18.9  24.1   17:00  15.7    2:30   0.9   1.5   0.0   9.0  19.3    0:30   ESE
21  16.8  23.4   15:30   9.3   00:00   2.3   0.8   0.0  13.2  48.3   19:30   ESE
22  11.3  14.3   15:30   8.4    7:30   7.0   0.0   0.0  21.4  64.4   16:00    NE
23  14.3  18.6   16:30  10.8    8:30   4.0   0.0   0.0  12.2  51.5    3:30    NE
24  15.7  18.8   15:30  13.5    7:00   2.6   0.0   0.0  15.9  51.5   13:30     W
25  16.4  21.4   15:30  12.6    8:00   2.2   0.3   0.0   9.0  33.8   14:30   WNW
26  17.5  20.3   16:00  15.3    3:00   1.1   0.3   0.0  13.7  62.8   23:00   SSW
27  18.0  20.4   15:00  16.6    7:30   0.6   0.3   0.0  30.3  75.6   19:30   SSE
28  17.9  19.4    9:00  15.3   20:00   0.6   0.2   0.4  26.9  83.7    9:30     S
29  16.2  21.7   15:30  10.3   23:30   2.7   0.6  50.4  45.5 128.7   17:30    SE
30  11.6  14.7   14:00   9.9   21:00   6.8   0.0   5.0  19.5  80.5    0:30   SSW
31  11.7  14.9   14:30   9.3    6:30   6.6   0.0   1.2  16.7  43.5   15:00   ESE
-------------------------------------------------------------------------------------
    16.4  24.8     4     8.4    22    74.7  17.4 139.0  14.4 128.7    29       E

Max >=  32.0:  0
Max <=   0.0:  0
Min <=   0.0:  0
Min <= -18.0:  0
Max Rain: 54.41 ON 01/10/18
Days of Rain: 12 (> .2 mm) 6 (> 2 mm) 2 (> 20 mm)
Heat Base:  18.3  Cool Base:  18.3  Method: Integration