NOAA-style Climate Reports

Select a Year or Month report

Report for 2018 Nov
                   MONTHLY CLIMATOLOGICAL SUMMARY for NOV. 2018

NAME: Poggio alle Forche   CITY: Pomarance   STATE: Italia 
ELEV:   400 m  LAT: 43.3071 N  LONG: 10.8692 E

                   TEMPERATURE (C), RAIN  (mm), WIND SPEED (km/hr)

                                      HEAT  COOL        AVG
    MEAN                              DEG   DEG         WIND                 DOM
DAY TEMP  HIGH   TIME   LOW    TIME   DAYS  DAYS  RAIN  SPEED HIGH   TIME    DIR
------------------------------------------------------------------------------------
 1  14.0  17.1   16:00  10.8    3:00   4.3   0.0  10.6  12.9  80.5    5:30   ESE
 2  13.6  14.4   16:00  12.6    8:30   4.7   0.0   9.0  11.3  45.1    3:30     E
 3  15.8  19.6   14:00  12.9    5:30   2.7   0.1   0.2  12.9  30.6    4:00     E
 4  15.2  17.3   15:00  12.9   00:00   3.1   0.0   0.0  15.9  37.0   14:30     E
 5  14.3  17.9   14:30  11.3    7:30   4.0   0.0   0.0  16.4  45.1   16:00   ESE
 6  14.3  17.1   14:00  12.7    7:30   4.0   0.0   1.4  13.5  40.2    8:30   ESE
 7  12.6  13.6    0:30  11.8    8:30   5.8   0.0   6.0  12.4  41.8   12:00    SW
 8  13.9  17.3   13:30  10.7    8:30   4.4   0.0   0.0   5.5  20.9    4:00   ESE
 9  13.3  16.8   13:00  10.2    7:30   5.0   0.0   0.0   9.5  24.1    8:30    SE
10  13.9  17.5   13:30  10.7    7:30   4.4   0.0   0.0   9.3  30.6    3:00   ESE
11  14.7  17.4   14:30  12.7    0:30   3.6   0.0   0.0  11.1  33.8   12:30    SW
12  14.7  18.7   16:30  11.7    7:00   3.6   0.0   0.0   6.8  25.7    9:30    SE
13  14.4  17.3   14:30  12.7    4:30   3.9   0.0   0.0   5.0  20.9   17:00   ESE
14  13.7  16.8   14:00  11.3   00:00   4.6   0.0   0.0   7.2  24.1   15:00   ESE
15  11.9  16.1   14:00   9.4   00:00   6.4   0.0   0.0  11.6  24.1   10:30     E
16   9.3  12.3   13:00   6.6   23:00   9.0   0.0   0.0  18.3  53.1   14:00    NE
17   6.7   8.7   12:00   5.8   20:30  11.6   0.0   0.0  19.2  49.9   14:00    NE
18   5.4   8.3   14:00   2.8   00:00  12.9   0.0   0.0  15.9  40.2    9:00    NE
19   4.4   6.7   14:30   1.9    7:30  13.9   0.0   1.4  11.6  29.0    0:30     E
20   4.4   5.6   23:30   3.4    7:30  13.9   0.0   1.6   8.4  27.4    2:30     E
21   8.4  11.5   00:00   5.3    0:30   9.8   0.0   2.2  13.4  29.0   14:00   ESE
22  11.9  14.4   16:00  10.5    5:30   6.4   0.0   0.2   6.0  22.5    1:30    SE
23  12.1  14.8   17:00   8.9    6:30   6.2   0.0   2.8  19.5  74.0   16:00   ESE
24  14.2  15.3    3:00  12.1   00:00   4.1   0.0   1.6  18.8  80.5    3:00     S
25  10.8  12.1    0:30   9.3   17:30   7.5   0.0   9.0   8.2  25.7   14:30   WSW
26   8.7  10.8    0:30   7.3    2:00   9.6   0.0  11.4  14.6  57.9   10:30     W
27   8.4  10.3   14:00   6.8    7:00   9.9   0.0   0.2  11.1  43.5   14:00   NNE
28   7.7   9.9   14:30   6.0   00:00  10.6   0.0   0.0  15.3  40.2   19:30    NE
29   6.7  10.5   14:30   2.6    8:00  11.6   0.0   0.0  11.9  27.4    5:00     E
30   7.6   9.8   11:00   5.6    6:30  10.7   0.0   0.0  11.9  32.2   17:30   ESE
-------------------------------------------------------------------------------------
    11.2  19.6     3     1.9    19   212.1   0.1  57.6  12.2  80.5     1       E

Max >=  32.0:  0
Max <=   0.0:  0
Min <=   0.0:  0
Min <= -18.0:  0
Max Rain: 11.40 ON 26/11/18
Days of Rain: 14 (> .2 mm) 7 (> 2 mm) 0 (> 20 mm)
Heat Base:  18.3  Cool Base:  18.3  Method: Integration