NOAA-style Climate Reports

Select a Year or Month report
V/Λ2019 > Jan Feb Mar Apr May Jun Jul Aug Sep Oct Nov Dec
V/Λ2018 > Jan Feb Mar Apr May Jun Jul Aug Sep Oct Nov Dec
V/Λ2017 > Jan Feb Mar Apr May Jun Jul Aug Sep Oct Nov Dec
V/Λ2016 > Jan Feb Mar Apr May Jun Jul Aug Sep Oct Nov Dec

Report for 2018 Dec
                   MONTHLY CLIMATOLOGICAL SUMMARY for DEC. 2018

NAME: Poggio alle Forche   CITY: Pomarance   STATE: Italia 
ELEV:   400 m  LAT: 43.3071 N  LONG: 10.8692 E

                   TEMPERATURE (C), RAIN  (mm), WIND SPEED (km/hr)

                                      HEAT  COOL        AVG
    MEAN                              DEG   DEG         WIND                 DOM
DAY TEMP  HIGH   TIME   LOW    TIME   DAYS  DAYS  RAIN  SPEED HIGH   TIME    DIR
------------------------------------------------------------------------------------
 1   8.8  11.0   15:30   6.8    1:00   9.5   0.0   5.2  14.6  45.1    6:30   ESE
 2  10.3  11.7   14:00   8.1    1:00   8.0   0.0   0.0   8.2  30.6   19:30    SW
 3  12.2  14.1   23:00  10.3    0:30   6.1   0.0   0.2  14.5  46.7    4:30    SW
 4  12.7  14.6   14:30  11.4   23:30   5.6   0.0   0.2  15.1  41.8    2:00     W
 5  12.5  15.5   12:00   9.9    2:30   5.8   0.0   0.2  12.2  27.4    6:00   ESE
 6  10.1  12.0    9:30   7.2   23:00   8.2   0.0   3.2   9.2  27.4   18:00     E
 7  10.2  13.2   13:00   7.3    0:30   8.1   0.0   0.4  16.6  51.5   21:00   ESE
 8  11.6  13.8   14:30  10.3   20:00   6.7   0.0   3.4  23.3  77.2    5:00     W
 9  11.9  13.8   10:30  10.1    3:00   6.4   0.0   0.4  30.3  90.1   12:30     W
10  11.7  15.3   14:00   8.3   00:00   6.6   0.0   0.0  12.6  48.3    2:30     W
11   8.1  11.0   15:00   5.5   22:30  10.2   0.0   0.0   9.0  30.6   21:30   ESE
12   5.3   6.6   13:30   3.2    8:30  13.0   0.0   0.0  15.1  33.8    9:00   ESE
13   2.2   4.7    0:30   0.0    6:00  16.1   0.0   1.6  13.2  45.1    4:30     E
14   2.4   3.5   16:00   1.2   23:00  15.9   0.0   0.2  13.7  40.2   10:00   ENE
15   1.7   4.4   14:30  -0.1    8:00  16.6   0.0   0.0  13.4  35.4    3:00    NE
16   2.3   5.0   13:00   0.3    0:30  16.0   0.0  15.2  16.9  45.1   21:30     E
17   3.1   4.9   15:30   1.2    8:30  15.2   0.0   2.0  10.9  51.5   15:30    NE
18   6.2  10.3   16:00   3.4    7:00  12.2   0.0   0.0   9.2  38.6    2:00   ESE
19   7.3   9.9   12:00   6.1    0:30  11.0   0.0   0.8   7.4  30.6   21:00    SE
20   8.9  10.5   13:00   7.3    0:30   9.4   0.0   5.2  15.1  54.7    3:30     W
21   9.7  11.2   13:30   7.8    2:00   8.7   0.0   1.2  18.2  53.1   16:00   WSW
22  12.4  13.7   15:00  10.1    5:30   5.8   0.0   0.0  12.6  45.1   10:30    SW
23  12.7  15.8   13:30  10.9   00:00   5.6   0.0   0.0   6.9  29.0   20:00    SE
24  11.2  12.4   15:30   7.6   00:00   7.1   0.0   0.0  11.1  38.6   00:00   SSW
25   7.9  11.7   16:00   4.9    8:00  10.4   0.0   0.0  11.7  43.5    1:30     E
26   8.3  11.9   15:00   4.9    4:30  10.0   0.0   0.0  10.0  27.4    0:30   WSW
27   8.6   9.9   14:00   7.4    2:00   9.7   0.0   0.0   4.7  16.1    0:30    SW
28   8.9  11.1   15:00   6.8    8:00   9.4   0.0   0.2   4.3  19.3   13:30    NW
29   9.1  11.4   13:00   6.4    6:30   9.2   0.0   0.2   4.7  17.7    6:30   ENE
30   9.8  11.6   14:30   8.4    8:00   8.5   0.0   0.0  11.9  48.3    9:30     W
31   9.8  12.3   12:00   7.5   00:00   8.5   0.0   0.0   8.5  37.0   00:00   ESE
-------------------------------------------------------------------------------------
     8.6  15.8    23    -0.1    15   299.5   0.0  39.8  12.4  90.1     9     ESE

Max >=  32.0:  0
Max <=   0.0:  0
Min <=   0.0:  2
Min <= -18.0:  0
Max Rain: 15.19 ON 16/12/18
Days of Rain: 17 (> .2 mm) 6 (> 2 mm) 0 (> 20 mm)
Heat Base:  18.3  Cool Base:  18.3  Method: Integration