NOAA-style Climate Reports

Select a Year or Month report
V/Λ2019 > Jan Feb Mar Apr May Jun Jul Aug Sep Oct Nov Dec
V/Λ2018 > Jan Feb Mar Apr May Jun Jul Aug Sep Oct Nov Dec
V/Λ2017 > Jan Feb Mar Apr May Jun Jul Aug Sep Oct Nov Dec
V/Λ2016 > Jan Feb Mar Apr May Jun Jul Aug Sep Oct Nov Dec

Report for 2019 Feb
                   MONTHLY CLIMATOLOGICAL SUMMARY for FEB. 2019

NAME: Poggio alle Forche   CITY: Pomarance   STATE: Italia 
ELEV:   400 m  LAT: 43.3071 N  LONG: 10.8692 E

                   TEMPERATURE (C), RAIN  (mm), WIND SPEED (km/hr)

                                      HEAT  COOL        AVG
    MEAN                              DEG   DEG         WIND                 DOM
DAY TEMP  HIGH   TIME   LOW    TIME   DAYS  DAYS  RAIN  SPEED HIGH   TIME    DIR
------------------------------------------------------------------------------------
 1  11.4  13.2   15:00   8.5    1:30   6.9   0.0   7.0  37.5 109.4   19:00     S
 2   9.1  11.3    1:30   5.4   00:00   9.3   0.0  20.0  24.0  99.8    3:30     S
 3   6.3   8.3   11:00   5.1    4:30  12.0   0.0   0.8  13.8  40.2   11:30     E
 4   6.4  10.4   13:30   4.7   00:00  11.9   0.0   0.2  12.6  40.2   16:00    NE
 5   6.4   9.9   15:30   4.2    8:00  11.8   0.0   0.0  12.2  41.8   18:00    NE
 6   7.4  11.3   15:00   4.8    2:00  10.9   0.0   0.0  17.1  46.7   12:00    NE
 7   8.0  13.7   15:30   4.3    7:30  10.3   0.0   0.0  11.9  27.4   17:30   ESE
 8   8.4  12.4   15:00   5.2    9:30   9.9   0.0   0.6   6.0  17.7   18:00     E
 9   8.8  10.3   16:30   7.6    4:30   9.5   0.0   0.0  10.9  38.6   21:00     W
10   9.5  11.4   13:30   6.9    3:30   8.8   0.0   0.0  20.8  67.6   17:30   SSW
11   9.3  11.4   15:30   7.8   00:00   9.0   0.0   0.0  18.8  82.1    2:30   WSW
12   8.5  12.7   13:30   4.8    5:30   9.8   0.0   0.0   8.5  37.0   15:00     W
13   7.9  12.5   15:30   3.9    5:30  10.4   0.0   0.0  12.9  38.6    9:30   ESE
14  10.1  15.6   15:00   5.7    6:30   8.2   0.0   0.0   8.0  22.5    1:00   NNW
15  11.7  17.1   14:30   7.4    6:00   6.7   0.0   0.0   6.4  24.1   23:00     N
16  10.1  16.5   16:30   6.2    7:30   8.2   0.0   0.0   9.7  25.7   18:30   ESE
17   9.2  12.8   15:00   7.3   00:00   9.1   0.0   0.0  10.5  24.1   11:00     W
18   7.0  11.9   15:30   3.2    9:30  11.3   0.0   0.2   7.6  27.4   19:30     W
19   7.8   9.8   12:30   6.5    8:00  10.5   0.0   0.0   8.4  27.4   14:00    SE
20   9.2  12.9   13:30   7.6    7:30   9.1   0.0   0.0   9.0  32.2   16:00   ESE
21   8.4  12.4   15:00   6.8    7:30   9.8   0.0   0.2   8.7  32.2   17:30     W
22   9.3  13.6   15:00   7.4    1:00   8.9   0.0   0.0   8.0  25.7   15:30   NNW
23   6.2   9.2    0:30   3.4   00:00  12.1   0.0   0.4  23.3  78.9   17:00    NE
24   5.2   9.4   15:00   1.5    6:00  13.1   0.0   0.0  16.3  45.1    7:30    NE
25   9.1  14.2   15:00   3.3    7:30   9.2   0.0   0.0  15.6  61.2   15:30    NE
26  11.3  14.4   14:30   8.3    7:30   7.0   0.0   0.0   9.8  27.4    1:30   ENE
27  12.5  17.8   14:30   9.3   00:00   5.8   0.0   0.0   8.9  29.0   15:30   WNW
28   8.9  12.1   15:00   4.9    6:00   9.4   0.0   0.0  10.1  37.0   13:30     W
-------------------------------------------------------------------------------------
     8.7  17.8    27     1.5    24   268.9   0.0  29.4  13.1 109.4     1      NE

Max >=  32.0:  0
Max <=   0.0:  0
Min <=   0.0:  0
Min <= -18.0:  0
Max Rain: 19.99 ON 02/02/19
Days of Rain: 8 (> .2 mm) 2 (> 2 mm) 0 (> 20 mm)
Heat Base:  18.3  Cool Base:  18.3  Method: Integration