NOAA-style Climate Reports

Select a Year or Month report
V/Λ2019 > Jan Feb Mar Apr May Jun Jul Aug Sep Oct Nov Dec
V/Λ2018 > Jan Feb Mar Apr May Jun Jul Aug Sep Oct Nov Dec
V/Λ2017 > Jan Feb Mar Apr May Jun Jul Aug Sep Oct Nov Dec
V/Λ2016 > Jan Feb Mar Apr May Jun Jul Aug Sep Oct Nov Dec

Report for 2019 Mar
                   MONTHLY CLIMATOLOGICAL SUMMARY for MAR. 2019

NAME: Poggio alle Forche   CITY: Pomarance   STATE: Italia 
ELEV:   400 m  LAT: 43.3071 N  LONG: 10.8692 E

                   TEMPERATURE (C), RAIN  (mm), WIND SPEED (km/hr)

                                      HEAT  COOL        AVG
    MEAN                              DEG   DEG         WIND                 DOM
DAY TEMP  HIGH   TIME   LOW    TIME   DAYS  DAYS  RAIN  SPEED HIGH   TIME    DIR
------------------------------------------------------------------------------------
 1   9.8  11.3   13:30   8.4   00:00   8.5   0.0   0.0   6.8  24.1   15:00     W
 2  10.7  16.4   13:00   6.0    5:00   7.6   0.0   0.2   9.7  37.0   18:30   ESE
 3  11.6  15.8   15:30   8.9    7:30   6.7   0.0   0.0  10.6  32.2   16:30   ESE
 4  11.0  13.5   15:30   7.9    7:30   7.3   0.0   0.0  19.5  74.0   14:30     S
 5  10.9  13.1   11:30   8.8   21:30   7.4   0.0   0.0  23.5  77.2    1:30     W
 6  11.3  15.1   16:00   7.9    6:30   7.0   0.0   0.0  13.8  48.3   22:00    SE
 7  12.3  14.7   13:00  10.4   00:00   6.0   0.0   0.0  18.5  59.5   12:00   SSW
 8  11.2  14.2   15:00   9.8   23:30   7.1   0.0   0.0  13.5  41.8    7:00   WSW
 9  10.6  14.3   14:30   8.7   22:30   7.7   0.0   0.0  11.9  43.5   13:00   WNW
10  11.8  15.9   16:00   8.5    5:30   6.5   0.0   0.0  15.1  56.3   15:30    SW
11  10.1  12.9    0:30   3.8   00:00   8.2   0.0   0.2  20.1  64.4   18:00     W
12   7.3  12.8   15:30   2.3    1:30  10.9   0.0   0.0  10.8  45.1   17:30     W
13   8.4  11.8   16:00   5.7   00:00   9.9   0.0   0.0  17.2  53.1   10:00   SSW
14   8.7  12.8   11:30   4.9    3:30   9.6   0.0   0.0  15.1  53.1   14:30     W
15  11.6  15.3   14:00   9.6    0:30   6.8   0.0   0.0  17.4  54.7    7:00     W
16  12.7  18.6   14:00   9.7   00:00   5.6   0.0   0.0   7.6  33.8   15:00   ESE
17  10.7  14.3   13:00   9.0   00:00   7.6   0.0   0.0  12.6  49.9   15:00    SW
18   9.1  12.7   14:00   6.1   00:00   9.2   0.0   2.2  13.4  54.7    8:00   ENE
19   6.2   8.9   15:30   4.0   00:00  12.1   0.0   0.6  16.3  51.5   14:30    NE
20   6.9  11.4   14:30   3.2    6:00  11.4   0.0   0.0  18.2  51.5   17:30   ENE
21   9.3  15.6   14:00   4.2    6:00   9.0   0.0   0.0  15.6  41.8   18:00   ENE
22  12.8  19.8   15:30   7.6    4:00   5.6   0.1   0.0  12.4  30.6   11:00     E
23  15.1  22.1   17:00   9.6    2:30   3.8   0.5   0.0  11.1  35.4    5:00     E
24  15.3  21.7   13:00  11.8   21:30   3.3   0.3   0.0  11.9  43.5   16:00   ESE
25  12.7  17.4   14:30   9.1   00:00   5.6   0.0   0.0  12.1  35.4   14:00   WNW
26   7.7  11.1   11:00   4.7    7:00  10.6   0.0   0.0  25.3  69.2    3:00    NE
27   8.2  13.4   13:30   3.9    6:30  10.1   0.0   0.0  16.7  53.1   19:00    NE
28   8.6  13.2   14:30   4.3    6:30   9.8   0.0   0.0  17.4  51.5   17:30    NE
29  10.9  17.1   14:30   5.2    6:30   7.4   0.0   0.0  13.5  37.0   12:00   ENE
30  12.0  18.6   14:30   8.3    3:30   6.3   0.0   0.0   9.7  33.8   15:00     W
31  12.1  17.6   16:30   7.2    7:30   5.9   0.0   0.0   8.4  27.4   14:00     W
-------------------------------------------------------------------------------------
    10.6  22.1    23     2.3    12   240.5   0.9   3.2  14.4  77.2     5       W

Max >=  32.0:  0
Max <=   0.0:  0
Min <=   0.0:  0
Min <= -18.0:  0
Max Rain: 2.21 ON 18/03/19
Days of Rain: 4 (> .2 mm) 1 (> 2 mm) 0 (> 20 mm)
Heat Base:  18.3  Cool Base:  18.3  Method: Integration