NOAA-style Climate Reports

Select a Year or Month report
V/Λ2019 > Jan Feb Mar Apr May Jun Jul Aug Sep Oct Nov Dec
V/Λ2018 > Jan Feb Mar Apr May Jun Jul Aug Sep Oct Nov Dec
V/Λ2017 > Jan Feb Mar Apr May Jun Jul Aug Sep Oct Nov Dec
V/Λ2016 > Jan Feb Mar Apr May Jun Jul Aug Sep Oct Nov Dec

Report for 2019 Apr
                   MONTHLY CLIMATOLOGICAL SUMMARY for APR. 2019

NAME: Poggio alle Forche   CITY: Pomarance   STATE: Italia 
ELEV:   400 m  LAT: 43.3071 N  LONG: 10.8692 E

                   TEMPERATURE (C), RAIN  (mm), WIND SPEED (km/hr)

                                      HEAT  COOL        AVG
    MEAN                              DEG   DEG         WIND                 DOM
DAY TEMP  HIGH   TIME   LOW    TIME   DAYS  DAYS  RAIN  SPEED HIGH   TIME    DIR
------------------------------------------------------------------------------------
 1  14.3  22.7   15:30   9.1    3:30   4.4   0.3   0.0  11.3  32.2   16:00   ESE
 2  13.4  17.0   12:00   9.9   00:00   4.9   0.0   0.0  10.1  41.8   17:30     W
 3  11.3  13.7   16:30   9.2    6:00   7.0   0.0   0.4  17.4  54.7   13:00    SE
 4   9.2  13.1   12:00   3.3   20:00   9.1   0.0  14.8  26.7  75.6    3:30    SE
 5   8.1  11.4   16:30   4.7    0:30  10.2   0.0   1.2  20.1  61.2    6:00     W
 6  10.5  14.8   15:00   7.6    1:30   7.8   0.0   0.0   7.1  29.0   15:30    SE
 7   8.7  12.1   17:00   6.2    7:30   9.6   0.0   9.4  11.1  33.8    6:30   WNW
 8   9.1  12.6   14:00   7.1    3:00   9.2   0.0   0.0  16.1  53.1   16:00     W
 9  10.9  15.3   17:00   8.8    0:30   6.9   0.0   0.0  16.3  43.5   17:30     W
10  10.4  14.2   13:30   8.3    8:00   7.9   0.0  15.4   7.6  33.8   17:00   WSW
11   9.8  13.5   13:00   8.4   23:00   8.5   0.0   7.0   7.1  37.0   14:30   ESE
12  10.4  15.7   13:30   7.8    8:00   7.9   0.0   2.0   8.4  29.0   14:00     E
13   9.2  13.5   15:00   6.2    7:00   9.1   0.0   1.2   8.4  27.4    8:30   ENE
14   7.2   9.6   11:30   5.4    8:30  11.1   0.0   8.4  14.2  37.0   15:00   ENE
15  10.8  15.1   16:00   7.1    1:00   7.5   0.0   0.0  14.0  48.3   11:00    NE
16  11.8  16.4   14:00   8.7    7:00   6.5   0.0   0.2  13.2  41.8   17:30     W
17  13.1  19.1   14:30   8.9    2:30   5.2   0.0   0.0   7.1  33.8   17:00     W
18  15.7  20.3   16:30  11.3    4:30   2.9   0.3   0.0  13.0  38.6   13:00     E
19  15.1  20.7   15:30  10.8    8:00   3.4   0.2   0.0  12.2  32.2   17:30     E
20  15.3  21.0   16:00  10.4    8:00   3.4   0.4   0.0  14.0  38.6   14:30     E
21  16.5  20.9   15:00  12.9    3:00   2.3   0.5   0.0  13.8  37.0    5:00   ESE
22  14.4  17.9   13:30  11.1   22:00   3.8   0.0  19.2  11.9  30.6    3:30     E
23  12.9  15.6   14:30  11.2    1:30   5.4   0.0  18.2  21.7  80.5   19:00     E
24  15.6  19.3   15:30  13.0    7:30   2.8   0.0   0.2  16.7  54.7   15:30   SSE
25  17.2  22.2   12:30  12.7    7:00   1.9   0.8   0.0   8.9  27.4    8:30    SE
26  14.7  18.5   13:30  11.2   00:00   3.6   0.0   6.2  11.3  43.5   23:30     W
27  12.3  15.3   15:00  10.5   22:00   6.0   0.0   0.0  21.6  57.9    3:00     W
28  11.2  13.8   12:30   7.9   22:30   7.1   0.0   0.2  14.2  51.5   16:00     W
29   9.2  13.5   15:00   6.2    8:30   9.1   0.0   3.8   8.7  46.7    9:00     N
30  11.1  14.7   15:00   7.6    3:30   7.3   0.0   0.0  13.8  46.7   18:30     W
-------------------------------------------------------------------------------------
    12.0  22.7     1     3.3     4   191.6   2.5 107.8  13.3  80.5    23       W

Max >=  32.0:  0
Max <=   0.0:  0
Min <=   0.0:  0
Min <= -18.0:  0
Max Rain: 19.20 ON 22/04/19
Days of Rain: 16 (> .2 mm) 10 (> 2 mm) 0 (> 20 mm)
Heat Base:  18.3  Cool Base:  18.3  Method: Integration