NOAA-style Climate Reports

Select a Year or Month report
V/Λ2019 > Jan Feb Mar Apr May Jun Jul Aug Sep Oct Nov Dec
V/Λ2018 > Jan Feb Mar Apr May Jun Jul Aug Sep Oct Nov Dec
V/Λ2017 > Jan Feb Mar Apr May Jun Jul Aug Sep Oct Nov Dec
V/Λ2016 > Jan Feb Mar Apr May Jun Jul Aug Sep Oct Nov Dec

Report for 2019 Jul
                   MONTHLY CLIMATOLOGICAL SUMMARY for JUL. 2019

NAME: Poggio alle Forche   CITY: Pomarance   STATE: Italia 
ELEV:   400 m  LAT: 43.3071 N  LONG: 10.8692 E

                   TEMPERATURE (C), RAIN  (mm), WIND SPEED (km/hr)

                                      HEAT  COOL        AVG
    MEAN                              DEG   DEG         WIND                 DOM
DAY TEMP  HIGH   TIME   LOW    TIME   DAYS  DAYS  RAIN  SPEED HIGH   TIME    DIR
------------------------------------------------------------------------------------
 1  27.8  31.7   14:00  24.3   00:00   0.0   9.5   0.0   8.7  41.8   16:30   WNW
 2  26.8  31.4   15:00  22.6    6:00   0.0   8.5   0.0  10.6  32.2   15:30     W
 3  26.8  32.1   16:00  22.4   00:00   0.0   8.5   0.0  10.6  43.5   17:00   WNW
 4  25.6  30.9   14:00  21.2    3:30   0.0   7.2   0.0  13.2  38.6   15:30   WNW
 5  26.2  30.7   14:30  22.9    7:00   0.0   7.9   0.0  10.9  40.2   16:30   WNW
 6  25.9  30.8   16:00  22.4    6:00   0.0   7.6   0.0  11.1  41.8   16:30   WNW
 7  24.9  30.7   16:30  21.5    6:00   0.0   6.6   0.0  11.7  48.3   17:00    SW
 8  24.4  28.6   14:30  16.8    7:00   0.0   6.1   6.8  14.2  54.7    7:00   WNW
 9  25.8  30.8   15:30  21.8    6:00   0.0   7.5   0.0  12.6  43.5   16:00    SW
10  24.2  28.2   13:00  20.7   00:00   0.0   5.9   0.8  10.1  33.8   14:30    NE
11  22.8  28.7   15:30  18.3    6:00   0.0   4.5   0.0  13.7  37.0    1:30   ESE
12  23.7  27.4   15:30  21.0    3:00   0.0   5.4   0.0  10.8  46.7   17:00   WNW
13  23.8  27.9   19:30  21.0    2:30   0.0   5.5   0.0  10.0  41.8   15:00   WNW
14  23.8  29.8   15:30  19.1    2:30   0.0   5.5   0.0  14.3  32.2   19:30   ESE
15  17.6  22.8    0:30  15.1    8:30   1.2   0.5  19.2  15.1  51.5   23:30     E
16  21.2  26.4   17:00  15.4    2:30   0.7   3.5   2.2  13.8  41.8   11:30    NE
17  22.8  29.6   15:00  18.8    5:30   0.0   4.5   0.0  12.6  41.8   17:30     W
18  23.1  27.9   15:00  18.4    4:00   0.0   4.7   0.0  10.9  38.6   16:30     W
19  24.3  28.8   15:00  20.8    5:30   0.0   6.0   0.0   9.7  40.2   16:30   WNW
20  24.6  28.5   16:30  20.8    5:00   0.0   6.3   0.0  11.1  38.6   15:30   WNW
21  24.1  29.3   16:30  20.6    6:30   0.0   5.8   0.0  10.3  40.2   18:00   WNW
22  26.1  32.8   14:00  20.2    3:00   0.0   7.7   0.0   8.4  35.4   15:30     W
23  28.1  34.5   15:30  22.3    5:30   0.0   9.8   0.0  12.2  38.6   19:00     E
24  29.3  34.6   14:30  24.9    7:30   0.0  11.0   0.0  13.0  48.3   16:30   ESE
25  29.2  36.3   13:30  25.6    6:30   0.0  10.9   0.0  10.0  41.8   17:00     W
26  27.6  31.8   14:30  23.8    5:30   0.0   9.3   0.0  12.6  48.3   15:30    SW
27  23.1  28.7   14:30  16.8   19:30   0.2   5.0  31.4  14.3  61.2   15:30     E
28  18.7  20.9   20:00  14.9    5:00   0.5   0.8  28.6  17.1  83.7    4:30     W
29  21.2  24.4   15:00  18.3   23:30   0.0   2.9   0.0  18.8  46.7    4:30     W
30  21.3  25.7   14:30  18.3    1:00   0.0   3.0   0.0  11.7  41.8   17:30     W
31  23.0  26.8   14:00  19.8    2:00   0.0   4.7   0.0  11.3  38.6   17:00   WNW
-------------------------------------------------------------------------------------
    24.4  36.3    25    14.9    28     2.6 192.6  89.0  12.1  83.7    28     WNW

Max >=  32.0:  5
Max <=   0.0:  0
Min <=   0.0:  0
Min <= -18.0:  0
Max Rain: 31.39 ON 27/07/19
Days of Rain: 6 (> .2 mm) 5 (> 2 mm) 2 (> 20 mm)
Heat Base:  18.3  Cool Base:  18.3  Method: Integration