NOAA-style Climate Reports

Select a Year or Month report
V/Λ2019 > Jan Feb Mar Apr May Jun Jul Aug Sep Oct Nov Dec
V/Λ2018 > Jan Feb Mar Apr May Jun Jul Aug Sep Oct Nov Dec
V/Λ2017 > Jan Feb Mar Apr May Jun Jul Aug Sep Oct Nov Dec
V/Λ2016 > Jan Feb Mar Apr May Jun Jul Aug Sep Oct Nov Dec

Report for 2019 Aug
                   MONTHLY CLIMATOLOGICAL SUMMARY for AUG. 2019

NAME: Poggio alle Forche   CITY: Pomarance   STATE: Italia 
ELEV:   400 m  LAT: 43.3071 N  LONG: 10.8692 E

                   TEMPERATURE (C), RAIN  (mm), WIND SPEED (km/hr)

                                      HEAT  COOL        AVG
    MEAN                              DEG   DEG         WIND                 DOM
DAY TEMP  HIGH   TIME   LOW    TIME   DAYS  DAYS  RAIN  SPEED HIGH   TIME    DIR
------------------------------------------------------------------------------------
 1  24.5  31.0   16:00  18.7    7:00   0.0   6.2   0.0   7.9  30.6   17:00   ESE
 2  24.0  28.6   16:00  19.1    7:00   0.0   5.7   0.0  15.6  45.1   19:30    SW
 3  23.9  30.3   16:00  18.9    6:00   0.0   5.7   0.2   9.8  37.0   19:30     W
 4  25.0  30.0   15:00  21.6    7:30   0.0   6.7   0.0   9.8  37.0   15:00   ESE
 5  24.8  28.9   16:30  22.1    0:30   0.0   6.5   0.0   8.5  32.2   17:00   WSW
 6  24.6  29.6   14:30  21.0    6:30   0.0   6.3   0.0  10.0  46.7   19:30    SW
 7  24.7  27.8   13:00  21.4    7:00   0.0   6.4   0.0  13.4  46.7   17:30     S
 8  24.3  28.3   16:30  21.5    8:00   0.0   6.0   0.0  11.3  40.2   19:00     W
 9  24.6  31.5   15:00  19.7    8:00   0.0   6.3   0.2  11.6  41.8   17:30     W
10  27.1  31.0   14:00  23.1    1:00   0.0   8.8   0.0   8.7  37.0   16:00   WNW
11  27.9  32.9   16:30  23.7    7:00   0.0   9.6   0.0   8.7  27.4   15:00   ESE
12  26.8  32.9   16:30  22.8    9:00   0.0   8.5   0.0   8.7  46.7   18:00   ESE
13  24.5  28.3   15:00  20.3   00:00   0.0   6.2   0.0  15.3  51.5   17:00     W
14  22.4  26.2   12:30  19.4    3:30   0.0   4.1   0.0  13.7  45.1   17:30     W
15  22.5  27.9   14:30  18.6    6:30   0.0   4.2   0.0  10.3  41.8   19:00     W
16  23.1  30.3   15:30  18.4    8:00   0.0   4.8   0.0   9.0  40.2   18:30     W
17  23.3  27.6   13:00  20.4    7:00   0.0   5.0   0.0  11.3  40.2   15:30     W
18  23.7  28.2   15:00  19.6    7:00   0.0   5.4   0.0   9.8  38.6   17:00     W
19  24.3  29.3   15:00  20.8    6:00   0.0   6.0   0.0   9.2  37.0   18:00   WNW
20  25.6  31.6   13:30  20.5   00:00   0.0   7.3   0.0  10.1  35.4   18:00   WNW
21  25.6  31.3   14:00  20.6    7:00   0.0   7.2   0.0  10.0  37.0   19:30     W
22  24.8  31.7   14:00  21.7   23:00   0.0   6.5   0.0   9.8  43.5   19:30     E
23  22.5  26.8   12:30  20.3   00:00   0.0   4.2   0.6  11.7  40.2   14:00     E
24  22.4  27.8   17:00  19.2    9:00   0.0   4.1   0.4  13.7  51.5    9:30     E
25  23.8  29.8   14:30  20.3    5:00   0.0   5.5   0.6  11.6  45.1   17:00     E
26  25.1  31.4   16:30  21.5    6:00   0.0   6.7   1.4   6.3  37.0   17:00   ESE
27  25.4  31.3   14:00  21.3    6:30   0.0   7.1   0.0  10.8  38.6   16:00   ESE
28  24.9  30.1   13:30  22.4   23:30   0.0   6.6   0.0   7.7  32.2   17:00    SE
29  24.8  31.9   14:00  20.4    6:30   0.0   6.5   0.0  10.0  38.6   17:30     W
30  25.7  32.9   15:00  21.7    7:00   0.0   7.4   0.2   6.0  45.1   16:30   ENE
31  25.6  30.8   14:00  22.7   00:00   0.0   7.3   0.0  10.9  41.8   20:00   ESE
-------------------------------------------------------------------------------------
    24.6  32.9    11    18.4    16     0.0 194.8   3.6  10.4  51.5    13       W

Max >=  32.0:  3
Max <=   0.0:  0
Min <=   0.0:  0
Min <= -18.0:  0
Max Rain: 1.40 ON 26/08/19
Days of Rain: 7 (> .2 mm) 0 (> 2 mm) 0 (> 20 mm)
Heat Base:  18.3  Cool Base:  18.3  Method: Integration