NOAA-style Climate Reports

Select a Year or Month report
V/Λ2019 > Jan Feb Mar Apr May Jun Jul Aug Sep Oct Nov Dec
V/Λ2018 > Jan Feb Mar Apr May Jun Jul Aug Sep Oct Nov Dec
V/Λ2017 > Jan Feb Mar Apr May Jun Jul Aug Sep Oct Nov Dec
V/Λ2016 > Jan Feb Mar Apr May Jun Jul Aug Sep Oct Nov Dec

Report for 2019 Sep
                   MONTHLY CLIMATOLOGICAL SUMMARY for SEP. 2019

NAME: Poggio alle Forche   CITY: Pomarance   STATE: Italia 
ELEV:   400 m  LAT: 43.3071 N  LONG: 10.8692 E

                   TEMPERATURE (C), RAIN  (mm), WIND SPEED (km/hr)

                                      HEAT  COOL        AVG
    MEAN                              DEG   DEG         WIND                 DOM
DAY TEMP  HIGH   TIME   LOW    TIME   DAYS  DAYS  RAIN  SPEED HIGH   TIME    DIR
------------------------------------------------------------------------------------
 1  24.3  31.3   14:00  19.9   16:00   0.0   6.0  22.4   8.7  85.3   15:30    SE
 2  22.9  28.3   14:00  18.7   18:30   0.0   4.6  21.2   6.8  56.3   18:30   ESE
 3  22.5  26.8   16:00  19.2   00:00   0.0   4.2   0.0  12.4  45.1   20:00    NE
 4  21.5  27.7   16:30  15.9    6:30   0.4   3.6   0.0  10.1  30.6    9:30    NE
 5  22.5  28.2   15:00  19.4    5:30   0.0   4.2   0.0   8.2  38.6   15:30   ESE
 6  18.6  23.5   15:00  15.0   17:00   0.8   1.1   3.4  15.3  57.9   17:00   ESE
 7  18.5  23.7   15:00  14.7    3:30   1.2   1.4   0.0  10.9  32.2   18:00   ESE
 8  18.8  22.4   15:30  15.2   11:30   0.4   0.9   3.0  20.8  72.4   10:00    SE
 9  17.9  21.7   15:30  13.9    4:30   1.1   0.8   1.4  17.5  70.8    1:00   WNW
10  19.1  24.0   16:00  15.4    8:30   0.9   1.6   0.0  11.9  30.6    7:30   ESE
11  20.8  27.4   16:30  15.7    6:30   0.6   3.0   0.0  11.9  43.5   17:00     E
12  22.5  28.1   15:30  17.8    8:30   0.0   4.2   0.0  10.9  35.4   18:30    NE
13  22.9  29.6   18:00  16.4    3:30   0.0   4.7   0.0  11.9  32.2   19:00     E
14  23.7  29.4   17:30  17.9    7:00   0.0   5.4   0.0   9.8  29.0   23:00     E
15  22.0  27.7   16:30  17.9    4:00   0.0   3.7   0.0  11.1  25.7    2:00     E
16  22.9  27.2   15:30  20.1   00:00   0.0   4.6   0.0  10.5  35.4   16:30   ESE
17  21.4  25.3   13:00  17.9    7:30   0.0   3.1   0.0   9.7  38.6   16:30     W
18  21.2  27.2   15:00  17.9    6:00   0.0   2.9   0.0   8.9  30.6   17:30   ESE
19  19.4  23.0   13:00  15.4   00:00   0.3   1.3   2.6   9.7  29.0   14:00     E
20  17.4  23.3   17:30  12.6    7:30   2.0   1.2   0.0  12.1  33.8   19:00     E
21  17.6  24.7   14:30  10.8    6:30   2.4   1.6   0.0  12.2  40.2   18:30     E
22  17.3  19.5    0:30  15.9    8:00   1.0   0.0  15.0  12.7  46.7    3:00     E
23  17.9  19.4   17:00  16.4   13:00   0.7   0.2  13.6  15.0  51.5   12:30     W
24  18.2  21.9   14:30  15.6    7:00   0.8   0.7   0.2  10.1  41.8   16:30     W
25  19.2  23.1   16:30  16.4    4:30   0.4   1.3   0.4  15.0  49.9   15:30     W
26  19.7  24.3   14:30  17.4    8:30   0.2   1.6   0.0   7.9  29.0    1:30    NW
27  19.6  22.8   14:00  17.2    6:30   0.2   1.5   0.0   7.6  32.2   15:00     W
28  20.6  24.3   16:00  18.2    4:00   0.0   2.2   0.0   8.5  33.8   16:00    SW
29  19.3  22.4   15:30  17.6   00:00   0.1   1.2   0.0   9.2  30.6   15:00   WNW
30  20.4  24.8   16:00  17.6    5:00   0.0   2.1   0.0  14.0  37.0    2:30    SW
-------------------------------------------------------------------------------------
    20.4  31.3     1    10.8    21    13.6  75.0  83.2  11.4  85.3     1       E

Max >=  32.0:  0
Max <=   0.0:  0
Min <=   0.0:  0
Min <= -18.0:  0
Max Rain: 22.40 ON 01/09/19
Days of Rain: 10 (> .2 mm) 7 (> 2 mm) 2 (> 20 mm)
Heat Base:  18.3  Cool Base:  18.3  Method: Integration