NOAA-style Climate Reports

Select a Year or Month report

Report for 2019 Oct
                   MONTHLY CLIMATOLOGICAL SUMMARY for OCT. 2019

NAME: Poggio alle Forche   CITY: Pomarance   STATE: Italia 
ELEV:   400 m  LAT: 43.3071 N  LONG: 10.8692 E

                   TEMPERATURE (C), RAIN  (mm), WIND SPEED (km/hr)

                                      HEAT  COOL        AVG
    MEAN                              DEG   DEG         WIND                 DOM
DAY TEMP  HIGH   TIME   LOW    TIME   DAYS  DAYS  RAIN  SPEED HIGH   TIME    DIR
------------------------------------------------------------------------------------
 1  19.6  24.6   14:00  16.8    7:30   0.3   1.6   0.0  10.6  30.6   16:00   ESE
 2  18.4  20.9   13:30  16.5   00:00   0.4   0.6   0.0  17.4  61.2   15:00     W
 3  14.2  16.8    1:30  10.7   23:30   4.1   0.0   0.0  13.7  48.3   14:30    NE
 4  14.2  18.9   14:30  10.1    4:30   4.1   0.0   0.0   8.9  30.6   00:00   ESE
 5  16.8  20.7   16:30  12.9    9:00   1.8   0.3   0.4  13.7  41.8    5:30     W
 6  17.3  23.2   16:00  14.2    8:30   1.8   0.8   0.2   9.7  32.2   17:00     E
 7  15.2  19.2   13:30  11.9   00:00   3.1   0.0   5.0  13.5  51.5   15:30    NE
 8  15.7  22.2   16:00  10.7    6:30   3.1   0.6   0.0  10.5  27.4   17:30     E
 9  17.4  20.1   16:00  15.7    7:00   1.1   0.2   0.0  16.4  72.4   20:00   SSW
10  17.0  19.4   14:30  15.4   21:30   1.4   0.1   0.0  15.4  49.9   15:00   WNW
11  17.4  23.8   15:30  13.2    9:00   1.8   0.9   0.0   9.5  27.4   16:00     W
12  17.9  21.6   14:00  15.3   23:00   1.0   0.6   0.0   9.0  25.7   14:30   ESE
13  17.4  22.6   15:00  14.3    8:30   1.5   0.6   0.0   6.4  17.7    3:30    SE
14  18.3  21.7   17:00  15.8    8:00   0.7   0.8   0.0  11.7  33.8    4:00   ESE
15  17.3  21.7   15:00  13.6   19:30   1.4   0.5  14.0  16.9  61.2   19:00   ESE
16  15.4  19.6   14:00  13.8    5:00   2.9   0.0   0.0  10.3  38.6   17:00   WNW
17  15.9  19.6   13:00  14.1    5:00   2.5   0.1   0.0   6.3  22.5   16:00     W
18  16.2  20.1   12:30  14.0    6:30   2.3   0.1   0.0   8.0  29.0   18:00   SSE
19  16.8  19.9   16:30  14.6   23:30   1.6   0.2   0.0  14.5  41.8   11:30    SE
20  17.0  20.4   16:30  13.2    6:30   1.8   0.5   0.0  15.4  45.1   13:00     E
21  19.6  22.3   15:30  17.6    9:30   0.0   1.4   0.0  14.6  43.5    4:00    SE
22  19.8  25.1   16:00  16.1    3:30   0.4   1.9   0.0  11.4  25.7    7:00   ESE
23  19.4  23.6   14:30  15.5    9:00   0.5   1.6   0.0  14.5  33.8   22:30   ESE
24  16.3  19.1    0:30  13.8   16:30   2.0   0.0  12.6  12.2  57.9   20:00     E
25  15.9  20.9   16:30  12.7    7:30   2.7   0.3   0.2  12.1  30.6   11:30     E
26  18.1  24.6   16:00  14.0    1:30   1.6   1.3   0.0   9.7  25.7    2:00     E
27  19.1  23.6   12:00  16.4   22:00   0.4   1.3   0.0   6.8  22.5   16:00    SE
28  16.4  19.8   13:30  13.6    5:30   2.0   0.1   0.0   6.3  25.7   14:30   WSW
29  16.3  19.1   14:00  14.0   00:00   2.0   0.0  10.4   8.0  27.4   13:30    SW
30  15.1  17.1   14:00  13.3    8:30   3.2   0.0   1.8   7.9  45.1    0:30    SE
31  14.3  16.1   12:30  12.6   00:00   3.9   0.0   4.0   7.4  37.0   13:30   ESE
-------------------------------------------------------------------------------------
    17.0  25.1    22    10.1     4    57.5  16.5  48.6  11.2  72.4     9     ESE

Max >=  32.0:  0
Max <=   0.0:  0
Min <=   0.0:  0
Min <= -18.0:  0
Max Rain: 14.00 ON 15/10/19
Days of Rain: 9 (> .2 mm) 5 (> 2 mm) 0 (> 20 mm)
Heat Base:  18.3  Cool Base:  18.3  Method: Integration