NOAA-style Climate Reports

Select a Year or Month report
V/Λ2020 > Jan Feb Mar Apr May Jun Jul Aug Sep Oct Nov Dec
V/Λ2019 > Jan Feb Mar Apr May Jun Jul Aug Sep Oct Nov Dec
V/Λ2018 > Jan Feb Mar Apr May Jun Jul Aug Sep Oct Nov Dec
V/Λ2017 > Jan Feb Mar Apr May Jun Jul Aug Sep Oct Nov Dec
V/Λ2016 > Jan Feb Mar Apr May Jun Jul Aug Sep Oct Nov Dec

Report for 2019 Dec
                   MONTHLY CLIMATOLOGICAL SUMMARY for DEC. 2019

NAME: Poggio alle Forche   CITY: Pomarance   STATE: Italia 
ELEV:   400 m  LAT: 43.3071 N  LONG: 10.8692 E

                   TEMPERATURE (C), RAIN  (mm), WIND SPEED (km/hr)

                                      HEAT  COOL        AVG
    MEAN                              DEG   DEG         WIND                 DOM
DAY TEMP  HIGH   TIME   LOW    TIME   DAYS  DAYS  RAIN  SPEED HIGH   TIME    DIR
------------------------------------------------------------------------------------
 1  11.2  13.6   12:30   8.7    9:30   7.1   0.0   1.0  14.2  43.5   22:00    SE
 2  13.3  14.7   13:30  10.4   00:00   5.0   0.0   5.2  18.2  57.9   12:00   SSW
 3   8.2  11.8   13:30   3.5   00:00  10.2   0.0   0.0  12.4  37.0   18:00     E
 4   4.9   9.5   14:00   1.7    7:00  13.4   0.0   0.0  14.6  41.8   15:30     E
 5   6.4   9.9   13:30   2.7    6:30  11.9   0.0   0.0  16.7  40.2    3:00     E
 6  10.3  12.9   14:00   7.4    0:30   8.0   0.0   0.2   9.7  25.7   23:00   ESE
 7  11.3  12.7   13:30  10.5    4:30   7.0   0.0   3.6  12.2  37.0   12:00     W
 8  11.5  15.1   14:00   9.1    6:30   6.8   0.0   0.0   8.5  25.7   20:30   ESE
 9  10.4  11.7   10:30   9.0   22:30   7.9   0.0   4.6  20.3  67.6   11:30   WSW
10   8.3  10.9   14:00   5.7    8:00  10.0   0.0   0.0  15.4  59.5   15:30    NE
11   6.5   9.6   16:00   4.2    8:00  11.8   0.0   0.0  10.3  40.2    9:00    NE
12   5.9   7.4   10:30   3.2   19:30  12.4   0.0   0.8  11.4  56.3    8:00    SE
13   7.4  10.6   14:00   4.8    1:00  10.9   0.0   8.0  26.1 107.8   14:00   WNW
14  10.8  13.1   20:00   7.1    0:30   7.5   0.0   0.0  23.2  69.2   15:00     W
15  12.8  16.3   15:00  10.8    4:30   5.4   0.0   0.0   8.2  40.2   18:00     S
16  12.6  13.9   15:00  11.6    6:30   5.7   0.0   0.2  10.0  37.0   13:30   ESE
17  14.1  15.2   12:00  12.1    2:30   4.3   0.0   0.0  17.9  64.4   13:00    SE
18  12.4  13.8    0:30  10.8    8:30   5.9   0.0   0.0  11.3  32.2    1:00     E
19  11.1  12.7    0:30   9.1   23:30   7.2   0.0   2.2  12.9  38.6    8:00   ESE
20  11.4  12.9   23:30   9.3    1:00   6.8   0.0   4.2  27.0 109.4   19:30     S
21  12.8  14.3   13:00  10.4   23:30   5.5   0.0  10.8  26.1  85.3    7:30     W
22  11.1  13.8    3:30   9.0    6:30   7.2   0.0  18.8  44.4 117.5    3:30     W
23  11.1  13.9   15:00   9.1    5:30   7.2   0.0   0.0  19.5  93.3    1:00     W
24  10.7  12.5   13:30   8.8    6:30   7.6   0.0   0.0  14.5  38.6   14:00     W
25  11.4  14.4   14:30   9.8    7:30   6.8   0.0   0.0  12.4  57.9    3:30     W
26  10.2  12.4   15:00   7.5    8:00   8.1   0.0   0.0  12.7  30.6    9:00     E
27   9.9  12.9   13:30   7.5   00:00   8.4   0.0   0.0   6.0  17.7   23:30    SW
28   5.9   8.7   14:00   3.7   00:00  12.4   0.0   0.0  13.2  33.8   10:30     E
29   4.6   8.5   15:00   2.6    8:00  13.7   0.0   0.0  10.0  33.8   19:00   ENE
30   3.4   6.9   15:30   0.4    8:30  14.9   0.0   0.0  12.6  29.0    4:30     E
31   6.6  11.3   16:30   2.3    0:30  11.7   0.0   0.0   7.6  27.4    0:30   ESE
-------------------------------------------------------------------------------------
     9.6  16.3    15     0.4    30   268.8   0.0  59.6  15.5 117.5    22       E

Max >=  32.0:  0
Max <=   0.0:  0
Min <=   0.0:  0
Min <= -18.0:  0
Max Rain: 18.80 ON 22/12/19
Days of Rain: 12 (> .2 mm) 8 (> 2 mm) 0 (> 20 mm)
Heat Base:  18.3  Cool Base:  18.3  Method: Integration