NOAA-style Climate Reports

Select a Year or Month report
V/Λ2020 > Jan Feb Mar Apr May Jun Jul Aug Sep Oct Nov Dec
V/Λ2019 > Jan Feb Mar Apr May Jun Jul Aug Sep Oct Nov Dec
V/Λ2018 > Jan Feb Mar Apr May Jun Jul Aug Sep Oct Nov Dec
V/Λ2017 > Jan Feb Mar Apr May Jun Jul Aug Sep Oct Nov Dec
V/Λ2016 > Jan Feb Mar Apr May Jun Jul Aug Sep Oct Nov Dec

Report for 2020 Jan
                   MONTHLY CLIMATOLOGICAL SUMMARY for JAN. 2020

NAME: Poggio alle Forche   CITY: Pomarance   STATE: Italia 
ELEV:   400 m  LAT: 43.3071 N  LONG: 10.8692 E

                   TEMPERATURE (C), RAIN  (mm), WIND SPEED (km/hr)

                                      HEAT  COOL        AVG
    MEAN                              DEG   DEG         WIND                 DOM
DAY TEMP  HIGH   TIME   LOW    TIME   DAYS  DAYS  RAIN  SPEED HIGH   TIME    DIR
------------------------------------------------------------------------------------
 1   8.8  13.5   14:30   6.3    7:00   9.5   0.0   0.0   3.2  17.7   18:01   NNW
 2   8.2  11.0   15:30   5.8    7:30  10.2   0.0   0.4   6.4  20.9   18:00   ENE
 3   9.1   9.9   15:01   8.1    0:30   9.2   0.0   0.0   9.5  24.1   23:30   WSW
 4   9.4  10.6   14:30   8.4   00:00   8.9   0.0   0.4   8.5  30.6    1:00     W
 5   8.8  12.1   13:00   5.6   00:00   9.4   0.0   0.2  12.6  37.0   22:30   ESE
 6   5.9   8.6   16:00   3.8    7:30  12.4   0.0   0.0  13.0  37.0    5:00   ESE
 7   7.1   9.8   12:30   3.9    4:30  11.2   0.0   0.0   2.6  27.4   21:00    NE
 8   8.0  13.3   15:00   4.2    7:30  10.3   0.0   0.0   3.4  19.3    0:30    NE
 9   9.7  14.7   10:30   6.6    7:30   8.6   0.0   0.0   1.8  16.1   20:00    SW
10   9.9  14.6   12:00   7.7    3:30   8.4   0.0   0.0   1.9  16.1    1:30    SE
11   9.2  13.4   14:00   6.3   23:00   9.1   0.0   0.0   2.1  20.9   19:30    NE
12   7.4  11.6   16:00   4.7    7:00  10.9   0.0   0.0   2.1  22.5    1:30    NE
13   7.2  11.5   13:00   4.6    0:30  11.1   0.0   0.0   2.3  17.7   10:30   ENE
14   7.8   9.8    9:00   5.4    8:00  10.5   0.0   0.0   1.9  11.3    1:00   ESE
15   9.4  13.6   14:00   7.1    7:00   8.9   0.0   0.0   5.8  27.4   17:30    SW
16   8.6  11.8   14:30   6.4    7:30   9.8   0.0   0.0   2.6  19.3    0:30    SW
17   8.4  11.0   12:00   6.0    6:30   9.8   0.0   0.6   2.1  19.3   21:00    SW
18   6.8   9.9    2:00   4.9   23:30  11.5   0.0  19.8   3.1  22.5    1:30    NE
19   6.1   9.2   14:30   3.4    7:30  12.3   0.0   0.0   5.5  32.2   19:30    NE
20   5.2   8.0   13:30   3.3    8:30  13.1   0.0   0.0   6.0  41.8   13:30    NE
21   5.1   8.4   15:30   2.6    7:30  13.2   0.0   0.0   6.4  24.1    5:30   ENE
22   9.2  14.7   16:00   4.2    2:30   8.9   0.0   0.0   4.3  22.5    6:31    NE
23  10.3  14.2   14:30   7.5    6:34   8.2   0.0   0.0   3.1  19.3    5:00    NE
24   8.9  11.6   13:00   7.2    4:30   9.4   0.0   2.4   6.4  27.4   23:30     E
25   8.9  10.9   13:00   7.7    4:30   9.3   0.0   9.8   4.7  25.7    1:00    NE
26   9.5  13.4   15:00   7.7   22:30   8.8   0.0   0.0   0.5  11.3    1:00   SSW
27   8.8  10.7   16:00   7.5    7:00   9.5   0.0   9.4   3.7  22.5   18:00   SSE
28  11.3  14.4   14:00   8.4    2:00   7.0   0.0   0.0  12.4  57.9   19:30   SSW
29  10.1  11.8   14:30   9.2   19:00   8.2   0.0   0.0   6.6  45.1    5:00   SSW
30  10.6  15.3   14:00   8.1    6:30   7.7   0.0   0.0   2.6  20.9   13:30    SW
31  11.8  13.3   12:00   9.9    1:00   6.5   0.0   0.0   6.8  32.2   15:30   ESE
-------------------------------------------------------------------------------------
     8.6  15.3    30     2.6    21   301.9   0.0  43.0   5.0  57.9    28      NE

Max >=  32.0:  0
Max <=   0.0:  0
Min <=   0.0:  0
Min <= -18.0:  0
Max Rain: 19.81 ON 18/01/20
Days of Rain: 8 (> .2 mm) 4 (> 2 mm) 0 (> 20 mm)
Heat Base:  18.3  Cool Base:  18.3  Method: Integration