NOAA-style Climate Reports

Select a Year or Month report
V/Λ2020 > Jan Feb Mar Apr May Jun Jul Aug Sep Oct Nov Dec
V/Λ2019 > Jan Feb Mar Apr May Jun Jul Aug Sep Oct Nov Dec
V/Λ2018 > Jan Feb Mar Apr May Jun Jul Aug Sep Oct Nov Dec
V/Λ2017 > Jan Feb Mar Apr May Jun Jul Aug Sep Oct Nov Dec
V/Λ2016 > Jan Feb Mar Apr May Jun Jul Aug Sep Oct Nov Dec

Report for 2020 Feb
                   MONTHLY CLIMATOLOGICAL SUMMARY for FEB. 2020

NAME: Poggio alle Forche   CITY: Pomarance   STATE: Italia 
ELEV:   400 m  LAT: 43.3071 N  LONG: 10.8692 E

                   TEMPERATURE (C), RAIN  (mm), WIND SPEED (km/hr)

                                      HEAT  COOL        AVG
    MEAN                              DEG   DEG         WIND                 DOM
DAY TEMP  HIGH   TIME   LOW    TIME   DAYS  DAYS  RAIN  SPEED HIGH   TIME    DIR
------------------------------------------------------------------------------------
 1  11.6  12.4   11:00  11.0    4:30   6.7   0.0   0.8   9.3  37.0   13:30   SSE
 2  12.7  16.3   11:00  10.4    8:00   5.7   0.0   0.0   2.7  19.3    3:00   SSE
 3  13.1  16.2   15:00  10.9   00:00   5.2   0.0   0.0   2.9  22.5    2:00   SSE
 4  11.2  15.9   10:00   6.2   23:00   7.0   0.0   0.0  10.6  61.2   10:00    SW
 5   7.3  12.1   12:30   3.4    6:02  11.2   0.0   0.0   5.5  53.1   14:30   WNW
 6   6.7  12.1   14:00   2.8    7:00  11.6   0.0   0.0   3.2  24.1    9:30   WNW
 7   7.9  12.4   14:00   4.6    2:30  10.3   0.0   0.0   1.0  16.1   15:00   SSW
 8   8.8  13.8   14:32   5.4    1:00   9.4   0.0   0.0   2.1  22.5   18:00     E
 9   8.9  12.5   14:00   5.2    4:00   9.4   0.0   0.0   4.5  29.0   00:00   SSE
10  12.1  15.6   16:30   9.6    4:30   6.3   0.0   0.0  10.0  51.5   20:30   SSW
11  12.6  14.1   14:30  11.2   00:00   5.7   0.0   0.0  10.6  53.1   12:30    SW
12  10.4  14.6   13:00   7.5   23:00   7.8   0.0   0.0   5.8  45.1    0:30   SSW
13  10.0  14.8   13:00   7.3    6:00   8.3   0.0   0.0   5.0  35.4   00:00     E
14  11.4  16.6   15:00   8.4   22:00   6.9   0.0   0.4   6.9  67.6    2:30     W
15  12.1  17.4   12:00   8.6    0:30   6.2   0.0   0.2   4.7  19.3    8:00    NE
16  10.6  14.8   14:30   7.5    8:30   7.7   0.0   0.0   5.5  25.7   15:00   WSW
17   9.9  12.1   15:30   8.4    6:30   8.4   0.0   0.0  12.6  43.5   23:00    SW
18  11.2  15.0   14:30   9.0   23:30   7.2   0.0   0.0   6.6  33.8    0:30   NNW
19   8.9  10.3   16:00   7.9   20:00   9.4   0.0   1.2  12.4  45.1   15:00   WSW
20   9.4  14.7   16:00   5.8    7:00   8.9   0.0   0.2   9.5  29.0    6:00     E
21   9.4  12.6   15:00   7.7    2:00   8.9   0.0   0.0   6.8  22.5   11:30   WSW
22  10.7  16.8   14:00   6.7    6:30   7.6   0.0   0.0  11.9  30.6   15:30   ESE
23   9.8  12.0   14:00   8.4    6:00   8.5   0.0   0.0  12.2  41.8   14:00   WSW
24  11.4  16.1   14:00   9.2    4:00   6.8   0.0   0.0   4.5  24.1   15:00   WNW
25  11.3  15.2   13:30   8.4    2:30   7.0   0.0   0.0  13.2  48.3   15:30     S
26   8.6  11.1    4:00   4.4   19:30   9.7   0.0   4.4  35.1 120.7   14:30   WSW
27   7.2  10.2   14:00   5.1    3:00  11.1   0.0   2.6  23.7  80.5   23:00   WSW
28  10.2  12.7   15:30   7.2    7:30   8.2   0.0   0.8  14.8  85.3    0:30    NE
29   9.8  12.6   13:00   7.6    7:30   5.3   0.0   0.0  12.4  49.9   12:30   SSE
-------------------------------------------------------------------------------------
    10.2  17.4    15     2.8     6   232.3   0.0  10.6   9.2 120.7    26     WSW

Max >=  32.0:  0
Max <=   0.0:  0
Min <=   0.0:  0
Min <= -18.0:  0
Max Rain: 4.39 ON 26/02/20
Days of Rain: 8 (> .2 mm) 2 (> 2 mm) 0 (> 20 mm)
Heat Base:  18.3  Cool Base:  18.3  Method: Integration