Select a Year or Month report
Report for 2020 Apr
MONTHLY CLIMATOLOGICAL SUMMARY for APR. 2020
NAME: Poggio alle Forche CITY: Pomarance STATE: Italia
ELEV: 400 m LAT: 43.3071 N LONG: 10.8692 E
TEMPERATURE (°C), RAIN (mm), WIND SPEED (km/hr)
HEAT COOL AVG
MEAN DEG DEG WIND DOM
DAY TEMP HIGH TIME LOW TIME DAYS DAYS RAIN SPEED HIGH TIME DIR
------------------------------------------------------------------------------------
1 5.8 11.1 16:30 1.2 7:30 12.4 0.0 0.0 4.5 32.2 13:00 NE
2 6.8 15.1 16:00 0.5 5:30 11.5 0.0 0.0 3.2 27.4 11:00 NE
3 10.7 18.3 15:00 3.9 5:30 7.6 0.0 0.0 1.8 19.3 15:00 WNW
4 12.1 17.9 15:30 7.1 2:30 6.2 0.0 0.0 11.7 45.1 15:30 NE
5 12.6 17.3 14:30 8.1 7:30 5.7 0.0 0.0 14.8 48.3 18:00 NE
6 15.1 21.6 16:30 9.9 7:00 3.8 0.5 0.0 10.0 37.0 21:30 ENE
7 15.7 21.9 16:00 10.0 6:00 3.2 0.7 0.0 9.0 24.1 15:30 E
8 15.1 20.9 16:30 9.9 6:30 3.5 0.3 0.0 12.1 38.6 17:00 E
9 15.4 21.8 16:30 11.6 7:00 3.2 0.3 0.0 9.8 40.2 17:00 E
10 16.2 22.0 13:30 12.2 7:00 2.6 0.5 0.0 8.2 43.5 15:30 W
11 15.9 22.2 14:30 11.2 6:30 2.7 0.4 0.0 8.5 40.2 16:00 W
12 16.2 20.2 16:00 12.8 5:30 2.4 0.3 0.0 6.8 35.4 15:00 WNW
13 14.1 18.6 14:30 9.3 20:30 4.2 0.0 2.6 10.5 75.6 18:30 SW
14 12.6 19.1 16:30 9.1 00:00 5.8 0.0 0.6 12.7 51.5 22:00 ESE
15 11.3 17.2 18:30 5.1 7:00 7.0 0.0 0.0 10.6 38.6 0:30 E
16 13.4 17.3 14:00 10.5 4:00 4.9 0.0 0.0 11.4 37.0 15:30 SE
17 13.8 18.8 14:00 9.7 7:30 4.5 0.0 0.0 9.7 33.8 20:00 ESE
18 13.4 18.9 17:00 11.0 6:30 4.9 0.0 0.0 7.1 27.4 20:00 SW
19 13.5 17.8 14:30 10.8 6:00 4.8 0.0 0.2 7.6 25.7 15:00 ESE
20 12.8 14.7 15:30 11.3 23:30 5.5 0.0 13.6 12.2 37.0 17:30 E
21 10.3 11.3 0:30 9.3 22:00 8.0 0.0 1.2 12.6 35.4 16:00 ENE
22 11.2 13.6 12:00 9.4 3:00 7.1 0.0 1.4 13.7 35.4 11:30 ENE
23 15.2 21.2 17:30 10.3 4:30 3.4 0.3 0.0 10.3 35.4 5:00 NE
24 14.9 18.7 14:00 11.7 23:30 3.4 0.0 0.0 12.1 43.5 17:30 W
25 14.7 18.4 13:30 11.8 0:30 3.6 0.0 0.0 12.6 41.8 15:00 WNW
26 14.3 18.6 13:30 9.7 5:30 4.0 0.0 0.0 11.4 35.4 19:30 W
27 14.3 18.5 11:30 11.3 8:00 4.0 0.0 0.0 8.7 35.4 21:00 SW
28 13.9 16.2 13:00 12.2 00:00 4.4 0.0 5.0 16.1 64.4 13:00 SW
29 13.7 16.6 12:30 11.9 00:00 4.6 0.0 0.6 24.6 70.8 15:30 W
30 14.8 18.9 15:00 11.6 2:30 3.5 0.0 0.0 15.4 59.5 21:00 SSW
-------------------------------------------------------------------------------------
13.3 22.2 11 0.5 2 152.6 3.4 25.2 10.7 75.6 13 E
Max >= 32.0: 0
Max <= 0.0: 0
Min <= 0.0: 0
Min <= -18.0: 0
Max Rain: 13.59 ON 20/04/20
Days of Rain: 8 (> .2 mm) 3 (> 2 mm) 0 (> 20 mm)
Heat Base: 18.3 Cool Base: 18.3 Method: Integration