Select a Year or Month report
Report for 2020 May
MONTHLY CLIMATOLOGICAL SUMMARY for MAY. 2020
NAME: Poggio alle Forche CITY: Pomarance STATE: Italia
ELEV: 400 m LAT: 43.3071 N LONG: 10.8692 E
TEMPERATURE (°C), RAIN (mm), WIND SPEED (km/hr)
HEAT COOL AVG
MEAN DEG DEG WIND DOM
DAY TEMP HIGH TIME LOW TIME DAYS DAYS RAIN SPEED HIGH TIME DIR
------------------------------------------------------------------------------------
1 15.7 18.6 16:30 13.1 5:00 2.6 0.0 0.2 19.8 56.3 00:00 SW
2 15.3 17.7 17:30 14.2 00:00 2.9 0.0 0.2 25.7 70.8 2:00 W
3 17.7 23.7 15:30 13.9 7:30 1.8 1.1 0.0 10.6 41.8 00:00 NE
4 16.9 22.8 13:00 13.1 4:00 2.2 0.9 0.0 17.4 45.1 0:30 ESE
5 15.8 20.3 17:00 12.5 6:30 2.7 0.2 0.0 12.2 37.0 13:30 SW
6 17.4 23.7 16:30 13.4 6:00 2.0 1.0 0.0 6.3 37.0 23:30 NE
7 16.8 24.4 18:00 9.9 6:00 2.6 1.0 0.0 11.3 37.0 2:00 E
8 18.4 22.7 13:30 14.2 8:00 0.8 1.0 0.0 11.1 43.5 18:00 SE
9 17.1 22.4 15:00 13.4 7:00 1.8 0.6 0.0 10.3 40.2 18:00 SW
10 17.3 21.6 15:00 13.1 7:30 1.7 0.7 0.0 11.9 33.8 15:30 E
11 15.2 18.6 14:00 10.9 5:00 3.1 0.0 4.0 17.7 66.0 15:30 SW
12 16.6 21.2 15:00 12.8 5:30 2.3 0.5 1.6 11.9 38.6 6:00 WNW
13 17.2 20.7 14:00 13.1 6:30 1.4 0.4 0.0 14.3 57.9 14:00 ESE
14 19.4 24.6 16:00 15.4 7:30 0.8 1.8 0.0 9.3 35.4 14:00 E
15 16.6 19.7 14:30 14.2 6:30 1.8 0.1 0.6 12.6 49.9 4:30 WNW
16 15.9 17.9 20:00 13.6 4:30 2.4 0.0 0.0 13.2 32.2 19:00 E
17 18.3 24.1 12:00 14.8 7:00 1.1 1.1 0.0 13.4 41.8 16:30 E
18 17.9 20.8 14:00 16.1 22:00 0.8 0.4 1.8 11.9 41.8 13:30 E
19 17.0 21.2 15:00 15.2 2:30 1.7 0.4 11.4 10.5 41.8 14:30 E
20 16.2 20.2 15:30 13.5 7:00 2.2 0.2 9.2 13.5 54.7 18:00 NE
21 18.8 23.8 15:30 14.1 5:30 1.1 1.7 0.0 10.1 41.8 13:30 NE
22 20.5 25.8 13:00 16.8 3:30 0.3 2.5 0.0 14.3 32.2 5:30 ESE
23 20.6 24.6 15:30 17.3 2:30 0.1 2.4 0.0 12.1 38.6 13:00 WNW
24 20.5 25.2 15:30 15.7 7:00 0.3 2.5 0.0 8.9 30.6 00:00 E
25 20.2 27.0 16:30 14.9 3:30 0.8 2.7 0.0 9.3 29.0 0:30 E
26 19.3 23.7 15:30 15.3 6:30 0.5 1.4 0.0 11.7 40.2 22:30 E
27 17.9 23.2 17:00 13.3 6:30 1.5 1.1 0.0 9.7 40.2 1:30 E
28 18.2 23.5 14:30 14.8 5:00 1.2 1.2 0.0 10.6 41.8 15:30 ESE
29 13.8 16.4 0:30 11.3 8:30 4.5 0.0 1.8 9.5 38.6 8:30 E
30 14.8 20.9 16:00 9.8 6:30 3.8 0.3 12.2 7.7 30.6 4:00 E
31 16.8 21.7 13:30 13.7 6:30 2.0 0.5 0.2 12.2 45.1 18:00 ESE
-------------------------------------------------------------------------------------
17.4 27.0 25 9.8 30 54.8 27.7 43.2 12.3 70.8 2 E
Max >= 32.0: 0
Max <= 0.0: 0
Min <= 0.0: 0
Min <= -18.0: 0
Max Rain: 12.19 ON 30/05/20
Days of Rain: 11 (> .2 mm) 4 (> 2 mm) 0 (> 20 mm)
Heat Base: 18.3 Cool Base: 18.3 Method: Integration