Select a Year or Month report
Report for 2020 Jul
MONTHLY CLIMATOLOGICAL SUMMARY for JUL. 2020
NAME: Poggio alle Forche CITY: Pomarance STATE: Italia
ELEV: 400 m LAT: 43.3071 N LONG: 10.8692 E
TEMPERATURE (°C), RAIN (mm), WIND SPEED (km/hr)
HEAT COOL AVG
MEAN DEG DEG WIND DOM
DAY TEMP HIGH TIME LOW TIME DAYS DAYS RAIN SPEED HIGH TIME DIR
------------------------------------------------------------------------------------
1 23.1 29.8 14:30 17.1 5:30 0.0 4.8 0.0 8.0 35.4 17:00 W
2 23.6 29.2 13:30 19.9 4:00 0.0 5.2 0.0 10.5 45.1 15:30 WNW
3 22.7 26.8 14:00 17.1 00:00 0.0 4.4 4.0 12.6 43.5 17:30 W
4 23.0 29.4 16:00 17.4 0:30 0.0 4.7 0.2 7.9 32.2 10:00 ENE
5 24.1 30.6 16:00 19.2 3:30 0.0 5.8 0.0 7.1 33.8 17:00 NE
6 24.0 30.1 12:30 19.2 8:00 0.0 5.7 0.0 9.7 41.8 17:00 W
7 23.5 27.4 17:00 19.7 6:30 0.0 5.2 0.0 10.5 40.2 11:00 E
8 22.4 30.9 15:30 16.4 5:00 0.3 4.4 0.0 13.7 37.0 16:30 E
9 23.8 28.9 14:00 18.8 5:00 0.0 5.5 0.0 10.9 40.2 20:30 W
10 24.1 28.2 16:00 20.2 4:00 0.0 5.7 0.0 10.5 30.6 15:30 W
11 23.9 28.2 17:00 19.4 7:00 0.0 5.6 0.0 9.5 37.0 15:00 WNW
12 23.9 28.8 15:00 19.9 7:00 0.0 5.6 0.0 11.3 37.0 16:00 E
13 22.1 27.9 16:00 16.2 6:00 0.3 4.0 0.0 11.6 33.8 19:30 NE
14 21.9 28.1 17:30 16.2 5:00 0.4 4.0 0.0 7.7 30.6 3:00 NE
15 22.1 25.6 12:30 19.4 5:00 0.0 3.8 0.8 11.1 45.1 15:00 SE
16 22.1 26.3 14:00 18.2 4:00 0.0 3.7 0.0 10.5 41.8 16:30 W
17 21.4 25.4 12:00 18.4 6:00 0.0 3.1 0.4 7.4 32.2 14:00 WSW
18 21.6 28.4 17:00 16.8 6:00 0.1 3.4 0.2 10.1 32.2 7:00 ESE
19 22.3 27.4 14:00 18.6 5:00 0.0 4.0 0.0 16.7 45.1 17:00 ESE
20 22.4 26.7 16:30 18.6 5:00 0.0 4.1 0.0 13.4 40.2 15:30 W
21 22.9 27.6 15:30 18.1 7:00 0.0 4.6 0.0 11.4 41.8 17:00 W
22 23.2 28.1 15:30 19.3 6:00 0.0 4.9 0.0 11.1 43.5 18:00 W
23 23.0 27.4 15:00 20.2 8:00 0.0 4.7 0.0 12.7 45.1 14:30 W
24 22.8 28.1 14:00 18.0 00:00 0.0 4.5 0.2 10.9 74.0 17:00 SW
25 23.2 30.8 15:00 17.3 4:30 0.1 5.0 0.0 11.3 40.2 18:30 E
26 23.8 27.2 16:00 20.9 6:00 0.0 5.5 0.0 10.6 45.1 14:30 WNW
27 25.4 30.6 12:30 20.5 6:00 0.0 7.2 0.0 10.3 45.1 15:30 WNW
28 25.2 30.8 13:00 21.7 23:30 0.0 6.9 0.0 10.8 43.5 14:30 W
29 26.7 31.6 15:00 21.8 2:00 0.0 8.3 0.0 9.3 32.2 13:30 W
30 28.1 33.1 15:30 23.1 6:00 0.0 9.8 0.0 10.3 40.2 15:30 WSW
31 27.8 33.2 14:30 22.6 5:00 0.0 9.5 0.0 13.0 41.8 14:00 W
-------------------------------------------------------------------------------------
23.5 33.2 31 16.2 13 1.2 163.6 5.8 10.7 74.0 24 W
Max >= 32.0: 2
Max <= 0.0: 0
Min <= 0.0: 0
Min <= -18.0: 0
Max Rain: 3.99 ON 03/07/20
Days of Rain: 6 (> .2 mm) 1 (> 2 mm) 0 (> 20 mm)
Heat Base: 18.3 Cool Base: 18.3 Method: Integration