Select a Year or Month report
Report for 2006 Dec
MONTHLY CLIMATOLOGICAL SUMMARY for December 06
NAME: Località Riarnoli CITY: Castelnuovo V.C. STATE:Italy
ELEV: 545 m LAT: 43.2115 N LONG: 10.9050 E
TEMPERATURE (°C), RAIN (mm), WIND SPEED (km/h)
HEAT COOL AVG
MEAN DEG DEG WIND DOM
DAY TEMP HIGH TIME LOW TIME DAYS DAYS RAIN SPEED HIGH TIME DIR
------------------------------------------------------------------------------------
01 7.7 11.6 14:00 5.1 05:45 10.6 0.0 0.0 3.5 22.2 10:32 ENE
02 7.4 11.1 12:11 4.8 05:02 10.8 0.0 0.0 1.1 11.1 12:06 W
03 9.8 12.4 13:44 7.3 07:33 8.5 0.0 0.2 2.1 27.8 22:08 SSE
04 11.8 13.5 15:13 10.6 00:00 6.5 0.0 0.2 7.3 48.1 19:50 SW
05 12.7 15.6 13:29 9.9 23:42 5.6 0.0 0.0 3.5 50.0 00:25 SW
06 12.3 13.6 13:04 10.1 00:00 5.9 0.0 47.0 3.7 27.8 11:16 S
07 11.5 14.2 12:48 9.8 08:49 6.8 0.0 8.2 1.8 22.2 11:05 ENE
08 11.0 11.9 12:48 10.2 01:54 7.3 0.0 3.8 4.7 38.9 22:11 S
09 9.4 11.6 04:05 7.7 22:19 8.9 0.0 66.8 10.1 46.3 07:14 SW
10 8.4 10.9 11:55 6.1 21:26 9.9 0.0 0.0 3.6 46.3 00:40 SE
11 6.1 9.4 14:04 3.7 23:41 12.2 0.0 0.2 3.2 20.4 04:19 NE
12 5.4 9.6 14:09 3.1 03:22 12.9 0.0 0.0 3.5 20.4 12:15 WSW
13 6.0 8.4 11:50 3.8 05:22 12.3 0.0 0.0 2.6 20.4 17:22 E
14 8.2 12.0 14:24 5.7 00:00 10.1 0.0 0.0 6.1 35.2 03:55 ENE
15 9.8 13.8 12:45 6.9 05:15 8.5 0.0 0.0 0.9 11.1 10:25 SW
16 10.8 13.3 12:25 8.6 04:33 7.5 0.0 0.4 1.1 16.7 12:52 SSE
17 10.1 11.3 14:12 8.4 23:05 8.2 0.0 3.4 0.6 13.0 10:37 E
18 8.3 10.7 11:23 5.3 23:23 10.0 0.0 3.8 3.3 27.8 23:52 N
19 3.9 5.4 00:00 2.1 23:50 14.4 0.0 0.4 13.8 35.2 14:30 NE
20 2.1 5.4 14:42 0.5 23:15 16.2 0.0 0.0 9.3 31.5 21:51 ENE
21 2.6 6.4 13:21 -0.4 05:30 15.7 0.0 0.0 22.9 55.6 12:04 ENE
22 3.5 6.4 13:41 2.1 21:47 14.8 0.0 0.0 20.1 50.0 18:25 ENE
23 4.2 7.1 14:52 2.2 00:33 14.1 0.0 0.0 14.5 42.6 00:51 ENE
24 6.0 9.6 13:53 3.5 21:59 12.3 0.0 0.0 7.6 33.3 01:39 ENE
25 7.2 10.7 14:26 4.0 00:00 11.1 0.0 0.0 9.1 31.5 11:49 ENE
26 6.2 9.6 13:57 2.5 23:31 12.0 0.0 0.0 6.4 29.6 01:34 ENE
27 4.7 9.9 14:15 1.6 05:51 13.6 0.0 0.0 2.3 18.5 11:49 SW
28 6.5 8.1 11:49 4.2 00:00 11.8 0.0 2.4 2.3 31.5 21:27 SW
29 7.7 9.2 15:12 6.1 18:11 10.6 0.0 2.0 4.1 27.8 07:27 W
30 8.2 10.3 14:14 5.9 01:40 10.1 0.0 1.0 3.6 29.6 19:40 SW
31 9.7 11.1 14:55 8.5 00:42 8.2 0.0 0.0 3.8 29.6 10:24 SSW
-------------------------------------------------------------------------------------
7.7 15.6 5 -0.4 21 327.3 0.0 139.8 5.9 55.6 21 ESE
Max >= 32.0: 0
Max <= 0.0: 0
Min <= 0.0: 1
Min <= -18.0: 0
Max Rain: 66.80 ON 09/12/06
Days of Rain: 13 (> .2 mm) 7 (> 2 mm) 2 (> 20 mm)
Heat Base: 18.3 Cool Base: 18.3 Method: Integration