Select a Year or Month report
Report for 2013 Sep
MONTHLY CLIMATOLOGICAL SUMMARY for September 13
NAME: Sorbo CITY: Castelnuovo V.C. STATE: Italia
ELEV: 595 m LAT: 43.2094 N LONG: 10.9019 E
TEMPERATURE (°C), RAIN (mm), WIND SPEED (km/h)
HEAT COOL AVG
MEAN DEG DEG WIND DOM
DAY TEMP HIGH TIME LOW TIME DAYS DAYS RAIN SPEED HIGH TIME DIR
------------------------------------------------------------------------------------
01 19.8 25.8 14:53 14.0 03:18 1.1 2.5 0.0 2.7 19.3 13:58 SSE
02 19.9 26.4 16:27 14.8 06:02 1.0 2.6 0.0 2.2 11.3 16:19 SSE
03 21.1 27.7 15:45 14.8 03:47 0.5 3.3 0.0 2.3 11.3 10:15 ESE
04 22.0 28.9 15:26 15.9 04:14 0.5 4.0 0.0 3.1 14.4 17:52 S
05 22.0 28.1 14:31 16.2 23:28 0.2 3.9 0.0 2.7 14.4 16:10 SSW
06 20.5 26.6 13:45 15.0 06:34 0.7 2.8 0.0 2.5 11.3 13:32 SSW
07 20.7 26.0 16:05 15.5 07:08 0.5 2.9 0.0 1.9 14.4 16:02 S
08 20.6 24.8 14:53 17.6 07:25 0.0 2.4 0.0 2.9 24.1 20:02 SSW
09 19.0 23.3 13:40 14.9 23:40 0.6 1.4 19.0 4.3 24.1 05:30 S
10 18.0 24.1 13:09 13.9 07:12 1.6 1.2 0.4 2.1 17.8 13:37 S
11 16.8 22.1 14:39 13.3 23:11 2.1 0.6 4.6 3.3 17.8 19:23 S
12 15.7 20.3 15:13 12.5 07:38 3.0 0.3 1.6 3.3 19.3 00:51 S
13 15.7 22.1 14:12 12.4 06:16 3.1 0.5 0.2 2.3 16.1 16:19 S
14 16.6 22.1 15:26 11.9 02:29 2.7 0.8 0.0 2.2 20.9 20:41 SSW
15 16.1 19.8 15:05 13.4 23:38 2.3 0.1 13.6 3.1 25.7 16:38 SSW
16 15.8 19.7 13:50 12.7 06:54 2.7 0.2 0.4 2.4 16.1 10:13 S
17 14.8 18.4 13:05 12.2 21:38 3.5 0.0 0.0 5.3 32.2 09:16 S
18 15.8 21.1 13:44 11.3 06:36 3.0 0.5 0.2 2.0 16.1 13:22 S
19 17.2 21.7 15:16 13.7 23:02 1.8 0.8 0.0 2.1 29.1 06:24 SSE
20 16.8 22.8 14:09 12.3 05:46 2.4 1.0 0.0 2.3 11.3 15:37 SSW
21 17.3 23.6 15:20 11.3 06:24 2.4 1.4 0.0 2.5 11.3 15:51 S
22 17.1 21.7 14:40 13.4 06:18 1.9 0.8 0.0 2.1 20.9 12:57 NE
23 17.3 23.7 14:58 11.5 06:53 2.3 1.3 0.0 2.7 11.3 23:07 SSE
24 17.5 22.8 13:48 13.9 06:16 1.9 1.1 0.0 2.9 14.4 13:22 S
25 16.4 22.0 14:14 11.7 02:03 2.5 0.6 0.0 2.4 22.6 19:28 SSW
26 15.9 22.3 13:00 10.8 05:50 3.1 0.6 0.2 1.4 22.6 17:42 SSW
27 17.2 23.3 14:58 12.7 00:00 2.0 0.8 0.0 2.4 22.6 15:46 W
28 17.4 23.6 14:34 12.1 07:25 2.2 1.2 0.0 2.1 22.6 21:15 SSW
29 17.0 19.5 12:52 13.9 15:19 1.4 0.1 38.6 4.0 35.4 10:12 S
30 15.4 17.9 12:18 13.3 23:54 2.9 0.0 9.8 8.2 41.9 13:40 WSW
-------------------------------------------------------------------------------------
17.8 28.9 4 10.8 26 55.7 39.5 88.6 2.9 41.9 30 S
Max >= 32.0: 0
Max <= 0.0: 0
Min <= 0.0: 0
Min <= -18.0: 0
Max Rain: 38.60 ON 29/09/13
Days of Rain: 10 (> .2 mm) 5 (> 2 mm) 1 (> 20 mm)
Heat Base: 18.3 Cool Base: 18.3 Method: Integration