Select a Year or Month report
Report for 2018 Apr
MONTHLY CLIMATOLOGICAL SUMMARY for APR. 2018
NAME: Sorbo CITY: Castelnuovo V.C. STATE: Italia
ELEV: 595 m LAT: 43.2094 N LONG: 10.9019 E
TEMPERATURE (°C), RAIN (mm), WIND SPEED (km/hr)
HEAT COOL AVG
MEAN DEG DEG WIND DOM
DAY TEMP HIGH TIME LOW TIME DAYS DAYS RAIN SPEED HIGH TIME DIR
------------------------------------------------------------------------------------
1 8.2 12.8 14:00 4.9 6:40 10.1 0.0 7.2 4.3 30.6 1:30 SSW
2 8.3 14.7 14:10 3.4 5:50 10.0 0.0 0.2 1.8 20.9 21:20 S
3 9.6 14.1 15:50 6.1 0:10 8.7 0.0 0.0 2.7 29.0 17:10 WSW
4 10.0 11.2 15:20 8.6 23:10 8.3 0.0 27.2 4.7 32.2 19:20 WSW
5 10.0 14.1 13:40 6.8 23:20 8.3 0.0 1.0 1.8 16.1 0:10 SE
6 11.7 18.1 15:10 5.2 2:30 6.6 0.0 0.2 1.0 11.3 11:10 SSW
7 12.9 19.8 14:40 7.7 4:10 5.5 0.1 0.0 1.8 19.3 17:30 NE
8 13.7 19.1 15:20 7.2 1:20 4.7 0.0 0.0 1.4 25.7 12:50 SW
9 9.3 12.4 0:10 8.3 14:40 9.0 0.0 10.8 0.8 17.7 00:00 SW
10 9.3 12.2 13:50 7.8 4:20 9.0 0.0 2.6 1.9 22.5 10:30 WSW
11 9.6 11.4 19:40 6.8 5:50 8.7 0.0 0.8 1.0 22.5 19:50 NE
12 10.6 14.7 13:00 8.4 23:10 7.7 0.0 1.0 1.4 20.9 1:50 SW
13 10.1 15.3 16:10 5.1 6:50 8.2 0.0 0.0 1.3 19.3 13:50 WSW
14 13.4 19.7 15:40 6.4 4:40 5.0 0.1 0.0 2.1 20.9 13:00 NE
15 13.8 17.3 17:30 10.8 4:30 4.5 0.0 0.2 1.1 19.3 0:40 NE
16 13.8 19.1 15:30 9.3 6:50 4.5 0.0 0.0 0.8 16.1 13:20 E
17 14.7 19.9 13:30 9.7 6:40 3.8 0.1 0.0 0.8 16.1 14:30 NE
18 15.4 18.1 11:10 11.7 3:50 2.9 0.0 0.0 4.5 37.0 10:20 NE
19 16.5 21.9 15:50 11.7 6:10 2.4 0.6 0.0 1.9 20.9 11:30 NE
20 17.9 24.1 15:50 11.9 3:50 2.0 1.6 0.0 1.0 17.7 14:40 NE
21 18.3 24.4 15:30 11.9 1:10 1.6 1.6 0.0 1.6 17.7 18:20 NE
22 17.2 22.8 14:30 11.9 23:10 2.2 1.1 0.0 0.5 14.5 14:50 S
23 16.6 22.2 13:10 10.9 23:00 2.7 1.0 0.0 0.8 16.1 1:30 SSE
24 15.7 22.3 14:10 9.4 4:10 3.5 0.9 0.0 0.8 24.1 12:00 WSW
25 15.9 22.2 14:50 8.9 5:20 3.2 0.8 0.0 1.9 19.3 19:50 WSW
26 16.0 22.4 15:50 8.9 5:20 3.1 0.9 0.0 1.1 17.7 9:20 WSW
27 16.4 23.8 14:20 8.9 6:20 3.4 1.5 0.0 0.8 17.7 11:40 NE
28 17.4 24.1 14:40 10.9 6:00 2.4 1.5 0.0 0.3 20.9 13:40 SW
29 18.1 23.4 14:30 13.1 00:00 1.3 1.1 0.0 1.6 19.3 12:50 SW
30 12.8 18.2 15:10 9.0 23:40 5.5 0.0 0.0 1.4 17.7 9:20 SSE
-------------------------------------------------------------------------------------
13.4 24.4 21 3.4 2 159.2 13.1 51.2 1.6 37.0 18 NE
Max >= 32.0: 0
Max <= 0.0: 0
Min <= 0.0: 0
Min <= -18.0: 0
Max Rain: 27.20 ON 04/04/18
Days of Rain: 10 (> .2 mm) 4 (> 2 mm) 1 (> 20 mm)
Heat Base: 18.3 Cool Base: 18.3 Method: Integration