NOAA-style Climate Reports

Select a Year or Month report

Report for 2012 Jan
                   MONTHLY CLIMATOLOGICAL SUMMARY for JAN. 2012

NAME: Vado la Lepre   CITY: Castelnuovo V.C.   STATE: Italia 
ELEV:   800 m  LAT:  43.2068 N  LONG:  10.8773 E

                   TEMPERATURE (C), RAIN  (mm), WIND SPEED (km/hr)

                                      HEAT  COOL        AVG
    MEAN                              DEG   DEG         WIND                 DOM
DAY TEMP  HIGH   TIME   LOW    TIME   DAYS  DAYS  RAIN  SPEED HIGH   TIME    DIR
------------------------------------------------------------------------------------
 1   6.4   9.8   14.25   4.3    1.00  11.8   0.0   0.0  11.1  35.4   22.40    SW
 2   7.6   8.3   22.20   6.9    0.20  10.7   0.0   9.8  31.7  80.5   22.05    SW
 3   5.8   8.2    0.15   4.4    6.55  12.5   0.0   0.4  10.6  57.9    0.15   ENE
 4   5.3   6.7    0.05   2.1   00.00  13.0   0.0  10.6  18.7  46.7   14.50   WSW
 5   4.9   7.1   23.10   1.9    0.25  13.4   0.0   4.2  24.5  93.3   21.35   WSW
 6   4.0   6.6    0.05   2.0   22.15  14.3   0.0   0.2  13.7  38.6    0.55   NNE
 7   4.7   8.8   13.40   1.9    1.00  13.6   0.0   0.0  13.5  38.6   22.50     W
 8   5.2   9.1   14.50   3.3    6.30  13.1   0.0   0.2  10.6  40.2    0.20   WNW
 9   4.8   7.5   14.15   2.3    6.05  13.5   0.0   0.0   8.9  27.4    4.35    NE
10   5.2   9.0   13.20   1.8   23.50  13.1   0.0   0.2  14.6  35.4   12.45     W
11   5.3   8.3   13.10   2.0    0.05  13.0   0.0   0.0  10.0  45.1    3.55   NNE
12   5.9   8.6   12.15   4.1    7.20  12.4   0.0   0.0  13.8  43.5   23.10     W
13   5.3   6.3   14.40   4.6   00.00  13.0   0.0   0.2  15.1  49.9    1.40     W
14   3.3   5.7   13.50   1.7    7.20  15.0   0.0   0.0  12.9  33.8    6.00     E
15   2.9   7.1   14.20  -0.1    8.00  15.4   0.0   0.0   6.3  29.0    0.30   ENE
16   1.2   3.1    1.20  -1.2   20.15  17.1   0.0   0.0   7.1  27.4   11.35   ENE
17   1.9   5.3   14.00  -1.1    4.10  16.4   0.0   0.0   8.7  22.5   14.55   WSW
18   3.1   7.3   15.05   1.0    5.25  15.2   0.0   0.0   4.7  22.5    0.20   NNW
19   4.3   6.1   22.40   2.9    0.05  14.0   0.0   0.0  15.1  38.6   11.55   WSW
20   6.7   9.5   12.30   5.2   20.30  11.6   0.0   0.0  15.4  61.2   15.50   WSW
21   6.6  10.7   14.00   4.7    7.10  11.8   0.0   0.0  15.6  37.0    3.15     W
22   6.8  11.1   13.10   4.7    2.25  11.5   0.0   0.6  17.2  46.7    3.55    SW
23   6.4   8.2   12.20   5.1    2.35  11.9   0.0   0.2  15.0  35.4    6.50   WSW
24   5.8   9.7   12.35   1.7   23.25  12.5   0.0   0.2  11.4  38.6   21.30   ENE
25   1.6   4.4   12.40  -0.8   00.00  16.7   0.0   0.0   9.5  33.8    5.50    NE
26   2.1   4.9   12.05  -0.9    0.10  16.2   0.0   0.0   3.9  20.9    1.00    NE
27   3.7   5.4   12.50   2.2    3.05  14.6   0.0   0.0   3.5  12.9   00.00    NE
28   4.7   7.8   12.30   2.8   23.35  13.6   0.0   0.0   9.7  38.6   23.10    SW
29   1.2   3.8   15.20  -0.6   00.00  17.1   0.0   0.0  19.0  45.1    7.50     E
30  -2.2   1.7   13.30  -5.2   23.00  20.5   0.0   0.0  20.8  46.7    1.40   ENE
31  -2.6  -0.2   12.30  -5.3    1.35  14.9   0.0   0.0  14.6  43.5   22.25   ENE
-------------------------------------------------------------------------------------
     4.1  11.1    22    -5.3    31   433.1   0.0  26.8  13.1  93.3     5     ENE

Max >=  32.0:  0
Max <=   0.0:  1
Min <=   0.0:  8
Min <= -18.0:  0
Max Rain: 10.60 ON 04/01/12
Days of Rain: 11 (> .2 mm) 3 (> 2 mm) 0 (> 20 mm)
Heat Base:  18.3  Cool Base:  18.3  Method: Integration