NOAA-style Climate Reports

Select a Year or Month report

Report for 2012 Feb
                   MONTHLY CLIMATOLOGICAL SUMMARY for FEB. 2012

NAME: Vado la Lepre   CITY: Castelnuovo V.C.   STATE: Italia 
ELEV:   800 m  LAT:  43.2068 N  LONG:  10.8773 E

                   TEMPERATURE (C), RAIN  (mm), WIND SPEED (km/hr)

                                      HEAT  COOL        AVG
    MEAN                              DEG   DEG         WIND                 DOM
DAY TEMP  HIGH   TIME   LOW    TIME   DAYS  DAYS  RAIN  SPEED HIGH   TIME    DIR
------------------------------------------------------------------------------------
 1  -4.8  -2.6    0.05  -6.6   17.40  23.1   0.0   0.0  24.6  53.1    9.20   ENE
 2  -5.7  -4.6   12.05  -7.1   00.00  24.0   0.0   0.0  16.9  33.8   23.30   ENE
 3  -8.6  -7.1    0.05  -9.6    7.40  26.9   0.0   0.0  27.5  54.7   23.30   ENE
 4  -9.2  -7.2   13.10 -10.2    6.45  27.5   0.0   0.0  22.5  57.9    3.35   ENE
 5  -8.6  -5.1   13.50 -10.2    3.55  26.9   0.0   0.0  18.7  38.6   23.15   ENE
 6  -8.8  -6.1   13.25 -10.6    7.45  27.1   0.0   0.0  26.9  51.5   23.35   ENE
 7  -6.8  -4.5   14.25  -8.7    0.05  25.1   0.0   0.0  29.8  62.8    7.15   ENE
 8  -5.1  -2.4   13.35  -6.3    0.05  23.4   0.0   0.0  29.1  56.3    1.30   ENE
 9  -2.2   3.0   13.10  -6.6    1.40  20.5   0.0   0.0  11.7  41.8    3.55   ENE
10  -6.8  -3.1    0.20  -8.6   19.05  25.1   0.0   0.0  25.9  54.7    9.25   ENE
11  -8.4  -6.1   14.45  -9.6   21.40  26.7   0.0   0.0  22.0  46.7    1.55   ENE
12  -8.3  -5.8   14.45  -9.6    7.15  26.6   0.0   0.0  17.2  35.4    3.00   ENE
13  -6.7  -2.9   14.05  -9.7    6.45  25.0   0.0   0.0  12.9  29.0    5.40   ENE
14  -4.0   0.2   14.20  -8.6    6.40  22.3   0.0   0.0  11.6  40.2    8.20   ENE
15   0.4   3.8   14.45  -1.9    5.25  17.9   0.0   0.0  22.2  53.1   10.25   WSW
16   3.8   7.8   13.25   1.1    3.05  14.5   0.0   0.0  10.3  29.0    3.15    SW
17   4.2   6.8   15.10   2.7    5.25  14.1   0.0   0.0  17.2  30.6   12.20   WSW
18   4.5   7.4   13.45   2.7    4.15  13.8   0.0   0.0  15.4  37.0   16.30   WSW
19   4.1   5.7   14.00   3.1    8.10  14.2   0.0   4.0  23.7  46.7   12.15   WSW
20   2.1   4.0    0.05  -1.3   22.45  16.2   0.0   9.6  18.0  54.7    1.40   ENE
21   0.7   5.4   15.50  -1.4   00.00  17.6   0.0   2.4  16.7  43.5   10.15   ENE
22   1.8   6.7   15.15  -1.7    3.10  16.5   0.0   0.0  23.3  48.3   18.45   ENE
23   6.1  12.3   15.10   0.9    5.25  12.2   0.0   0.0  12.6  41.8    0.45   ENE
24   9.4  14.3   13.10   7.1    6.35   8.8   0.0   0.0   6.3  24.1   14.15   NNW
25   6.3  10.6   13.30   3.9   21.05  12.0   0.0   0.0  11.1  30.6    4.10   WNW
26   5.2   8.6   15.50   2.7   22.25  13.1   0.0   0.0  10.5  48.3   17.40   WNW
27   4.9   9.3   14.30   1.2    4.55  13.3   0.0   0.0   8.2  32.2    0.50    NE
28   5.6   9.9   14.40   3.7    6.40  12.7   0.0   0.0   9.5  25.7   14.35   WNW
29   6.5  10.8   14.40   4.3    4.30  11.8   0.0   0.0  12.7  33.8    6.35   WNW
-------------------------------------------------------------------------------------
    -1.0  14.3    24   -10.6     6   559.1   0.0  16.0  17.8  62.8     7     ENE

Max >=  32.0:  0
Max <=   0.0: 12
Min <=   0.0: 18
Min <= -18.0:  0
Max Rain: 9.60 ON 20/02/12
Days of Rain: 3 (> .2 mm) 3 (> 2 mm) 0 (> 20 mm)
Heat Base:  18.3  Cool Base:  18.3  Method: Integration