NOAA-style Climate Reports

Select a Year or Month report

Report for 2012 Apr
                   MONTHLY CLIMATOLOGICAL SUMMARY for APR. 2012

NAME: Vado la Lepre   CITY: Castelnuovo V.C.   STATE: Italia 
ELEV:   800 m  LAT:  43.2068 N  LONG:  10.8773 E

                   TEMPERATURE (C), RAIN  (mm), WIND SPEED (km/hr)

                                      HEAT  COOL        AVG
    MEAN                              DEG   DEG         WIND                 DOM
DAY TEMP  HIGH   TIME   LOW    TIME   DAYS  DAYS  RAIN  SPEED HIGH   TIME    DIR
------------------------------------------------------------------------------------
 1  10.8  16.0   16.45   7.6    0.05   7.5   0.0   0.0   7.6  27.4   17.40   WSW
 2  10.2  15.2   14.35   7.4    6.35   8.1   0.0   0.0  22.4  54.7   23.45    SW
 3   9.8  12.0   16.25   8.2    5.55   8.5   0.0   3.6  16.9  46.7    0.15    SW
 4  11.1  15.7   13.20   8.9    4.55   7.3   0.0   0.0  16.3  41.8    7.35    SW
 5  10.2  13.7   17.05   7.4   22.40   8.1   0.0   1.2  13.4  30.6    5.50   WSW
 6   9.2  13.3   14.20   7.2    7.05   9.1   0.0   3.0  14.5  40.2   16.00     W
 7   7.9  10.2   16.45   5.8   00.00  10.4   0.0   1.4  21.9  46.7   12.20     W
 8   5.0   9.6   11.00   0.8   00.00  13.3   0.0   8.8  13.2  35.4    1.50   ENE
 9   4.1   9.9   16.05  -1.3    6.50  14.2   0.0   0.0   8.9  32.2    8.00   ENE
10   6.9  12.3   13.05   4.2    5.25  11.4   0.0   3.2  17.9  62.8   21.15    SW
11   6.6   8.9   11.35   3.7   12.15  11.7   0.0  29.4  40.2 103.0   11.30     W
12   8.3  12.8   14.30   5.6    6.30  10.0   0.0   0.0  23.3  54.7    1.05     W
13   7.8  12.2   12.30   5.8    6.40  10.5   0.0   2.0  11.6  37.0   23.50   ENE
14   5.1   5.8    0.05   4.3   23.50  13.2   0.0  36.0  12.1  35.4    0.10   ENE
15   6.9  11.1   12.50   4.3    0.05  11.4   0.0   1.4  18.0  43.5   14.00    SW
16   7.1  10.4   11.25   4.9    5.30  11.3   0.0   0.8  10.3  29.0   12.35   ENE
17   8.1  13.3   15.25   4.7    6.00  10.2   0.0   0.2   9.2  30.6    8.30   ENE
18   6.8  10.2   12.20   4.9   22.55  11.5   0.0   9.6  12.7  49.9   14.05   WNW
19   6.9  11.7   15.30   4.6    2.25  11.4   0.0   8.4  25.6  62.8   16.25   WSW
20   6.3   9.3   14.35   3.9   10.15  12.0   0.0  19.2  22.7  66.0   17.25     W
21   9.2  13.7   15.20   6.1    0.10   9.1   0.0   0.0  26.2  62.8    3.50     W
22   9.6  14.6   14.40   6.6   22.30   8.7   0.0   0.0  23.0  74.0   15.45   WSW
23   8.7  13.0   14.10   6.3    2.00   9.6   0.0   0.0  19.9  49.9   13.25     W
24   7.0  10.6   15.55   4.6    9.50  11.3   0.0  12.8  30.4  88.5    6.45     W  
25   8.7  13.9   15.30   5.7    6.45   9.6   0.0   0.0  22.7  48.3    3.00     W 
26  10.6  15.4   16.25   6.3    2.10   7.8   0.0   0.2  24.5  57.9   23.40    SW    
27  16.4  21.8   16.20  10.6    1.50   2.7   0.8   0.0  11.4  46.7    5.20   SSW   
28  20.2  23.9   13.30  17.6   00.00   0.0   1.9   0.0  13.7  41.8   23.55   SSW   
29  13.4  17.6    0.05  11.4   10.45   4.9   0.0   0.8  29.9  74.0    5.55    SW
30  12.8  15.3   10.20  11.2    3.10   5.5   0.0   1.6  10.5  46.7   11.50    SW 
-------------------------------------------------------------------------------------
     9.1  23.9     28   -1.3     9   280.1   2.7 143.6  18.3 103.0    11       W

Max >=  32.0:  0
Max <=   0.0:  0
Min <=   0.0:  1
Min <= -18.0:  0
Max Rain: 36.00 ON 14/04/12
Days of Rain: 19 (> .2 mm) 10 (> 2 mm) 2 (> 20 mm)
Heat Base:  18.3  Cool Base:  18.3  Method: Integration