NOAA-style Climate Reports

Select a Year or Month report

Report for 2012 Jun
                   MONTHLY CLIMATOLOGICAL SUMMARY for JUN. 2012

NAME: Vado la Lepre   CITY: Castelnuovo V.C.   STATE: Italia 
ELEV:   800 m  LAT:  43.2068 N  LONG:  10.8773 E

                   TEMPERATURE (C), RAIN  (mm), WIND SPEED (km/hr)

                                      HEAT  COOL        AVG
    MEAN                              DEG   DEG         WIND                 DOM
DAY TEMP  HIGH   TIME   LOW    TIME   DAYS  DAYS  RAIN  SPEED HIGH   TIME    DIR
------------------------------------------------------------------------------------
 1  15.2  18.3   15.20  11.7    6.20   3.1   0.0   0.0   9.7  29.0   13.55    SW
 2  16.2  20.6   16.20  13.3   23.55   2.2   0.2   0.0  17.4  40.2   18.55    SW
 3  16.4  21.1   13.25  13.3    0.05   2.4   0.5   0.2  27.4  56.3   21.35    SW
 4  14.2  17.4   15.10  12.0   00.00   4.1   0.0   6.8  20.9  49.9    0.15    SW
 5  15.6  19.6   14.55  11.3    3.15   2.9   0.1   0.2   6.1  24.1   17.05   WNW
 6  16.3  20.4   15.35  13.3   00.00   2.2   0.2   0.0   9.5  30.6   16.05   WSW
 7  15.9  20.7   14.40  11.7    5.20   2.7   0.3   0.0  20.4  51.5   23.00    SW
 8  18.3  22.3   15.30  15.2    5.35   0.8   0.9   0.0  40.4  77.2    9.55    SW
 9  17.5  19.7   11.30  14.3   21.55   1.0   0.1   0.2  23.2  67.6    5.50    SW
10  15.8  19.9   15.55  12.3    5.20   2.6   0.1   3.0  17.9  45.1   13.00   WSW
11  16.3  20.8   16.00  13.4    0.05   2.4   0.3   0.6  18.0  48.3   23.45   WSW
12  13.7  17.4   15.10  10.9    5.25   4.6   0.0   4.8  21.4  57.9   16.10     W
13  13.9  17.8   12.30  10.7   23.50   4.4   0.0   0.0  15.9  43.5    1.15     W
14  15.5  21.7   16.30  10.4    1.40   3.2   0.4   0.0   6.9  27.4   17.50    NE
15  19.3  24.6   14.15  14.2    3.45   0.9   1.9   0.0   4.2  17.7   16.05    NE
16  22.4  26.9   12.20  17.8    5.05   0.0   4.2   0.0   6.3  27.4   15.15   ENE
17  24.6  28.7   14.45  20.4    0.25   0.0   6.3   0.0   4.3  24.1   15.25    NE
18  25.5  30.3   13.30  22.3    2.20   0.0   7.2   0.0   5.0  22.5   16.10   WNW
19  25.6  30.3   14.30  22.6    5.20   0.0   7.3   0.0   8.0  25.7    9.05     W
20  24.6  28.8   11.50  22.0    6.25   0.0   6.2   0.0  14.8  41.8   21.05   WSW
21  21.7  26.3   13.20  16.6   23.50   0.1   3.5   0.0  17.7  48.3    2.30     W
22  19.7  25.1   15.40  15.6    5.30   0.8   2.2   0.0  10.8  43.5   00.00   WNW
23  21.4  25.9   14.05  18.4    7.20   0.0   3.1   0.0  18.0  45.1   14.30     W
24  21.2  25.9   15.05  16.6   23.40   0.1   3.0   0.0   9.5  33.8   16.45     W
25  20.6  26.1   16.40  16.1    1.30   0.3   2.6   0.0  11.6  35.4   15.50   WSW
26  22.8  28.9   15.40  18.5    5.10   0.0   4.5   0.0   5.1  17.7   17.25    NE
27  23.7  30.3   14.55  19.8    4.15   0.0   5.4   0.0   8.4  27.4   16.55   ENE
28  23.6  27.5   15.45  20.8    6.05   0.0   5.3   0.0  11.7  35.4   14.25   WSW
29  23.4  27.9   13.50  19.3    5.20   0.0   5.1   0.0  13.2  35.4   14.50    SW
30  24.8  29.1   15.20  21.9    6.05   0.0   6.5   0.0  14.8  35.4   16.10   WSW
-------------------------------------------------------------------------------------
    19.5  30.3    27    10.4    14    40.7  77.4  16.0  14.0  77.2     8       W

Max >=  32.0:  0
Max <=   0.0:  0
Min <=   0.0:  0
Min <= -18.0:  0
Max Rain: 6.80 ON 04/06/12
Days of Rain: 7 (> .2 mm) 3 (> 2 mm) 0 (> 20 mm)
Heat Base:  18.3  Cool Base:  18.3  Method: Integration