NOAA-style Climate Reports

Select a Year or Month report

Report for 2012 Jul
                   MONTHLY CLIMATOLOGICAL SUMMARY for JUL. 2012

NAME: Vado la Lepre   CITY: Castelnuovo V.C.   STATE: Italia 
ELEV:   800 m  LAT:  43.2068 N  LONG:  10.8773 E

                   TEMPERATURE (C), RAIN  (mm), WIND SPEED (km/hr)

                                      HEAT  COOL        AVG
    MEAN                              DEG   DEG         WIND                 DOM
DAY TEMP  HIGH   TIME   LOW    TIME   DAYS  DAYS  RAIN  SPEED HIGH   TIME    DIR
------------------------------------------------------------------------------------
 1  25.9  31.6   14.55  22.9    1.10   0.0   7.6   0.0  15.0  33.8   21.15   WSW
 2  22.4  26.8   15.00  14.7   00.00   0.4   4.5   0.0  21.1  51.5   15.05    SW
 3  18.3  24.7   15.45  14.1    4.10   1.6   1.7   0.2   6.8  25.7   17.05   NNW
 4  20.2  26.1   13.55  14.0    4.35   0.6   2.4   0.0   6.0  22.5   14.30     W
 5  22.6  27.9   14.00  17.6    3.20   0.1   4.4   0.0   7.6  30.6   16.45     W
 6  20.9  24.6   15.00  17.1   23.30   0.1   2.7   0.0  14.5  43.5   16.40   WSW
 7  21.4  26.4   14.45  16.9    3.50   0.3   3.4   0.2   7.6  30.6   16.10     W
 8  22.8  27.2   14.20  19.3   00.00   0.0   4.5   0.0  21.7  49.9   19.45   WSW
 9  22.9  28.5   15.10  18.8    4.50   0.0   4.6   0.0  13.0  40.2   16.40   WSW
10  22.7  27.7   16.55  19.3    5.35   0.0   4.4   0.0   7.7  25.7   16.00   WNW
11  21.5  27.2   14.30  17.1    5.25   0.2   3.3   0.0  13.4  38.6   15.25     W
12  20.5  24.8   13.05  15.8   23.30   0.3   2.4   0.0  13.5  41.8   12.55     W
13  19.6  25.1   12.50  15.6    5.40   0.9   2.2   0.0  10.8  46.7   17.40   NNE
14  20.3  25.8   13.55  16.5    5.20   0.5   2.5   0.0  18.8  57.9   23.20    SW
15  18.4  21.4   13.00  14.8   21.25   0.8   0.9   0.0  20.6  57.9    1.05     W
16  19.4  25.3   14.25  14.3    6.05   1.1   2.2   0.0   8.2  25.7   13.05    NE
17  20.9  26.7   15.50  16.2    5.05   0.5   3.0   0.0   8.9  25.7   17.10   ENE
18  23.3  29.3   15.15  18.2    5.00   0.0   5.0   0.0   7.1  24.1   17.20    NE
19  23.7  29.2   15.10  19.7   23.50   0.0   5.4   0.0  15.0  40.2   15.10   WSW
20  22.4  27.3   14.50  17.4   23.50   0.0   4.2   0.0  20.9  57.9   16.10   WSW
21  20.9  26.7   14.30  16.4   00.00   0.2   2.8   0.0  10.1  32.2   13.30   WSW
22  17.6  22.4   12.55  13.8   00.00   1.4   0.7   0.0  16.3  41.8   22.25   ENE
23  15.4  19.4   16.15  12.8    5.30   2.9   0.0   0.0  22.4  51.5    7.50   ENE
24  18.3  21.7   11.25  15.3    2.05   0.9   1.0   0.0  14.8  38.6    7.45   ENE
25  20.3  25.7   11.45  16.3    5.00   0.4   2.4   0.0  10.6  33.8   15.50    NE
26  21.2  27.0   14.35  17.0    6.15   0.1   3.0   0.0  10.0  30.6   15.40   WNW
27  25.0  30.7   15.20  19.6    0.05   0.0   6.7   0.0   9.2  30.6   12.35     W
28  25.4  30.4   12.55  20.2   22.10   0.0   7.1   0.0  18.8  64.4   17.50   WSW
29  22.1  27.3   13.35  18.1    4.00   0.0   3.8   0.0  15.8  40.2   14.35     W
30  21.3  25.9   14.55  18.2    6.10   0.0   3.1   0.0  20.4  46.7   21.00     W
31  21.1  25.9   14.30  16.7    6.05   0.2   2.9   0.0  10.9  35.4   10.20     W
-------------------------------------------------------------------------------------
    21.3  31.6     1    12.8    23    13.3 104.8   0.4  13.5  64.4    28       W

Max >=  32.0:  0
Max <=   0.0:  0
Min <=   0.0:  0
Min <= -18.0:  0
Max Rain: 0.20 ON 03/07/12
Days of Rain: 2 (> .2 mm) 0 (> 2 mm) 0 (> 20 mm)
Heat Base:  18.3  Cool Base:  18.3  Method: Integration