NOAA-style Climate Reports

Select a Year or Month report

Report for 2012 Aug
                   MONTHLY CLIMATOLOGICAL SUMMARY for AUG. 2012

NAME: Vado la Lepre   CITY: Castelnuovo V.C.   STATE: Italia 
ELEV:   800 m  LAT:  43.2068 N  LONG:  10.8773 E

                   TEMPERATURE (C), RAIN  (mm), WIND SPEED (km/hr)

                                      HEAT  COOL        AVG
    MEAN                              DEG   DEG         WIND                 DOM
DAY TEMP  HIGH   TIME   LOW    TIME   DAYS  DAYS  RAIN  SPEED HIGH   TIME    DIR
------------------------------------------------------------------------------------
 1  24.0  31.0   15.55  18.2    6.05   0.0   5.7   0.0   8.5  27.4   16.10    NE
 2  25.2  30.6   16.15  20.9    6.00   0.0   6.8   0.0   9.5  32.2   13.15    NE
 3  23.8  28.8   15.00  20.6    5.25   0.0   5.6   0.0  10.6  32.2   13.55     W
 4  24.4  29.5   13.20  20.8    6.30   0.0   6.1   0.0  18.7  46.7   22.45    SW
 5  22.4  29.2   14.50  18.4    2.30   0.0   4.1   0.0  23.5  48.3   23.55    SW
 6  21.4  26.3   12.00  18.9   22.30   0.0   3.2   0.2  24.0  54.7   16.55    SW
 7  22.4  28.4   14.25  17.4    5.50   0.1   4.2   0.0   7.6  35.4    0.40   WNW
 8  23.3  29.6   15.40  19.0    5.55   0.0   5.0   0.0   5.5  22.5    1.05   NNW
 9  23.7  30.2   13.55  18.7    5.50   0.0   5.4   0.0   9.5  33.8   14.55    NE
10  23.1  28.6   15.05  18.1    6.00   0.0   4.8   0.0  12.4  32.2    9.10   ENE
11  22.2  28.0   15.25  17.6    5.25   0.0   3.9   0.0  10.6  32.2   16.15   ENE
12  22.2  27.1   15.15  19.1   23.55   0.0   3.9   0.0  15.6  41.8   16.00   WSW
13  20.9  26.4   13.25  17.8   15.15   0.0   2.6   0.0  10.0  43.5   14.45    SW
14  21.6  26.2   15.20  18.1    6.45   0.0   3.3   0.0   7.7  32.2   16.45     W
15  23.3  28.6   13.40  19.6    4.35   0.0   5.0   0.0   9.2  35.4   16.55     W
16  22.3  28.4   14.35  18.4   23.25   0.0   4.0   0.0   9.7  30.6   16.50     W
17  23.1  30.8   15.05  17.2    5.55   0.2   5.0   0.2   7.6  22.5   13.45    NE
18  26.1  32.6   16.30  21.1    6.30   0.0   7.7   0.0  10.1  30.6    8.05   ENE
19  26.9  33.2   14.25  22.0    6.20   0.0   8.7   0.0  10.5  32.2   15.15   ENE
20  26.9  32.8   14.50  22.8    5.55   0.0   8.7   0.0   7.1  51.5   14.55    NE
21  26.6  32.1   15.35  23.2    6.25   0.0   8.2   0.0   6.9  24.1   15.20   WNW
22  26.4  32.3   14.50  22.7   23.30   0.0   8.1   0.0  12.9  40.2   16.25   WSW
23  25.5  30.7   15.30  22.2    6.15   0.0   7.2   0.0  11.6  35.4   14.20     W
24  24.4  29.1   13.45  19.4   21.50   0.0   6.1   0.0  21.4  43.5   15.20   WSW
25  22.3  28.2   14.55  18.7    6.35   0.0   4.0   0.0  28.2  49.9   21.00    SW
26  19.3  22.6   15.15  14.2   11.30   0.4   1.4  24.8  16.6  43.5   17.45   WSW
27  20.0  25.8   15.45  14.9    5.15   0.7   2.4   0.2   8.4  25.7   10.05    NE
28  21.8  27.7   15.15  17.2    6.20   0.1   3.6   0.0   8.7  29.0    2.00   ENE
29  21.9  27.2   15.00  18.2    1.55   0.0   3.6   0.0   5.3  22.5   15.15    NW
30  22.0  27.7   13.45  18.7   23.25   0.0   3.7   0.0  12.4  38.6   13.55   WSW
31  17.2  21.0   14.45  13.6   00.00   1.5   0.3 111.0  15.1  88.5    6.15   WNW
-------------------------------------------------------------------------------------
    23.1  33.2    19    13.6    31     2.8 152.0 136.4  12.1  88.5    31     WSW

Max >=  32.0:  5
Max <=   0.0:  0
Min <=   0.0:  0
Min <= -18.0:  0
Max Rain: 111.00 ON 31/08/12
Days of Rain: 5 (> .2 mm) 2 (> 2 mm) 1 (> 20 mm)
Heat Base:  18.3  Cool Base:  18.3  Method: Integration