NOAA-style Climate Reports

Select a Year or Month report

Report for 2012 Sep
                   MONTHLY CLIMATOLOGICAL SUMMARY for SEP. 2012

NAME: Vado la Lepre   CITY: Castelnuovo V.C.   STATE: Italia 
ELEV:   800 m  LAT:  43.2068 N  LONG:  10.8773 E

                   TEMPERATURE (C), RAIN  (mm), WIND SPEED (km/hr)

                                      HEAT  COOL        AVG
    MEAN                              DEG   DEG         WIND                 DOM
DAY TEMP  HIGH   TIME   LOW    TIME   DAYS  DAYS  RAIN  SPEED HIGH   TIME    DIR
------------------------------------------------------------------------------------
 1  13.7  16.0   14.25  12.5   12.05   4.6   0.0  15.0  11.1  48.3   23.10   SSW
 2  13.7  14.8   17.55  12.2    6.40   4.6   0.0   2.2  12.9  38.6    0.25   ENE
 3  14.9  19.7   16.25  12.4    8.20   3.4   0.0  22.0  10.3  38.6    3.00   ENE
 4  15.1  17.5   18.20  12.6    5.00   3.3   0.0   2.2  13.0  32.2    8.55   ENE
 5  16.8  21.4   14.00  14.1    5.45   1.8   0.3   4.0   8.0  24.1    0.20   ENE
 6  18.2  22.9   15.25  14.6    5.50   1.3   1.2   0.0   9.7  29.0   14.10    NE
 7  19.5  24.7   15.55  14.9    3.40   0.9   2.0   0.0   8.9  32.2    7.10    NE
 8  20.7  24.9   16.25  17.4    6.20   0.0   2.5   0.0   5.8  22.5    9.45    NE
 9  20.7  25.2   14.40  15.9   23.55   0.1   2.4   0.0   5.0  22.5   17.00     W
10  18.8  23.8   15.55  15.9    7.15   0.7   1.2   0.0   5.6  25.7   14.50   NNW
11  19.2  23.4   14.20  16.2    5.40   0.5   1.4   0.0   9.3  29.0   15.20     W
12  18.0  22.0   14.35  15.8   00.00   0.9   0.6   0.2  28.5  80.5   19.35   WSW
13  12.8  15.8    0.05  10.0   19.40   5.4   0.0   0.0  22.5  59.5    0.30   ENE
14  11.8  14.3   19.10   9.3    5.20   6.5   0.0   0.8  21.9  48.3    9.45   ENE
15  15.2  19.9   14.40  11.9    7.00   3.3   0.1   0.0  12.4  37.0    0.05   ENE
16  15.2  20.7   16.05  11.1    6.10   3.3   0.2   0.0  12.1  41.8    1.00   ENE
17  16.1  21.1   15.35  12.8    6.20   2.5   0.3   0.0   6.8  20.9   16.00   ENE
18  16.4  21.2   14.35  13.9   23.45   2.2   0.3   0.0   8.4  29.0   15.15   WSW
19  14.9  15.8   13.50  14.0    1.20   3.3   0.0  25.6  19.8  45.1   15.10   WSW
20  13.1  16.2   15.00  10.2   23.55   5.2   0.0   0.2  13.4  37.0   10.10   ENE
21  14.4  20.0   14.20   9.1    3.35   4.1   0.2   0.0  12.6  32.2    0.25   ENE
22  15.5  19.7   15.00  12.6    5.20   2.8   0.0   0.0  27.2  45.1    9.20    SW
23  18.1  22.6   14.05  16.3    0.30   0.9   0.6   0.2  21.7  43.5   23.40    SW
24  17.4  20.8   14.05  15.0   23.00   1.1   0.2   0.2  32.3  74.0   11.55    SW
25  16.6  19.8   14.20  14.3    7.15   1.8   0.1   0.0  21.7  62.8   23.35    SW
26  17.2  19.7   13.35  15.2    5.05   1.2   0.1   0.0  43.6  83.7   22.05    SW
27  16.0  17.7    0.10  14.9    8.25   2.3   0.0   1.4  18.8  72.4    0.20   WSW
28  18.3  22.7   14.35  15.3    5.15   0.8   0.8   0.0  17.9  51.5   20.30    SW
29  20.2  23.7   13.05  15.7   00.00   0.0   2.0  15.6  31.9  66.0    6.30    SW
30  16.1  21.1   15.25  12.5   21.50   2.5   0.3  42.0  10.0  40.2   17.10    SW
-------------------------------------------------------------------------------------
    16.5  25.2     9     9.1    21    71.6  16.8 131.6  16.1  83.7    26     ENE

Max >=  32.0:  0
Max <=   0.0:  0
Min <=   0.0:  0
Min <= -18.0:  0
Max Rain: 42.00 ON 30/09/12
Days of Rain: 14 (> .2 mm) 6 (> 2 mm) 2 (> 20 mm)
Heat Base:  18.3  Cool Base:  18.3  Method: Integration