NOAA-style Climate Reports

Select a Year or Month report

Report for 2012 Nov
                   MONTHLY CLIMATOLOGICAL SUMMARY for NOV. 2012

NAME: Vado la Lepre   CITY: Castelnuovo V.C.   STATE: Italia 
ELEV:   800 m  LAT:  43.2068 N  LONG:  10.8773 E

                   TEMPERATURE (C), RAIN  (mm), WIND SPEED (km/hr)

                                      HEAT  COOL        AVG
    MEAN                              DEG   DEG         WIND                 DOM
DAY TEMP  HIGH   TIME   LOW    TIME   DAYS  DAYS  RAIN  SPEED HIGH   TIME    DIR
------------------------------------------------------------------------------------
 1   9.7  12.2   15.20   6.9    6.00   8.6   0.0   8.8  27.8  69.2    0.55     W
 2  10.7  14.0   13.20   8.8    4.50   7.7   0.0   0.0  19.6  62.8   11.40     W
 3  10.6  12.5   13.20   9.2    6.05   7.7   0.0   0.0  20.0  56.3   21.40    SW
 4  13.7  15.1   22.20  10.2    0.55   4.6   0.0   2.2  29.1  77.2    6.05    SW
 5  12.3  15.2    6.10   8.6   22.45   6.0   0.0  15.6  21.9  85.3   13.30     W
 6   9.2  12.3   13.40   7.0   22.25   9.1   0.0   0.0  27.7  57.9    4.05     W
 7   7.4  10.9   13.10   4.4    1.55  10.9   0.0   0.0   6.8  25.7    1.15   ENE
 8   8.9  13.3   14.25   7.0    3.30   9.3   0.0   0.0   7.4  20.9   15.40     W
 9   9.2  13.6   14.30   7.2    2.05   9.1   0.0   0.0  10.1  32.2   23.00   WSW
10  10.3  12.4   00.00   8.8    2.45   8.0   0.0   0.6  38.8  83.7   22.40    SW
11  11.9  13.7    4.50  10.5   23.30   6.3   0.0  37.2  19.6 128.7    6.30    SW
12  11.7  13.3   20.05  10.5    0.05   6.6   0.0  30.8   5.3  33.8   13.05    SW
13  12.6  14.6   11.50   9.3   00.00   5.7   0.0   1.2  15.3  38.6   22.40   ENE
14   8.9  11.8   12.15   5.9   21.30   9.4   0.0   0.0  20.4  45.1   10.20   ENE
15   5.8   9.2   12.25   4.1   21.10  12.4   0.0   0.2  16.7  35.4   18.45   ENE
16   5.9   9.1   13.20   2.9    6.50  12.4   0.0   0.0  10.5  40.2    8.15   ENE
17   9.1  12.1   11.35   5.7    0.05   9.2   0.0   0.0   6.9  19.3   22.45   SSW
18   8.2  11.4   13.00   6.6    5.30  10.1   0.0   0.0   9.2  25.7   11.40   ENE
19   7.9   8.7   11.05   6.7   23.30  10.4   0.0   1.8  15.0  33.8    9.40     E
20   7.5   9.6   14.30   5.9   23.50  10.8   0.0   0.2  16.1  35.4   22.55   ENE
21   7.7  10.8   13.25   4.6    3.10  10.6   0.0   0.2   9.5  29.0    0.50   ENE
22   9.8  12.9   14.25   8.6    6.50   8.3   0.0   0.0   5.6  19.3    1.40   NNE
23   9.7  12.2   11.55   8.4    7.05   8.7   0.0   0.2   7.1  19.3   12.10     W
24   9.1  11.7   11.15   8.2    4.00   4.7   0.0   0.2   1.9  14.5    0.50    NW
25   9.6  11.9   13.45   8.7   22.00   4.8   0.0   0.0  11.1  37.0   23.25   WSW
26   9.1  11.2   13.40   8.3    6.55   9.2   0.0   0.6  30.1  61.2   23.35    SW
27  10.7  12.0   15.15   8.8    1.35   7.6   0.0   5.0  29.6  96.6   15.05    SW
28   8.3  11.9    1.40   5.7   18.10  10.0   0.0  56.0  35.9 106.2    4.55    SW
29   4.2   6.1    0.05   2.7   12.15  14.1   0.0  18.6  24.5  70.8    0.05    NE
30   3.8   5.3   11.30   2.6   17.35  14.5   0.0   4.4  24.1  75.6   14.20    SW
-------------------------------------------------------------------------------------
     9.1  15.2     5     2.6    30   267.2   0.0 183.8  17.5 128.7    11     ENE

Max >=  32.0:  0
Max <=   0.0:  0
Min <=   0.0:  0
Min <= -18.0:  0
Max Rain: 56.00 ON 28/11/12
Days of Rain: 18 (> .2 mm) 8 (> 2 mm) 3 (> 20 mm)
Heat Base:  18.3  Cool Base:  18.3  Method: Integration