NOAA-style Climate Reports

Select a Year or Month report

Report for 2013 Jan
                   MONTHLY CLIMATOLOGICAL SUMMARY for JAN. 2013

NAME: Vado la Lepre   CITY: Castelnuovo V.C.   STATE: Italia 
ELEV:   800 m  LAT:  43.2068 N  LONG:  10.8773 E

                   TEMPERATURE (C), RAIN  (mm), WIND SPEED (km/hr)

                                      HEAT  COOL        AVG
    MEAN                              DEG   DEG         WIND                 DOM
DAY TEMP  HIGH   TIME   LOW    TIME   DAYS  DAYS  RAIN  SPEED HIGH   TIME    DIR
------------------------------------------------------------------------------------
 1   4.2   5.3   16:20   3.2    3:45  14.1   0.0   0.2  18.8  40.2   17:55    SW
 2   4.7   5.7   13:00   2.9   22:15  13.6   0.0   5.0  26.4  59.5   10:00    SW
 3   5.7   8.3   13:10   2.5    1:00  12.7   0.0   0.0   9.8  37.0    0:35     E
 4   5.7   8.3   12:00   4.2    6:50  12.6   0.0   0.0   8.2  25.7   23:55   WNW
 5   6.4  12.8   23:20   4.8   18:20  11.9   0.0   0.0  10.5  30.6    4:15   WNW
 6   9.4  15.2   12:05   5.1   18:35   8.8   0.0   0.0   9.8  38.6   21:50    NE
 7   9.5  14.3   14:40   4.3    2:35   8.8   0.0   0.0   9.2  37.0    0:30   WSW
 8   6.1   9.8    0:05   4.2    5:00  12.2   0.0   0.0  11.6  27.4    3:15   WNW
 9   5.9   7.3   12:10   5.2    3:15  12.3   0.0   0.0   6.9  22.5   22:15   WSW
10   4.9   5.7   14:40   3.8   18:10  13.4   0.0   1.0  10.3  32.2    5:45    SW
11   3.7   4.8    1:00   1.9   22:05  14.6   0.0   5.0  16.7  56.3   10:30   WSW
12   4.5   6.6   15:30   2.6    0:15  13.8   0.0   0.2   7.7  27.4   21:00    SW
13   4.3   5.4   13:50   3.6    7:50  14.0   0.0  16.4  28.6  82.1   22:45    SW
14   2.8   5.0    0:05  -0.7   22:10  15.5   0.0   2.4  20.9  75.6    0:10   WSW
15   1.9   5.1   14:50  -0.3   00:00  16.4   0.0   4.2  21.9  56.3   21:40   WSW
16  -0.5   0.2    1:15  -1.2    3:00  18.8   0.0   1.0  12.7  49.9   19:30     W
17  -1.9  -0.5   13:55  -3.7    9:00  20.2   0.0   0.0  12.4  35.4   22:20    NE
18  -1.2   1.5   14:30  -3.9    6:35  19.5   0.0   0.6  10.8  33.8    0:10    NE
19   2.3   7.8   00:00  -0.3   10:40  16.0   0.0   7.0  33.6  78.9   22:15   SSW
20   7.6   9.3    6:15   5.1   20:05  10.7   0.0  14.0  43.0  83.7    3:50    SW
21   3.9   6.4    0:25   1.3    6:20  14.4   0.0   5.4  27.7  56.3   23:15     W
22   2.7   4.1   21:45  -0.2   11:25  15.6   0.0   7.0  33.3  72.4    5:35     W
23   3.0   4.8   14:10   1.4   20:05  15.3   0.0   1.8  20.8  54.7    9:55   SSW
24   1.2   3.6   15:25   0.0    4:35  17.1   0.0   0.0  13.5  41.8   23:50    NE
25  -0.3   2.4   11:45  -3.3   00:00  18.6   0.0   0.0  20.8  57.9   12:00   ENE
26  -1.7   1.7   14:30  -3.4    7:15  20.0   0.0   0.0  16.9  40.2   10:10    NE
27   1.4   6.9   14:10  -3.4    2:15  16.8   0.0   0.0  11.9  29.0   21:40    NE
28   1.8   3.7    6:55  -1.3   22:20  16.5   0.0  12.2  18.2  48.3    3:25    SW
29   3.6   8.7   13:15  -0.9    0:05  14.8   0.0   0.2  11.9  35.4   21:45     W
30   6.3   9.3   15:25   4.4    7:15  12.0   0.0   0.0  13.5  45.1   23:50   WSW
31   7.8  10.6   13:40   6.4    2:15  10.5   0.0   0.0  15.8  45.1    0:50     W
-------------------------------------------------------------------------------------
     3.7  15.2     6    -3.9    18   451.5   0.0  84.0  17.2  83.7    20     WSW

Max >=  32.0:  0
Max <=   0.0:  1
Min <=   0.0: 13
Min <= -18.0:  0
Max Rain: 16.40 ON 13/01/13
Days of Rain: 17 (> .2 mm) 10 (> 2 mm) 0 (> 20 mm)
Heat Base:  18.3  Cool Base:  18.3  Method: Integration