NOAA-style Climate Reports

Select a Year or Month report

Report for 2013 Feb
                   MONTHLY CLIMATOLOGICAL SUMMARY for FEB. 2013

NAME: Vado la Lepre   CITY: Castelnuovo V.C.   STATE: Italia 
ELEV:   800 m  LAT:  43.2068 N  LONG:  10.8773 E

                   TEMPERATURE (C), RAIN  (mm), WIND SPEED (km/hr)

                                      HEAT  COOL        AVG
    MEAN                              DEG   DEG         WIND                 DOM
DAY TEMP  HIGH   TIME   LOW    TIME   DAYS  DAYS  RAIN  SPEED HIGH   TIME    DIR
------------------------------------------------------------------------------------
 1   7.6   8.7   13.10   5.9    8.40  10.7   0.0   0.0  25.9  51.5   19.40   WSW
 2   5.1   7.8    0.40  -0.9   23.45  13.2   0.0   6.8  30.3  75.6   11.40    SW
 3   0.1   3.2   14.40  -1.5    2.55  18.2   0.0   0.0  20.8  54.7    0.30   ENE
 4   3.6   7.4   15.35  -0.1    0.15  14.7   0.0   0.0  15.1  37.0   22.35   WSW
 5   4.9   6.2   15.35   4.2    0.05  13.4   0.0   0.6  32.5  77.2   23.00   WSW
 6   3.3   5.5   14.50   0.2   22.45  15.0   0.0   1.6  34.0  74.0    2.05     W
 7  -0.8   1.2    0.05  -1.6    6.20  19.1   0.0   0.0  15.0  38.6    0.05   ENE
 8  -0.9   2.7   13.35  -3.4   23.40  19.2   0.0   0.2  13.0  33.8    3.05   ENE
 9  -1.9   1.2   13.10  -4.4    7.20  20.0   0.0   0.0   9.2  30.6    2.45    NE
10  -1.7   1.3   15.25  -4.5    5.15  17.9   0.0   0.0   9.2  33.8   00.00   ENE
11   0.8   4.0   16.25  -3.5    1.20  17.5   0.0  15.6  43.0 114.3   10.25   SSW
12   0.1   3.3   11.50  -1.5    4.30  18.2   0.0   0.2  13.5  37.0    0.25   WSW
13  -0.3   2.2   14.10  -1.9   23.00  18.6   0.0   0.2  13.7  38.6   18.50   ENE
14   0.9   5.1   15.20  -2.0    5.20  17.4   0.0   0.0  12.7  40.2    7.15    NE
15   2.7   6.6   14.40   0.8   23.40  15.6   0.0   0.6   5.0  33.8   14.45    NE
16   1.6   6.1   15.20  -1.4    7.10  16.7   0.0   0.0  12.6  30.6    1.25    NE
17   1.2   5.9   13.50  -1.7    5.10  17.1   0.0   0.0   9.2  24.1   21.25    NE
18   0.2   4.8   13.45  -2.5   23.55  18.1   0.0   0.0  11.6  32.2   19.30    NE
19   0.9   5.8   15.05  -2.7    1.10  17.4   0.0   0.0   7.7  22.5    5.05    NE
20   2.6   5.3   11.05   0.7    4.05  15.7   0.0   0.0  24.3  45.1   19.05    SW
21   3.0   5.9   14.15   0.2   23.25  15.3   0.0   4.8  16.9  45.1    0.05    SW
22   0.5   3.3   11.20  -2.1   21.40  17.8   0.0   1.8   8.0  22.5   20.05    NE
23  -0.2   4.3   17.15  -3.4    2.55  18.5   0.0   6.8  18.8  75.6   16.00   WSW
24  -1.0  -0.1    0.05  -2.1    9.15  19.3   0.0   0.0  20.9  61.2   12.05   WSW
25  -0.9   0.3   15.40  -2.3    4.10  19.2   0.0   2.0  21.9  61.2    2.45   SSW
26   1.8   5.7   15.30  -1.0    3.15  16.5   0.0   1.8  10.8  32.2    4.50   ENE
27   2.9   6.0   12.05   1.6    1.05  15.3   0.0   0.0   5.3  17.7   14.25    NE
28   3.6   8.1   17.05   0.2    6.35  14.7   0.0   0.0   7.6  27.4    8.00   ENE
-------------------------------------------------------------------------------------
     1.4   8.7     1    -4.5    10   470.4   0.0  43.0  16.7 114.3    11      NE

Max >=  32.0:  0
Max <=   0.0:  1
Min <=   0.0: 20
Min <= -18.0:  0
Max Rain: 15.60 ON 11/02/13
Days of Rain: 13 (> .2 mm) 4 (> 2 mm) 0 (> 20 mm)
Heat Base:  18.3  Cool Base:  18.3  Method: Integration